{"id":3827,"date":"2025-11-18T17:41:17","date_gmt":"2025-11-18T16:41:17","guid":{"rendered":"https:\/\/www.edelweiss.at\/chambre-simple-edelweiss\/"},"modified":"2025-12-11T14:32:59","modified_gmt":"2025-12-11T13:32:59","slug":"chambre-simple-edelweiss","status":"publish","type":"page","link":"https:\/\/www.edelweiss.at\/fr\/chambres-prix\/chambre-simple-edelweiss\/","title":{"rendered":"Chambre simple Edelweiss"},"content":{"rendered":"<p>[et_pb_section fb_built=\u00a0\u00bb1&Prime; _builder_version=\u00a0\u00bb4.27.4&Prime; _module_preset=\u00a0\u00bbdefault\u00a0\u00bb background_enable_image=\u00a0\u00bboff\u00a0\u00bb background_size=\u00a0\u00bbinitial\u00a0\u00bb background_position=\u00a0\u00bbbottom_left\u00a0\u00bb global_colors_info=\u00a0\u00bb{}\u00a0\u00bb][et_pb_row column_structure=\u00a0\u00bb2_5,3_5&Prime; _builder_version=\u00a0\u00bb4.27.4&Prime; _module_preset=\u00a0\u00bbdefault\u00a0\u00bb global_colors_info=\u00a0\u00bb{}\u00a0\u00bb][et_pb_column type=\u00a0\u00bb2_5&Prime; _builder_version=\u00a0\u00bb4.27.4&Prime; _module_preset=\u00a0\u00bbdefault\u00a0\u00bb global_colors_info=\u00a0\u00bb{}\u00a0\u00bb][et_pb_heading title=\u00a0\u00bbChambre simple Edelweiss\u00a0\u00bb _builder_version=\u00a0\u00bb4.27.4&Prime; _module_preset=\u00a0\u00bbdefault\u00a0\u00bb title_font=\u00a0\u00bbOswald||||||||\u00a0\u00bb global_colors_info=\u00a0\u00bb{}\u00a0\u00bb][\/et_pb_heading][\/et_pb_column][et_pb_column type=\u00a0\u00bb3_5&Prime; _builder_version=\u00a0\u00bb4.27.4&Prime; _module_preset=\u00a0\u00bbdefault\u00a0\u00bb global_colors_info=\u00a0\u00bb{}\u00a0\u00bb][et_pb_text _builder_version=\u00a0\u00bb4.27.4&Prime; _module_preset=\u00a0\u00bbc3e701a1-03cd-4e9e-99f9-abe978defa21&Prime; global_colors_info=\u00a0\u00bb{}\u00a0\u00bb]<\/p>\n<div class=\"csc-header csc-header-n1\">\n<p class=\"csc-firstHeader\"><strong>Prix \u00e0 partir de \u20ac 105,- <\/strong>par personne \/ nuit<\/p>\n<\/div>\n<p>[\/et_pb_text][\/et_pb_column][\/et_pb_row][et_pb_row column_structure=\u00a0\u00bb2_5,3_5&Prime; _builder_version=\u00a0\u00bb4.27.4&Prime; _module_preset=\u00a0\u00bbdefault\u00a0\u00bb global_colors_info=\u00a0\u00bb{}\u00a0\u00bb][et_pb_column type=\u00a0\u00bb2_5&Prime; _builder_version=\u00a0\u00bb4.27.4&Prime; _module_preset=\u00a0\u00bbdefault\u00a0\u00bb global_colors_info=\u00a0\u00bb{}\u00a0\u00bb][et_pb_text _builder_version=\u00a0\u00bb4.27.4&Prime; _module_preset=\u00a0\u00bbdefault\u00a0\u00bb global_colors_info=\u00a0\u00bb{}\u00a0\u00bb]<\/p>\n<blockquote>\n<p>Chaque chambre est d\u00e9cor\u00e9e individuellement avec une grande attention aux d\u00e9tails.<\/p>\n<\/blockquote>\n<p>[\/et_pb_text][et_pb_text _builder_version=\u00a0\u00bb4.27.4&Prime; _module_preset=\u00a0\u00bbdefault\u00a0\u00bb global_colors_info=\u00a0\u00bb{}\u00a0\u00bb]<\/p>\n<p><strong>Chambre avec :<\/strong><\/p>\n<ul>\n<li>\n<p>Bain ou douche\/WC<\/p>\n<\/li>\n<li>\n<p>Lit simple ou double<\/p>\n<\/li>\n<li>\n<p>en partie balcon<\/p>\n<\/li>\n<\/ul>\n<p>[\/et_pb_text][et_pb_text _builder_version=\u00a0\u00bb4.27.4&Prime; _module_preset=\u00a0\u00bbdefault\u00a0\u00bb global_module=\u00a0\u00bb2530&Prime; global_colors_info=\u00a0\u00bb{}\u00a0\u00bb]<\/p>\n<div class=\"csc-header csc-header-n1\">\n<h2 class=\"csc-firstHeader\">Weitere Ausstattung:<\/h2>\n<\/div>\n<p class=\"bodytext\">Alle Zimmer\/Appartements verf\u00fcgen \u00fcber Telefon, Radio, Sat-TV, Safe und F\u00f6n.<\/p>\n<p>[\/et_pb_text][et_pb_button button_url=\u00a0\u00bb@ET-DC@eyJkeW5hbWljIjp0cnVlLCJjb250ZW50IjoicG9zdF9saW5rX3VybF9wYWdlIiwic2V0dGluZ3MiOnsicG9zdF9pZCI6IjIzODUifX0=@\u00a0\u00bb button_text=\u00a0\u00bbDemandes directes\u00a0\u00bb _builder_version=\u00a0\u00bb4.27.4&Prime; _dynamic_attributes=\u00a0\u00bbbutton_url\u00a0\u00bb _module_preset=\u00a0\u00bbdefault\u00a0\u00bb global_module=\u00a0\u00bb2514&Prime; saved_tabs=\u00a0\u00bball\u00a0\u00bb global_colors_info=\u00a0\u00bb{}\u00a0\u00bb][\/et_pb_button][\/et_pb_column][et_pb_column type=\u00a0\u00bb3_5&Prime; _builder_version=\u00a0\u00bb4.27.4&Prime; _module_preset=\u00a0\u00bbdefault\u00a0\u00bb global_colors_info=\u00a0\u00bb{}\u00a0\u00bb][et_pb_gallery gallery_ids=\u00a0\u00bb3832,3834&Prime; fullwidth=\u00a0\u00bbon\u00a0\u00bb _builder_version=\u00a0\u00bb4.27.4&Prime; _module_preset=\u00a0\u00bbdefault\u00a0\u00bb pagination_text_color=\u00a0\u00bb#FFFFFF\u00a0\u00bb global_colors_info=\u00a0\u00bb{}\u00a0\u00bb][\/et_pb_gallery][\/et_pb_column][\/et_pb_row][\/et_pb_section]<\/p>\n","protected":false},"excerpt":{"rendered":"<p>Prix \u00e0 partir de \u20ac 105,- par personne \/ nuit Chaque chambre est d\u00e9cor\u00e9e individuellement avec une grande attention aux d\u00e9tails. Chambre avec : Bain ou douche\/WC Lit simple ou double en partie balcon Weitere Ausstattung: Alle Zimmer\/Appartements verf\u00fcgen \u00fcber Telefon, Radio, Sat-TV, Safe und F\u00f6n.<\/p>\n","protected":false},"author":4,"featured_media":0,"parent":3929,"menu_order":14,"comment_status":"closed","ping_status":"closed","template":"","meta":{"_et_pb_use_builder":"on","_et_pb_old_content":"","_et_gb_content_width":"","footnotes":""},"class_list":["post-3827","page","type-page","status-publish","hentry"],"_links":{"self":[{"href":"https:\/\/www.edelweiss.at\/fr\/wp-json\/wp\/v2\/pages\/3827","targetHints":{"allow":["GET"]}}],"collection":[{"href":"https:\/\/www.edelweiss.at\/fr\/wp-json\/wp\/v2\/pages"}],"about":[{"href":"https:\/\/www.edelweiss.at\/fr\/wp-json\/wp\/v2\/types\/page"}],"author":[{"embeddable":true,"href":"https:\/\/www.edelweiss.at\/fr\/wp-json\/wp\/v2\/users\/4"}],"replies":[{"embeddable":true,"href":"https:\/\/www.edelweiss.at\/fr\/wp-json\/wp\/v2\/comments?post=3827"}],"version-history":[{"count":6,"href":"https:\/\/www.edelweiss.at\/fr\/wp-json\/wp\/v2\/pages\/3827\/revisions"}],"predecessor-version":[{"id":8213,"href":"https:\/\/www.edelweiss.at\/fr\/wp-json\/wp\/v2\/pages\/3827\/revisions\/8213"}],"up":[{"embeddable":true,"href":"https:\/\/www.edelweiss.at\/fr\/wp-json\/wp\/v2\/pages\/3929"}],"wp:attachment":[{"href":"https:\/\/www.edelweiss.at\/fr\/wp-json\/wp\/v2\/media?parent=3827"}],"curies":[{"name":"wp","href":"https:\/\/api.w.org\/{rel}","templated":true}]}}

<p>[et_pb_section fb_built= »1&Prime; _builder_version= »4.27.4&Prime; _module_preset= »default » background_enable_image= »off » background_size= »initial » background_position= »bottom_left » global_colors_info= »{} »][et_pb_row column_structure= »2_5,3_5&Prime; _builder_version= »4.27.4&Prime; _module_preset= »default » global_colors_info= »{} »][et_pb_column type= »2_5&Prime; _builder_version= »4.27.4&Prime; _module_preset= »default » global_colors_info= »{} »][et_pb_heading title= »Chambre simple Edelweiss » _builder_version= »4.27.4&Prime; _module_preset= »default » title_font= »Oswald|||||||| » global_colors_info= »{} »][/et_pb_heading][/et_pb_column][et_pb_column type= »3_5&Prime; _builder_version= »4.27.4&Prime; _module_preset= »default » global_colors_info= »{} »][et_pb_text _builder_version= »4.27.4&Prime; _module_preset= »c3e701a1-03cd-4e9e-99f9-abe978defa21&Prime; global_colors_info= »{} »]</p>
<div class="csc-header csc-header-n1">
<p class="csc-firstHeader"><strong>Prix à partir de € 105,- </strong>par personne / nuit</p>
</div>
<p>[/et_pb_text][/et_pb_column][/et_pb_row][et_pb_row column_structure= »2_5,3_5&Prime; _builder_version= »4.27.4&Prime; _module_preset= »default » global_colors_info= »{} »][et_pb_column type= »2_5&Prime; _builder_version= »4.27.4&Prime; _module_preset= »default » global_colors_info= »{} »][et_pb_text _builder_version= »4.27.4&Prime; _module_preset= »default » global_colors_info= »{} »]</p>
<blockquote>
<p>Chaque chambre est décorée individuellement avec une grande attention aux détails.</p>
</blockquote>
<p>[/et_pb_text][et_pb_text _builder_version= »4.27.4&Prime; _module_preset= »default » global_colors_info= »{} »]</p>
<p><strong>Chambre avec :</strong></p>
<ul>
<li>
<p>Bain ou douche/WC</p>
</li>
<li>
<p>Lit simple ou double</p>
</li>
<li>
<p>en partie balcon</p>
</li>
</ul>
<p>[/et_pb_text][et_pb_text _builder_version= »4.27.4&Prime; _module_preset= »default » global_module= »2530&Prime; global_colors_info= »{} »]</p>
<div class="csc-header csc-header-n1">
<h2 class="csc-firstHeader">Weitere Ausstattung:</h2>
</div>
<p class="bodytext">Alle Zimmer/Appartements verfügen über Telefon, Radio, Sat-TV, Safe und Fön.</p>
<p>[/et_pb_text][et_pb_button button_url= »@ET-DC@eyJkeW5hbWljIjp0cnVlLCJjb250ZW50IjoicG9zdF9saW5rX3VybF9wYWdlIiwic2V0dGluZ3MiOnsicG9zdF9pZCI6IjIzODUifX0=@ » button_text= »Demandes directes » _builder_version= »4.27.4&Prime; _dynamic_attributes= »button_url » _module_preset= »default » global_module= »2514&Prime; saved_tabs= »all » global_colors_info= »{} »][/et_pb_button][/et_pb_column][et_pb_column type= »3_5&Prime; _builder_version= »4.27.4&Prime; _module_preset= »default » global_colors_info= »{} »][et_pb_gallery gallery_ids= »3832,3834&Prime; fullwidth= »on » _builder_version= »4.27.4&Prime; _module_preset= »default » pagination_text_color= »#FFFFFF » global_colors_info= »{} »][/et_pb_gallery][/et_pb_column][/et_pb_row][/et_pb_section]</p>

<p>Prix à partir de € 105,- par personne / nuit Chaque chambre est décorée individuellement avec une grande attention aux détails. Chambre avec : Bain ou douche/WC Lit simple ou double en partie balcon Weitere Ausstattung: Alle Zimmer/Appartements verfügen über Telefon, Radio, Sat-TV, Safe und Fön.</p>
