{"id":4011,"date":"2025-11-19T17:53:59","date_gmt":"2025-11-19T16:53:59","guid":{"rendered":"https:\/\/www.edelweiss.at\/massages\/"},"modified":"2026-04-07T10:11:42","modified_gmt":"2026-04-07T08:11:42","slug":"massages","status":"publish","type":"page","link":"https:\/\/www.edelweiss.at\/fr\/bien-etre-et-eau\/massages\/","title":{"rendered":"Massages"},"content":{"rendered":"<p>[et_pb_section fb_built=\u00a0\u00bb1&Prime; _builder_version=\u00a0\u00bb4.27.5&Prime; _module_preset=\u00a0\u00bbdefault\u00a0\u00bb global_colors_info=\u00a0\u00bb{}\u00a0\u00bb][et_pb_row _builder_version=\u00a0\u00bb4.27.4&Prime; _module_preset=\u00a0\u00bbdefault\u00a0\u00bb global_colors_info=\u00a0\u00bb{}\u00a0\u00bb][et_pb_column type=\u00a0\u00bb4_4&Prime; _builder_version=\u00a0\u00bb4.27.4&Prime; _module_preset=\u00a0\u00bbdefault\u00a0\u00bb global_colors_info=\u00a0\u00bb{}\u00a0\u00bb][et_pb_heading title=\u00a0\u00bbMassages et soins de bien-\u00eatre\u00a0\u00bb _builder_version=\u00a0\u00bb4.27.4&Prime; _module_preset=\u00a0\u00bbdefault\u00a0\u00bb title_font=\u00a0\u00bbOswald||||||||\u00a0\u00bb global_colors_info=\u00a0\u00bb{}\u00a0\u00bb][\/et_pb_heading][\/et_pb_column][\/et_pb_row][et_pb_row column_structure=\u00a0\u00bb3_5,2_5&Prime; _builder_version=\u00a0\u00bb4.27.4&Prime; _module_preset=\u00a0\u00bbdefault\u00a0\u00bb global_colors_info=\u00a0\u00bb{}\u00a0\u00bb][et_pb_column type=\u00a0\u00bb3_5&Prime; _builder_version=\u00a0\u00bb4.27.4&Prime; _module_preset=\u00a0\u00bbdefault\u00a0\u00bb global_colors_info=\u00a0\u00bb{}\u00a0\u00bb][et_pb_text _builder_version=\u00a0\u00bb4.27.4&Prime; _module_preset=\u00a0\u00bbdefault\u00a0\u00bb global_colors_info=\u00a0\u00bb{}\u00a0\u00bb]<\/p>\n<p><strong>Programme de massage<\/strong><\/p>\n<p>Nous proposons \u00e0 nos clients de l&rsquo;h\u00f4tel un petit programme de massage s\u00e9lectionn\u00e9. La th\u00e9rapeute mobile Katja se fera un plaisir de vous chouchouter et de r\u00e9pondre \u00e0 vos besoins individuels. Vous pouvez demander un rendez-vous \u00e0 la r\u00e9ception - veuillez noter que cela demande un petit d\u00e9lai.<\/p>\n<p>[\/et_pb_text][et_pb_text _builder_version=\u00a0\u00bb4.27.4&Prime; _module_preset=\u00a0\u00bbdefault\u00a0\u00bb global_colors_info=\u00a0\u00bb{}\u00a0\u00bb]<\/p>\n<h4>Dos-nu \u00ab\u00a0Intensif<span lang=\"DE\"><br \/><\/span><\/h4>\n<p class=\"bodytext\">Massage plus intensif qui \u00e9limine les tensions dans le dos et les raideurs dans le cou.<br \/>\u00eatre desserr\u00e9 et d\u00e9tach\u00e9 en profondeur.  <br \/><span lang=\"DE\">Dur\u00e9e : 35 min.  <\/span>Prix : \u20ac 58,00<\/p>\n<h4>Massage sportif \u00ab\u00a0Tyrol<\/h4>\n<p class=\"bodytext\"><span lang=\"DE\">Un massage vigoureux avec une pression ferme qui assouplit et \u00e9tire les muscles sollicit\u00e9s.<br \/>L&rsquo;alcool \u00e0 friction stimule la circulation sanguine et favorise la r\u00e9g\u00e9n\u00e9ration des muscles.<br \/>Dur\u00e9e : 50 min. <\/span>Prix : \u20ac 82,00<\/p>\n<h4>Massage int\u00e9gral \u00ab\u00a0Vital<\/h4>\n<p class=\"bodytext\"><span lang=\"DE\">Un massage su\u00e9dois classique avec une pression moyenne. La masseuse aborde la situation actuelle<br \/>et obtient ainsi un effet optimal.<br \/>Dur\u00e9e : 50 min.  <\/span>Prix : \u20ac 82,00<\/p>\n<h4>Massage des zones r\u00e9flexes du pied<span lang=\"DE\"><br \/><\/span><\/h4>\n<p class=\"bodytext\">Les pieds sont le reflet de l&rsquo;ensemble du corps. Un massage par pression sur les zones r\u00e9flexes permet de soulager les tensions et de stimuler les forces d&rsquo;autogu\u00e9rison.<br \/><span lang=\"DE\">Dur\u00e9e : 35 min.  <\/span>Prix : \u20ac 58,00<\/p>\n<h4>M\u00e9lange de massage \u00ab\u00a0\u00c9nergie<\/h4>\n<p class=\"bodytext\"><span lang=\"DE\">On commence par un massage bienfaisant du dos pour d\u00e9nouer les tensions.<br \/>Ensuite, vous recevez un massage revitalisant des zones r\u00e9flexes des pieds.<br \/>Dur\u00e9e : 80 min.<span> <\/span><\/span>Prix : \u20ac 125,00<\/p>\n<h4>R\u00e9initialisation du corps \u00e0 lib\u00e9ration lente<span lang=\"DE\"><br \/><\/span><\/h4>\n<p class=\"bodytext\"><span lang=\"DE\">Un travail de massage en profondeur avec une m\u00e9thode de traitement sp\u00e9cialement d\u00e9velopp\u00e9e. Des manipulations douces mais pr\u00e9cises le long des structures musculaires et fasciales permettent de lever les blocages. La relaxation profonde \u00e0 l&rsquo;\u00e9tat pur.<br \/>Dur\u00e9e : 80 min.  <\/span>Prix : \u20ac 125,00<\/p>\n<p>[\/et_pb_text][\/et_pb_column][et_pb_column type=\u00a0\u00bb2_5&Prime; _builder_version=\u00a0\u00bb4.27.4&Prime; _module_preset=\u00a0\u00bbdefault\u00a0\u00bb global_colors_info=\u00a0\u00bb{}\u00a0\u00bb][et_pb_text _builder_version=\u00a0\u00bb4.27.4&Prime; _module_preset=\u00a0\u00bb064f11a0-6b82-4885-81c2-e85da605fa3c\u00a0\u00bb global_colors_info=\u00a0\u00bb{}\u00a0\u00bb]<\/p>\n<blockquote>\n<p>D\u00e9tendez-vous dans notre spacieux espace bien-\u00eatre, qui propose une grande vari\u00e9t\u00e9 de massages et de soins de bien-\u00eatre.  <\/p>\n<\/blockquote>\n<p>[\/et_pb_text][\/et_pb_column][\/et_pb_row][\/et_pb_section][et_pb_section fb_built=\u00a0\u00bb1&Prime; _builder_version=\u00a0\u00bb4.27.4&Prime; _module_preset=\u00a0\u00bbdefault\u00a0\u00bb global_colors_info=\u00a0\u00bb{}\u00a0\u00bb][et_pb_row column_structure=\u00a0\u00bb1_5,1_5,1_5,1_5,1_5&Prime; _builder_version=\u00a0\u00bb4.27.5&Prime; _module_preset=\u00a0\u00bbdc5c2f5f-8414-453d-b24b-2e466a5de151&Prime; min_height=\u00a0\u00bb25vh\u00a0\u00bb global_colors_info=\u00a0\u00bb{}\u00a0\u00bb][et_pb_column type=\u00a0\u00bb1_5&Prime; _builder_version=\u00a0\u00bb4.27.4&Prime; _module_preset=\u00a0\u00bbdefault\u00a0\u00bb background_image=\u00a0\u00bbhttps:\/\/www.edelweiss.at\/wp-content\/uploads\/2025\/11\/spa-02.jpg\u00a0\u00bb global_colors_info=\u00a0\u00bb{}\u00a0\u00bb][et_pb_code admin_label=\u00a0\u00bbPorte-plaquette\u00a0\u00bb _builder_version=\u00a0\u00bb4.27.4&Prime; _module_preset=\u00a0\u00bb236727f5-1545-4c4f-8fb2-6b2a93023e65&Prime; global_colors_info=\u00a0\u00bb{}\u00a0\u00bb]<!-- placeholder -->[\/et_pb_code][\/et_pb_column][et_pb_column type=\u00a0\u00bb1_5&Prime; _builder_version=\u00a0\u00bb4.27.5&Prime; _module_preset=\u00a0\u00bbdefault\u00a0\u00bb background_image=\u00a0\u00bbhttps:\/\/www.edelweiss.at\/wp-content\/uploads\/2025\/12\/Wellness-1-1.jpg\u00a0\u00bb global_colors_info=\u00a0\u00bb{}\u00a0\u00bb][et_pb_code admin_label=\u00a0\u00bbPorte-plaquette\u00a0\u00bb _builder_version=\u00a0\u00bb4.27.4&Prime; _module_preset=\u00a0\u00bb236727f5-1545-4c4f-8fb2-6b2a93023e65&Prime; global_colors_info=\u00a0\u00bb{}\u00a0\u00bb]<!-- placeholder -->[\/et_pb_code][\/et_pb_column][et_pb_column type=\u00a0\u00bb1_5&Prime; _builder_version=\u00a0\u00bb4.27.5&Prime; _module_preset=\u00a0\u00bbdefault\u00a0\u00bb background_image=\u00a0\u00bbhttps:\/\/www.edelweiss.at\/wp-content\/uploads\/2025\/12\/logo_wellness_heaven.jpg\u00a0\u00bb global_colors_info=\u00a0\u00bb{}\u00a0\u00bb][et_pb_code admin_label=\u00a0\u00bbPorte-plaquette\u00a0\u00bb _builder_version=\u00a0\u00bb4.27.4&Prime; _module_preset=\u00a0\u00bb236727f5-1545-4c4f-8fb2-6b2a93023e65&Prime; global_colors_info=\u00a0\u00bb{}\u00a0\u00bb]<!-- placeholder -->[\/et_pb_code][\/et_pb_column][et_pb_column type=\u00a0\u00bb1_5&Prime; _builder_version=\u00a0\u00bb4.27.4&Prime; _module_preset=\u00a0\u00bbdefault\u00a0\u00bb background_image=\u00a0\u00bbhttps:\/\/www.edelweiss.at\/wp-content\/uploads\/2025\/11\/spa-04.jpg\u00a0\u00bb global_colors_info=\u00a0\u00bb{}\u00a0\u00bb][et_pb_code admin_label=\u00a0\u00bbPorte-plaquette\u00a0\u00bb _builder_version=\u00a0\u00bb4.27.4&Prime; _module_preset=\u00a0\u00bb236727f5-1545-4c4f-8fb2-6b2a93023e65&Prime; global_colors_info=\u00a0\u00bb{}\u00a0\u00bb]<!-- placeholder -->[\/et_pb_code][\/et_pb_column][et_pb_column type=\u00a0\u00bb1_5&Prime; _builder_version=\u00a0\u00bb4.27.4&Prime; _module_preset=\u00a0\u00bbdefault\u00a0\u00bb background_image=\u00a0\u00bbhttps:\/\/www.edelweiss.at\/wp-content\/uploads\/2025\/11\/spa-01.jpg\u00a0\u00bb global_colors_info=\u00a0\u00bb{}\u00a0\u00bb][et_pb_code admin_label=\u00a0\u00bbPorte-plaquette\u00a0\u00bb _builder_version=\u00a0\u00bb4.27.4&Prime; _module_preset=\u00a0\u00bb236727f5-1545-4c4f-8fb2-6b2a93023e65&Prime; global_colors_info=\u00a0\u00bb{}\u00a0\u00bb]<!-- placeholder -->[\/et_pb_code][\/et_pb_column][\/et_pb_row][\/et_pb_section][et_pb_section fb_built=\u00a0\u00bb1&Prime; _builder_version=\u00a0\u00bb4.27.4&Prime; _module_preset=\u00a0\u00bbdefault\u00a0\u00bb background_image=\u00a0\u00bbhttps:\/\/www.edelweiss.at\/wp-content\/uploads\/2025\/11\/spa-03.jpg\u00a0\u00bb background_position=\u00a0\u00bbtop_center\u00a0\u00bb min_height=\u00a0\u00bb100vh\u00a0\u00bb custom_padding=\u00a0\u00bb0px||||false|false\u00a0\u00bb global_colors_info=\u00a0\u00bb{}\u00a0\u00bb][et_pb_row _builder_version=\u00a0\u00bb4.27.4&Prime; _module_preset=\u00a0\u00bbdefault\u00a0\u00bb custom_margin=\u00a0\u00bb0px||0px||true|false\u00a0\u00bb custom_padding=\u00a0\u00bb0px||||false|false\u00a0\u00bb global_colors_info=\u00a0\u00bb{}\u00a0\u00bb][et_pb_column type=\u00a0\u00bb4_4&Prime; _builder_version=\u00a0\u00bb4.27.4&Prime; _module_preset=\u00a0\u00bbdefault\u00a0\u00bb global_colors_info=\u00a0\u00bb{}\u00a0\u00bb][et_pb_text _builder_version=\u00a0\u00bb4.27.4&Prime; _module_preset=\u00a0\u00bb6f816b85-54bb-465f-83ef-9b2a5de5fa1f\u00a0\u00bb background_color=\u00a0\u00bb#223675&Prime; global_colors_info=\u00a0\u00bb{}\u00a0\u00bb]<\/p>\n<p>D\u00e9tente<\/p>\n<p>[\/et_pb_text][\/et_pb_column][\/et_pb_row][\/et_pb_section]<\/p>\n","protected":false},"excerpt":{"rendered":"<p>Programme de massage Nous proposons \u00e0 nos clients de l&rsquo;h\u00f4tel un petit programme de massage s\u00e9lectionn\u00e9. La th\u00e9rapeute mobile Katja se fera un plaisir de vous chouchouter et de r\u00e9pondre \u00e0 vos besoins individuels. Vous pouvez demander un rendez-vous \u00e0 la r\u00e9ception - veuillez noter que cela demande un petit d\u00e9lai.Dos-nu \u00ab\u00a0Intensif Massage plus intensif [&hellip;]<\/p>\n","protected":false},"author":4,"featured_media":0,"parent":4707,"menu_order":19,"comment_status":"closed","ping_status":"closed","template":"","meta":{"_et_pb_use_builder":"on","_et_pb_old_content":"","_et_gb_content_width":"","footnotes":""},"class_list":["post-4011","page","type-page","status-publish","hentry"],"_links":{"self":[{"href":"https:\/\/www.edelweiss.at\/fr\/wp-json\/wp\/v2\/pages\/4011","targetHints":{"allow":["GET"]}}],"collection":[{"href":"https:\/\/www.edelweiss.at\/fr\/wp-json\/wp\/v2\/pages"}],"about":[{"href":"https:\/\/www.edelweiss.at\/fr\/wp-json\/wp\/v2\/types\/page"}],"author":[{"embeddable":true,"href":"https:\/\/www.edelweiss.at\/fr\/wp-json\/wp\/v2\/users\/4"}],"replies":[{"embeddable":true,"href":"https:\/\/www.edelweiss.at\/fr\/wp-json\/wp\/v2\/comments?post=4011"}],"version-history":[{"count":38,"href":"https:\/\/www.edelweiss.at\/fr\/wp-json\/wp\/v2\/pages\/4011\/revisions"}],"predecessor-version":[{"id":9567,"href":"https:\/\/www.edelweiss.at\/fr\/wp-json\/wp\/v2\/pages\/4011\/revisions\/9567"}],"up":[{"embeddable":true,"href":"https:\/\/www.edelweiss.at\/fr\/wp-json\/wp\/v2\/pages\/4707"}],"wp:attachment":[{"href":"https:\/\/www.edelweiss.at\/fr\/wp-json\/wp\/v2\/media?parent=4011"}],"curies":[{"name":"wp","href":"https:\/\/api.w.org\/{rel}","templated":true}]}}

<p>[et_pb_section fb_built= »1&Prime; _builder_version= »4.27.5&Prime; _module_preset= »default » global_colors_info= »{} »][et_pb_row _builder_version= »4.27.4&Prime; _module_preset= »default » global_colors_info= »{} »][et_pb_column type= »4_4&Prime; _builder_version= »4.27.4&Prime; _module_preset= »default » global_colors_info= »{} »][et_pb_heading title= »Massages et soins de bien-être » _builder_version= »4.27.4&Prime; _module_preset= »default » title_font= »Oswald|||||||| » global_colors_info= »{} »][/et_pb_heading][/et_pb_column][/et_pb_row][et_pb_row column_structure= »3_5,2_5&Prime; _builder_version= »4.27.4&Prime; _module_preset= »default » global_colors_info= »{} »][et_pb_column type= »3_5&Prime; _builder_version= »4.27.4&Prime; _module_preset= »default » global_colors_info= »{} »][et_pb_text _builder_version= »4.27.4&Prime; _module_preset= »default » global_colors_info= »{} »]</p>
<p><strong>Programme de massage</strong></p>
<p>Nous proposons à nos clients de l&rsquo;hôtel un petit programme de massage sélectionné. La thérapeute mobile Katja se fera un plaisir de vous chouchouter et de répondre à vos besoins individuels. Vous pouvez demander un rendez-vous à la réception - veuillez noter que cela demande un petit délai.</p>
<p>[/et_pb_text][et_pb_text _builder_version= »4.27.4&Prime; _module_preset= »default » global_colors_info= »{} »]</p>
<h4>Dos-nu « Intensif<span lang="DE"><br /></span></h4>
<p class="bodytext">Massage plus intensif qui élimine les tensions dans le dos et les raideurs dans le cou.<br />être desserré et détaché en profondeur.  <br /><span lang="DE">Durée : 35 min.  </span>Prix : € 58,00</p>
<h4>Massage sportif « Tyrol</h4>
<p class="bodytext"><span lang="DE">Un massage vigoureux avec une pression ferme qui assouplit et étire les muscles sollicités.<br />L&rsquo;alcool à friction stimule la circulation sanguine et favorise la régénération des muscles.<br />Durée : 50 min. </span>Prix : € 82,00</p>
<h4>Massage intégral « Vital</h4>
<p class="bodytext"><span lang="DE">Un massage suédois classique avec une pression moyenne. La masseuse aborde la situation actuelle<br />et obtient ainsi un effet optimal.<br />Durée : 50 min.  </span>Prix : € 82,00</p>
<h4>Massage des zones réflexes du pied<span lang="DE"><br /></span></h4>
<p class="bodytext">Les pieds sont le reflet de l&rsquo;ensemble du corps. Un massage par pression sur les zones réflexes permet de soulager les tensions et de stimuler les forces d&rsquo;autoguérison.<br /><span lang="DE">Durée : 35 min.  </span>Prix : € 58,00</p>
<h4>Mélange de massage « Énergie</h4>
<p class="bodytext"><span lang="DE">On commence par un massage bienfaisant du dos pour dénouer les tensions.<br />Ensuite, vous recevez un massage revitalisant des zones réflexes des pieds.<br />Durée : 80 min.<span> </span></span>Prix : € 125,00</p>
<h4>Réinitialisation du corps à libération lente<span lang="DE"><br /></span></h4>
<p class="bodytext"><span lang="DE">Un travail de massage en profondeur avec une méthode de traitement spécialement développée. Des manipulations douces mais précises le long des structures musculaires et fasciales permettent de lever les blocages. La relaxation profonde à l&rsquo;état pur.<br />Durée : 80 min.  </span>Prix : € 125,00</p>
<p>[/et_pb_text][/et_pb_column][et_pb_column type= »2_5&Prime; _builder_version= »4.27.4&Prime; _module_preset= »default » global_colors_info= »{} »][et_pb_text _builder_version= »4.27.4&Prime; _module_preset= »064f11a0-6b82-4885-81c2-e85da605fa3c » global_colors_info= »{} »]</p>
<blockquote>
<p>Détendez-vous dans notre spacieux espace bien-être, qui propose une grande variété de massages et de soins de bien-être.  </p>
</blockquote>
<p>[/et_pb_text][/et_pb_column][/et_pb_row][/et_pb_section][et_pb_section fb_built= »1&Prime; _builder_version= »4.27.4&Prime; _module_preset= »default » global_colors_info= »{} »][et_pb_row column_structure= »1_5,1_5,1_5,1_5,1_5&Prime; _builder_version= »4.27.5&Prime; _module_preset= »dc5c2f5f-8414-453d-b24b-2e466a5de151&Prime; min_height= »25vh » global_colors_info= »{} »][et_pb_column type= »1_5&Prime; _builder_version= »4.27.4&Prime; _module_preset= »default » background_image= »https://www.edelweiss.at/wp-content/uploads/2025/11/spa-02.jpg » global_colors_info= »{} »][et_pb_code admin_label= »Porte-plaquette » _builder_version= »4.27.4&Prime; _module_preset= »236727f5-1545-4c4f-8fb2-6b2a93023e65&Prime; global_colors_info= »{} »]<!-- placeholder -->[/et_pb_code][/et_pb_column][et_pb_column type= »1_5&Prime; _builder_version= »4.27.5&Prime; _module_preset= »default » background_image= »https://www.edelweiss.at/wp-content/uploads/2025/12/Wellness-1-1.jpg » global_colors_info= »{} »][et_pb_code admin_label= »Porte-plaquette » _builder_version= »4.27.4&Prime; _module_preset= »236727f5-1545-4c4f-8fb2-6b2a93023e65&Prime; global_colors_info= »{} »]<!-- placeholder -->[/et_pb_code][/et_pb_column][et_pb_column type= »1_5&Prime; _builder_version= »4.27.5&Prime; _module_preset= »default » background_image= »https://www.edelweiss.at/wp-content/uploads/2025/12/logo_wellness_heaven.jpg » global_colors_info= »{} »][et_pb_code admin_label= »Porte-plaquette » _builder_version= »4.27.4&Prime; _module_preset= »236727f5-1545-4c4f-8fb2-6b2a93023e65&Prime; global_colors_info= »{} »]<!-- placeholder -->[/et_pb_code][/et_pb_column][et_pb_column type= »1_5&Prime; _builder_version= »4.27.4&Prime; _module_preset= »default » background_image= »https://www.edelweiss.at/wp-content/uploads/2025/11/spa-04.jpg » global_colors_info= »{} »][et_pb_code admin_label= »Porte-plaquette » _builder_version= »4.27.4&Prime; _module_preset= »236727f5-1545-4c4f-8fb2-6b2a93023e65&Prime; global_colors_info= »{} »]<!-- placeholder -->[/et_pb_code][/et_pb_column][et_pb_column type= »1_5&Prime; _builder_version= »4.27.4&Prime; _module_preset= »default » background_image= »https://www.edelweiss.at/wp-content/uploads/2025/11/spa-01.jpg » global_colors_info= »{} »][et_pb_code admin_label= »Porte-plaquette » _builder_version= »4.27.4&Prime; _module_preset= »236727f5-1545-4c4f-8fb2-6b2a93023e65&Prime; global_colors_info= »{} »]<!-- placeholder -->[/et_pb_code][/et_pb_column][/et_pb_row][/et_pb_section][et_pb_section fb_built= »1&Prime; _builder_version= »4.27.4&Prime; _module_preset= »default » background_image= »https://www.edelweiss.at/wp-content/uploads/2025/11/spa-03.jpg » background_position= »top_center » min_height= »100vh » custom_padding= »0px||||false|false » global_colors_info= »{} »][et_pb_row _builder_version= »4.27.4&Prime; _module_preset= »default » custom_margin= »0px||0px||true|false » custom_padding= »0px||||false|false » global_colors_info= »{} »][et_pb_column type= »4_4&Prime; _builder_version= »4.27.4&Prime; _module_preset= »default » global_colors_info= »{} »][et_pb_text _builder_version= »4.27.4&Prime; _module_preset= »6f816b85-54bb-465f-83ef-9b2a5de5fa1f » background_color= »#223675&Prime; global_colors_info= »{} »]</p>
<p>Détente</p>
<p>[/et_pb_text][/et_pb_column][/et_pb_row][/et_pb_section]</p>

<p>Programme de massage Nous proposons à nos clients de l&rsquo;hôtel un petit programme de massage sélectionné. La thérapeute mobile Katja se fera un plaisir de vous chouchouter et de répondre à vos besoins individuels. Vous pouvez demander un rendez-vous à la réception - veuillez noter que cela demande un petit délai.Dos-nu « Intensif Massage plus intensif [&hellip;]</p>
