{"id":4177,"date":"2025-11-19T11:42:57","date_gmt":"2025-11-19T10:42:57","guid":{"rendered":"https:\/\/www.edelweiss.at\/paradis-des-saunas\/"},"modified":"2025-12-11T14:12:30","modified_gmt":"2025-12-11T13:12:30","slug":"paradis-des-saunas","status":"publish","type":"page","link":"https:\/\/www.edelweiss.at\/fr\/bien-etre-et-eau\/paradis-des-saunas\/","title":{"rendered":"Paradis des saunas"},"content":{"rendered":"<p>[et_pb_section fb_built=\u00a0\u00bb1&Prime; _builder_version=\u00a0\u00bb4.27.4&Prime; _module_preset=\u00a0\u00bbdefault\u00a0\u00bb global_colors_info=\u00a0\u00bb{}\u00a0\u00bb][et_pb_row _builder_version=\u00a0\u00bb4.27.4&Prime; _module_preset=\u00a0\u00bbdefault\u00a0\u00bb global_colors_info=\u00a0\u00bb{}\u00a0\u00bb][et_pb_column type=\u00a0\u00bb4_4&Prime; _builder_version=\u00a0\u00bb4.27.4&Prime; _module_preset=\u00a0\u00bbdefault\u00a0\u00bb global_colors_info=\u00a0\u00bb{}\u00a0\u00bb][et_pb_heading title=\u00a0\u00bbChaud et en sueur &#8230;\u00a0\u00bb _builder_version=\u00a0\u00bb4.27.4&Prime; _module_preset=\u00a0\u00bbdefault\u00a0\u00bb title_font=\u00a0\u00bbOswald||||||||\u00a0\u00bb global_colors_info=\u00a0\u00bb{}\u00a0\u00bb][\/et_pb_heading][\/et_pb_column][\/et_pb_row][et_pb_row column_structure=\u00a0\u00bb3_5,2_5&Prime; _builder_version=\u00a0\u00bb4.27.4&Prime; _module_preset=\u00a0\u00bbdefault\u00a0\u00bb global_colors_info=\u00a0\u00bb{}\u00a0\u00bb][et_pb_column type=\u00a0\u00bb3_5&Prime; _builder_version=\u00a0\u00bb4.27.4&Prime; _module_preset=\u00a0\u00bbdefault\u00a0\u00bb global_colors_info=\u00a0\u00bb{}\u00a0\u00bb][et_pb_text _builder_version=\u00a0\u00bb4.27.4&Prime; _module_preset=\u00a0\u00bbdefault\u00a0\u00bb global_colors_info=\u00a0\u00bb{}\u00a0\u00bb]<\/p>\n<ul>\n<li>sauna finlandais en rondins<\/li>\n<li>Biosauna<\/li>\n<li>Bain de vapeur<\/li>\n<li>Bassin de plong\u00e9e dans la roche<\/li>\n<li>Jacuzzi<\/li>\n<li>Salle de repos avec lits \u00e0 eau<\/li>\n<li>Espace d&rsquo;air frais<\/li>\n<li>Cabines de chaleur infrarouge<\/li>\n<\/ul>\n<p>[\/et_pb_text][\/et_pb_column][et_pb_column type=\u00a0\u00bb2_5&Prime; _builder_version=\u00a0\u00bb4.27.4&Prime; _module_preset=\u00a0\u00bbdefault\u00a0\u00bb global_colors_info=\u00a0\u00bb{}\u00a0\u00bb][et_pb_text _builder_version=\u00a0\u00bb4.27.4&Prime; _module_preset=\u00a0\u00bb064f11a0-6b82-4885-81c2-e85da605fa3c\u00a0\u00bb global_colors_info=\u00a0\u00bb{}\u00a0\u00bb]<\/p>\n<blockquote>\n<p>Le paradis des saunas \u00e0 Edelweiss, un lieu de d\u00e9tente et de bien-\u00eatre pour les jeunes et les moins jeunes<\/p>\n<\/blockquote>\n<p>[\/et_pb_text][\/et_pb_column][\/et_pb_row][\/et_pb_section][et_pb_section fb_built=\u00a0\u00bb1&Prime; _builder_version=\u00a0\u00bb4.27.4&Prime; _module_preset=\u00a0\u00bbdefault\u00a0\u00bb global_colors_info=\u00a0\u00bb{}\u00a0\u00bb][et_pb_row column_structure=\u00a0\u00bb1_5,1_5,1_5,1_5,1_5&Prime; _builder_version=\u00a0\u00bb4.27.5&Prime; _module_preset=\u00a0\u00bbdc5c2f5f-8414-453d-b24b-2e466a5de151&Prime; min_height=\u00a0\u00bb25vh\u00a0\u00bb hover_enabled=\u00a0\u00bb0&Prime; global_colors_info=\u00a0\u00bb{}\u00a0\u00bb sticky_enabled=\u00a0\u00bb0&Prime;][et_pb_column type=\u00a0\u00bb1_5&Prime; _builder_version=\u00a0\u00bb4.27.4&Prime; _module_preset=\u00a0\u00bbdefault\u00a0\u00bb background_image=\u00a0\u00bbhttps:\/\/www.edelweiss.at\/wp-content\/uploads\/2025\/09\/Aussenpool_Vogelperspektive.jpg\u00a0\u00bb global_colors_info=\u00a0\u00bb{}\u00a0\u00bb][et_pb_code admin_label=\u00a0\u00bbPorte-plaquette\u00a0\u00bb _builder_version=\u00a0\u00bb4.27.4&Prime; _module_preset=\u00a0\u00bb236727f5-1545-4c4f-8fb2-6b2a93023e65&Prime; global_colors_info=\u00a0\u00bb{}\u00a0\u00bb]<!-- placeholder -->[\/et_pb_code][\/et_pb_column][et_pb_column type=\u00a0\u00bb1_5&Prime; _builder_version=\u00a0\u00bb4.27.4&Prime; _module_preset=\u00a0\u00bbdefault\u00a0\u00bb background_image=\u00a0\u00bbhttps:\/\/www.edelweiss.at\/wp-content\/uploads\/2025\/09\/Blockhaussauna1.jpg\u00a0\u00bb global_colors_info=\u00a0\u00bb{}\u00a0\u00bb][et_pb_code admin_label=\u00a0\u00bbPorte-plaquette\u00a0\u00bb _builder_version=\u00a0\u00bb4.27.4&Prime; _module_preset=\u00a0\u00bb236727f5-1545-4c4f-8fb2-6b2a93023e65&Prime; global_colors_info=\u00a0\u00bb{}\u00a0\u00bb]<!-- placeholder -->[\/et_pb_code][\/et_pb_column][et_pb_column type=\u00a0\u00bb1_5&Prime; _builder_version=\u00a0\u00bb4.27.4&Prime; _module_preset=\u00a0\u00bbdefault\u00a0\u00bb background_image=\u00a0\u00bbhttps:\/\/www.edelweiss.at\/wp-content\/uploads\/2025\/09\/HB-Terrasse_Winter.jpg\u00a0\u00bb global_colors_info=\u00a0\u00bb{}\u00a0\u00bb][et_pb_code admin_label=\u00a0\u00bbPorte-plaquette\u00a0\u00bb _builder_version=\u00a0\u00bb4.27.4&Prime; _module_preset=\u00a0\u00bb236727f5-1545-4c4f-8fb2-6b2a93023e65&Prime; global_colors_info=\u00a0\u00bb{}\u00a0\u00bb]<!-- placeholder -->[\/et_pb_code][\/et_pb_column][et_pb_column type=\u00a0\u00bb1_5&Prime; _builder_version=\u00a0\u00bb4.27.5&Prime; _module_preset=\u00a0\u00bbdefault\u00a0\u00bb background_image=\u00a0\u00bbhttps:\/\/www.edelweiss.at\/wp-content\/uploads\/2025\/09\/Liegebereich-Sauna.jpg\u00a0\u00bb hover_enabled=\u00a0\u00bb0&Prime; global_colors_info=\u00a0\u00bb{}\u00a0\u00bb alt=\u00a0\u00bbEntspannungsraum mit blauen Liegen, Sauna- und Wellnessbereich, ruhige Atmosph\u00e4re, moderne Einrichtung, Holzboden und helle W\u00e4nde.\u00a0\u00bb title_text=\u00a0\u00bbLiegebereich Sauna\u00a0\u00bb sticky_enabled=\u00a0\u00bb0&Prime;][et_pb_code admin_label=\u00a0\u00bbPorte-plaquette\u00a0\u00bb _builder_version=\u00a0\u00bb4.27.4&Prime; _module_preset=\u00a0\u00bb236727f5-1545-4c4f-8fb2-6b2a93023e65&Prime; global_colors_info=\u00a0\u00bb{}\u00a0\u00bb]<!-- placeholder -->[\/et_pb_code][\/et_pb_column][et_pb_column type=\u00a0\u00bb1_5&Prime; _builder_version=\u00a0\u00bb4.27.5&Prime; _module_preset=\u00a0\u00bbdefault\u00a0\u00bb background_image=\u00a0\u00bbhttps:\/\/www.edelweiss.at\/wp-content\/uploads\/2025\/09\/Pool-Sauna1.jpg\u00a0\u00bb hover_enabled=\u00a0\u00bb0&Prime; global_colors_info=\u00a0\u00bb{}\u00a0\u00bb alt=\u00a0\u00bbEntspannender Wellnessbereich mit Whirlpool, Saunablick und Komfortliegen in einem modernen Hotel in \u00d6sterreich.\u00a0\u00bb title_text=\u00a0\u00bbPool Sauna1&Prime; sticky_enabled=\u00a0\u00bb0&Prime;][et_pb_code admin_label=\u00a0\u00bbPorte-plaquette\u00a0\u00bb _builder_version=\u00a0\u00bb4.27.4&Prime; _module_preset=\u00a0\u00bb236727f5-1545-4c4f-8fb2-6b2a93023e65&Prime; global_colors_info=\u00a0\u00bb{}\u00a0\u00bb]<!-- placeholder -->[\/et_pb_code][\/et_pb_column][\/et_pb_row][\/et_pb_section][et_pb_section fb_built=\u00a0\u00bb1&Prime; _builder_version=\u00a0\u00bb4.27.4&Prime; _module_preset=\u00a0\u00bbdefault\u00a0\u00bb background_image=\u00a0\u00bbhttps:\/\/www.edelweiss.at\/wp-content\/uploads\/2025\/11\/FH8A6307-e1763548948975.jpg\u00a0\u00bb background_position=\u00a0\u00bbtop_center\u00a0\u00bb min_height=\u00a0\u00bb100vh\u00a0\u00bb custom_padding=\u00a0\u00bb0px||||false|false\u00a0\u00bb global_colors_info=\u00a0\u00bb{}\u00a0\u00bb][et_pb_row _builder_version=\u00a0\u00bb4.27.4&Prime; _module_preset=\u00a0\u00bbdefault\u00a0\u00bb custom_margin=\u00a0\u00bb0px||0px||true|false\u00a0\u00bb custom_padding=\u00a0\u00bb0px||||false|false\u00a0\u00bb global_colors_info=\u00a0\u00bb{}\u00a0\u00bb][et_pb_column type=\u00a0\u00bb4_4&Prime; _builder_version=\u00a0\u00bb4.27.4&Prime; _module_preset=\u00a0\u00bbdefault\u00a0\u00bb global_colors_info=\u00a0\u00bb{}\u00a0\u00bb][et_pb_text _builder_version=\u00a0\u00bb4.27.4&Prime; _module_preset=\u00a0\u00bb6f816b85-54bb-465f-83ef-9b2a5de5fa1f\u00a0\u00bb background_color=\u00a0\u00bb#223675&Prime; global_colors_info=\u00a0\u00bb{}\u00a0\u00bb]<\/p>\n<p>Sauna panoramique<\/p>\n<p>[\/et_pb_text][\/et_pb_column][\/et_pb_row][\/et_pb_section][et_pb_section fb_built=\u00a0\u00bb1&Prime; _builder_version=\u00a0\u00bb4.27.4&Prime; _module_preset=\u00a0\u00bbdefault\u00a0\u00bb background_color=\u00a0\u00bbRGBA(255,255,255,0)\u00a0\u00bb custom_margin=\u00a0\u00bb-150px||0px||false|false\u00a0\u00bb custom_padding=\u00a0\u00bb0px||0px||false|false\u00a0\u00bb global_colors_info=\u00a0\u00bb{}\u00a0\u00bb][et_pb_row column_structure=\u00a0\u00bb1_3,2_3&Prime; use_custom_gutter=\u00a0\u00bbon\u00a0\u00bb gutter_width=\u00a0\u00bb1&Prime; _builder_version=\u00a0\u00bb4.27.4&Prime; _module_preset=\u00a0\u00bbdefault\u00a0\u00bb custom_margin=\u00a0\u00bb0px||0px||false|false\u00a0\u00bb custom_padding=\u00a0\u00bb0px||0px||false|false\u00a0\u00bb global_colors_info=\u00a0\u00bb{}\u00a0\u00bb][et_pb_column type=\u00a0\u00bb1_3&Prime; _builder_version=\u00a0\u00bb4.27.4&Prime; _module_preset=\u00a0\u00bbdefault\u00a0\u00bb global_colors_info=\u00a0\u00bb{}\u00a0\u00bb][et_pb_image src=\u00a0\u00bbhttps:\/\/www.edelweiss.at\/wp-content\/uploads\/2025\/05\/ci-2025-square-blue.svg\u00a0\u00bb title_text=\u00a0\u00bbci-2025-square-blue\u00a0\u00bb _builder_version=\u00a0\u00bb4.27.4&Prime; _module_preset=\u00a0\u00bbdefault\u00a0\u00bb width=\u00a0\u00bb250px\u00a0\u00bb module_alignment=\u00a0\u00bbcenter\u00a0\u00bb height=\u00a0\u00bb250px\u00a0\u00bb custom_margin=\u00a0\u00bb0px|0px|0px|0px|false|false\u00a0\u00bb custom_padding=\u00a0\u00bb0px|0px|0px|0px|false|false\u00a0\u00bb global_colors_info=\u00a0\u00bb{}\u00a0\u00bb][\/et_pb_image][\/et_pb_column][et_pb_column type=\u00a0\u00bb2_3&Prime; _builder_version=\u00a0\u00bb4.27.4&Prime; _module_preset=\u00a0\u00bbdefault\u00a0\u00bb global_colors_info=\u00a0\u00bb{}\u00a0\u00bb][et_pb_text _builder_version=\u00a0\u00bb4.27.4&Prime; _module_preset=\u00a0\u00bbbb216964-205c-407e-95e0-94788f95e2c1&Prime; global_colors_info=\u00a0\u00bb{}\u00a0\u00bb]<\/p>\n<p style=\"text-align: center;\">La plus belle fleur des Alpes.<\/p>\n<p>[\/et_pb_text][\/et_pb_column][\/et_pb_row][\/et_pb_section][et_pb_section fb_built=\u00a0\u00bb1&Prime; disabled_on=\u00a0\u00bboff|off|off\u00a0\u00bb _builder_version=\u00a0\u00bb4.27.4&Prime; _module_preset=\u00a0\u00bbdefault\u00a0\u00bb global_colors_info=\u00a0\u00bb{}\u00a0\u00bb][et_pb_row _builder_version=\u00a0\u00bb4.27.4&Prime; _module_preset=\u00a0\u00bbdefault\u00a0\u00bb global_colors_info=\u00a0\u00bb{}\u00a0\u00bb][et_pb_column type=\u00a0\u00bb4_4&Prime; _builder_version=\u00a0\u00bb4.27.4&Prime; _module_preset=\u00a0\u00bbdefault\u00a0\u00bb global_colors_info=\u00a0\u00bb{}\u00a0\u00bb][et_pb_text _builder_version=\u00a0\u00bb4.27.4&Prime; _module_preset=\u00a0\u00bbdefault\u00a0\u00bb global_colors_info=\u00a0\u00bb{}\u00a0\u00bb]<\/p>\n<p style=\"text-align: left;\"><span>Le paradis du sauna est \u00e0 la disposition de nos clients tous les jours de 14h00 \u00e0 21h00. Sauna mixte tous les jours, enfants \u00e0 partir de 16 ans, zone de baignade nue et zone de repos !<\/span><\/p>\n<p>[\/et_pb_text][\/et_pb_column][\/et_pb_row][\/et_pb_section]<\/p>\n","protected":false},"excerpt":{"rendered":"<p>sauna finlandais en rondins Biosauna Bain de vapeur Bassin de plong\u00e9e dans la roche Jacuzzi Salle de repos avec lits \u00e0 eau Espace d&rsquo;air frais Cabines de chaleur infrarouge Le paradis des saunas \u00e0 Edelweiss, un lieu de d\u00e9tente et de bien-\u00eatre pour les jeunes et les moins jeunes Sauna panoramiqueLa plus belle fleur des [&hellip;]<\/p>\n","protected":false},"author":2,"featured_media":0,"parent":4707,"menu_order":17,"comment_status":"closed","ping_status":"closed","template":"","meta":{"_et_pb_use_builder":"on","_et_pb_old_content":"","_et_gb_content_width":"","footnotes":""},"class_list":["post-4177","page","type-page","status-publish","hentry"],"_links":{"self":[{"href":"https:\/\/www.edelweiss.at\/fr\/wp-json\/wp\/v2\/pages\/4177","targetHints":{"allow":["GET"]}}],"collection":[{"href":"https:\/\/www.edelweiss.at\/fr\/wp-json\/wp\/v2\/pages"}],"about":[{"href":"https:\/\/www.edelweiss.at\/fr\/wp-json\/wp\/v2\/types\/page"}],"author":[{"embeddable":true,"href":"https:\/\/www.edelweiss.at\/fr\/wp-json\/wp\/v2\/users\/2"}],"replies":[{"embeddable":true,"href":"https:\/\/www.edelweiss.at\/fr\/wp-json\/wp\/v2\/comments?post=4177"}],"version-history":[{"count":21,"href":"https:\/\/www.edelweiss.at\/fr\/wp-json\/wp\/v2\/pages\/4177\/revisions"}],"predecessor-version":[{"id":7969,"href":"https:\/\/www.edelweiss.at\/fr\/wp-json\/wp\/v2\/pages\/4177\/revisions\/7969"}],"up":[{"embeddable":true,"href":"https:\/\/www.edelweiss.at\/fr\/wp-json\/wp\/v2\/pages\/4707"}],"wp:attachment":[{"href":"https:\/\/www.edelweiss.at\/fr\/wp-json\/wp\/v2\/media?parent=4177"}],"curies":[{"name":"wp","href":"https:\/\/api.w.org\/{rel}","templated":true}]}}

<p>[et_pb_section fb_built= »1&Prime; _builder_version= »4.27.4&Prime; _module_preset= »default » global_colors_info= »{} »][et_pb_row _builder_version= »4.27.4&Prime; _module_preset= »default » global_colors_info= »{} »][et_pb_column type= »4_4&Prime; _builder_version= »4.27.4&Prime; _module_preset= »default » global_colors_info= »{} »][et_pb_heading title= »Chaud et en sueur &#8230; » _builder_version= »4.27.4&Prime; _module_preset= »default » title_font= »Oswald|||||||| » global_colors_info= »{} »][/et_pb_heading][/et_pb_column][/et_pb_row][et_pb_row column_structure= »3_5,2_5&Prime; _builder_version= »4.27.4&Prime; _module_preset= »default » global_colors_info= »{} »][et_pb_column type= »3_5&Prime; _builder_version= »4.27.4&Prime; _module_preset= »default » global_colors_info= »{} »][et_pb_text _builder_version= »4.27.4&Prime; _module_preset= »default » global_colors_info= »{} »]</p>
<ul>
<li>sauna finlandais en rondins</li>
<li>Biosauna</li>
<li>Bain de vapeur</li>
<li>Bassin de plongée dans la roche</li>
<li>Jacuzzi</li>
<li>Salle de repos avec lits à eau</li>
<li>Espace d&rsquo;air frais</li>
<li>Cabines de chaleur infrarouge</li>
</ul>
<p>[/et_pb_text][/et_pb_column][et_pb_column type= »2_5&Prime; _builder_version= »4.27.4&Prime; _module_preset= »default » global_colors_info= »{} »][et_pb_text _builder_version= »4.27.4&Prime; _module_preset= »064f11a0-6b82-4885-81c2-e85da605fa3c » global_colors_info= »{} »]</p>
<blockquote>
<p>Le paradis des saunas à Edelweiss, un lieu de détente et de bien-être pour les jeunes et les moins jeunes</p>
</blockquote>
<p>[/et_pb_text][/et_pb_column][/et_pb_row][/et_pb_section][et_pb_section fb_built= »1&Prime; _builder_version= »4.27.4&Prime; _module_preset= »default » global_colors_info= »{} »][et_pb_row column_structure= »1_5,1_5,1_5,1_5,1_5&Prime; _builder_version= »4.27.5&Prime; _module_preset= »dc5c2f5f-8414-453d-b24b-2e466a5de151&Prime; min_height= »25vh » hover_enabled= »0&Prime; global_colors_info= »{} » sticky_enabled= »0&Prime;][et_pb_column type= »1_5&Prime; _builder_version= »4.27.4&Prime; _module_preset= »default » background_image= »https://www.edelweiss.at/wp-content/uploads/2025/09/Aussenpool_Vogelperspektive.jpg » global_colors_info= »{} »][et_pb_code admin_label= »Porte-plaquette » _builder_version= »4.27.4&Prime; _module_preset= »236727f5-1545-4c4f-8fb2-6b2a93023e65&Prime; global_colors_info= »{} »]<!-- placeholder -->[/et_pb_code][/et_pb_column][et_pb_column type= »1_5&Prime; _builder_version= »4.27.4&Prime; _module_preset= »default » background_image= »https://www.edelweiss.at/wp-content/uploads/2025/09/Blockhaussauna1.jpg » global_colors_info= »{} »][et_pb_code admin_label= »Porte-plaquette » _builder_version= »4.27.4&Prime; _module_preset= »236727f5-1545-4c4f-8fb2-6b2a93023e65&Prime; global_colors_info= »{} »]<!-- placeholder -->[/et_pb_code][/et_pb_column][et_pb_column type= »1_5&Prime; _builder_version= »4.27.4&Prime; _module_preset= »default » background_image= »https://www.edelweiss.at/wp-content/uploads/2025/09/HB-Terrasse_Winter.jpg » global_colors_info= »{} »][et_pb_code admin_label= »Porte-plaquette » _builder_version= »4.27.4&Prime; _module_preset= »236727f5-1545-4c4f-8fb2-6b2a93023e65&Prime; global_colors_info= »{} »]<!-- placeholder -->[/et_pb_code][/et_pb_column][et_pb_column type= »1_5&Prime; _builder_version= »4.27.5&Prime; _module_preset= »default » background_image= »https://www.edelweiss.at/wp-content/uploads/2025/09/Liegebereich-Sauna.jpg » hover_enabled= »0&Prime; global_colors_info= »{} » alt= »Entspannungsraum mit blauen Liegen, Sauna- und Wellnessbereich, ruhige Atmosphäre, moderne Einrichtung, Holzboden und helle Wände. » title_text= »Liegebereich Sauna » sticky_enabled= »0&Prime;][et_pb_code admin_label= »Porte-plaquette » _builder_version= »4.27.4&Prime; _module_preset= »236727f5-1545-4c4f-8fb2-6b2a93023e65&Prime; global_colors_info= »{} »]<!-- placeholder -->[/et_pb_code][/et_pb_column][et_pb_column type= »1_5&Prime; _builder_version= »4.27.5&Prime; _module_preset= »default » background_image= »https://www.edelweiss.at/wp-content/uploads/2025/09/Pool-Sauna1.jpg » hover_enabled= »0&Prime; global_colors_info= »{} » alt= »Entspannender Wellnessbereich mit Whirlpool, Saunablick und Komfortliegen in einem modernen Hotel in Österreich. » title_text= »Pool Sauna1&Prime; sticky_enabled= »0&Prime;][et_pb_code admin_label= »Porte-plaquette » _builder_version= »4.27.4&Prime; _module_preset= »236727f5-1545-4c4f-8fb2-6b2a93023e65&Prime; global_colors_info= »{} »]<!-- placeholder -->[/et_pb_code][/et_pb_column][/et_pb_row][/et_pb_section][et_pb_section fb_built= »1&Prime; _builder_version= »4.27.4&Prime; _module_preset= »default » background_image= »https://www.edelweiss.at/wp-content/uploads/2025/11/FH8A6307-e1763548948975.jpg » background_position= »top_center » min_height= »100vh » custom_padding= »0px||||false|false » global_colors_info= »{} »][et_pb_row _builder_version= »4.27.4&Prime; _module_preset= »default » custom_margin= »0px||0px||true|false » custom_padding= »0px||||false|false » global_colors_info= »{} »][et_pb_column type= »4_4&Prime; _builder_version= »4.27.4&Prime; _module_preset= »default » global_colors_info= »{} »][et_pb_text _builder_version= »4.27.4&Prime; _module_preset= »6f816b85-54bb-465f-83ef-9b2a5de5fa1f » background_color= »#223675&Prime; global_colors_info= »{} »]</p>
<p>Sauna panoramique</p>
<p>[/et_pb_text][/et_pb_column][/et_pb_row][/et_pb_section][et_pb_section fb_built= »1&Prime; _builder_version= »4.27.4&Prime; _module_preset= »default » background_color= »RGBA(255,255,255,0) » custom_margin= »-150px||0px||false|false » custom_padding= »0px||0px||false|false » global_colors_info= »{} »][et_pb_row column_structure= »1_3,2_3&Prime; use_custom_gutter= »on » gutter_width= »1&Prime; _builder_version= »4.27.4&Prime; _module_preset= »default » custom_margin= »0px||0px||false|false » custom_padding= »0px||0px||false|false » global_colors_info= »{} »][et_pb_column type= »1_3&Prime; _builder_version= »4.27.4&Prime; _module_preset= »default » global_colors_info= »{} »][et_pb_image src= »https://www.edelweiss.at/wp-content/uploads/2025/05/ci-2025-square-blue.svg » title_text= »ci-2025-square-blue » _builder_version= »4.27.4&Prime; _module_preset= »default » width= »250px » module_alignment= »center » height= »250px » custom_margin= »0px|0px|0px|0px|false|false » custom_padding= »0px|0px|0px|0px|false|false » global_colors_info= »{} »][/et_pb_image][/et_pb_column][et_pb_column type= »2_3&Prime; _builder_version= »4.27.4&Prime; _module_preset= »default » global_colors_info= »{} »][et_pb_text _builder_version= »4.27.4&Prime; _module_preset= »bb216964-205c-407e-95e0-94788f95e2c1&Prime; global_colors_info= »{} »]</p>
<p style="text-align: center;">La plus belle fleur des Alpes.</p>
<p>[/et_pb_text][/et_pb_column][/et_pb_row][/et_pb_section][et_pb_section fb_built= »1&Prime; disabled_on= »off|off|off » _builder_version= »4.27.4&Prime; _module_preset= »default » global_colors_info= »{} »][et_pb_row _builder_version= »4.27.4&Prime; _module_preset= »default » global_colors_info= »{} »][et_pb_column type= »4_4&Prime; _builder_version= »4.27.4&Prime; _module_preset= »default » global_colors_info= »{} »][et_pb_text _builder_version= »4.27.4&Prime; _module_preset= »default » global_colors_info= »{} »]</p>
<p style="text-align: left;"><span>Le paradis du sauna est à la disposition de nos clients tous les jours de 14h00 à 21h00. Sauna mixte tous les jours, enfants à partir de 16 ans, zone de baignade nue et zone de repos !</span></p>
<p>[/et_pb_text][/et_pb_column][/et_pb_row][/et_pb_section]</p>

<p>sauna finlandais en rondins Biosauna Bain de vapeur Bassin de plongée dans la roche Jacuzzi Salle de repos avec lits à eau Espace d&rsquo;air frais Cabines de chaleur infrarouge Le paradis des saunas à Edelweiss, un lieu de détente et de bien-être pour les jeunes et les moins jeunes Sauna panoramiqueLa plus belle fleur des [&hellip;]</p>
