{"id":4848,"date":"2025-10-30T11:08:00","date_gmt":"2025-10-30T10:08:00","guid":{"rendered":"https:\/\/www.edelweiss.at\/infos\/"},"modified":"2026-03-18T11:27:11","modified_gmt":"2026-03-18T10:27:11","slug":"infos","status":"publish","type":"page","link":"https:\/\/www.edelweiss.at\/fr\/infos\/","title":{"rendered":"Informations sur l&rsquo;h\u00f4tel"},"content":{"rendered":"<p>[et_pb_section fb_built=\u00a0\u00bb1&Prime; _builder_version=\u00a0\u00bb4.27.4&Prime; _module_preset=\u00a0\u00bbdefault\u00a0\u00bb global_colors_info=\u00a0\u00bb{}\u00a0\u00bb][et_pb_row _builder_version=\u00a0\u00bb4.27.4&Prime; _module_preset=\u00a0\u00bbdefault\u00a0\u00bb global_colors_info=\u00a0\u00bb{}\u00a0\u00bb][et_pb_column type=\u00a0\u00bb4_4&Prime; _builder_version=\u00a0\u00bb4.27.4&Prime; _module_preset=\u00a0\u00bbdefault\u00a0\u00bb global_colors_info=\u00a0\u00bb{}\u00a0\u00bb][et_pb_heading title=\u00a0\u00bbInfos et contact\u00a0\u00bb _builder_version=\u00a0\u00bb4.27.4&Prime; _module_preset=\u00a0\u00bbdefault\u00a0\u00bb title_font=\u00a0\u00bbOswald||||||||\u00a0\u00bb global_colors_info=\u00a0\u00bb{}\u00a0\u00bb][\/et_pb_heading][\/et_pb_column][\/et_pb_row][et_pb_row column_structure=\u00a0\u00bb3_5,2_5&Prime; _builder_version=\u00a0\u00bb4.27.4&Prime; _module_preset=\u00a0\u00bbdefault\u00a0\u00bb global_colors_info=\u00a0\u00bb{}\u00a0\u00bb][et_pb_column type=\u00a0\u00bb3_5&Prime; _builder_version=\u00a0\u00bb4.27.4&Prime; _module_preset=\u00a0\u00bbdefault\u00a0\u00bb global_colors_info=\u00a0\u00bb{}\u00a0\u00bb][et_pb_text _builder_version=\u00a0\u00bb4.27.4&Prime; _module_preset=\u00a0\u00bbdefault\u00a0\u00bb global_colors_info=\u00a0\u00bb{}\u00a0\u00bb]<\/p>\n<div id=\"c124\" class=\"csc-default\">\n<div class=\"csc-header csc-header-n1\">\n<h2 class=\"csc-firstHeader\">H\u00f4tel Edelweiss<\/h2>\n<\/div>\n<p class=\"bodytext\">Famille Gerber GmbH &amp; Co KG<br \/>Danielstrasse 7 | A - 6631 Lermoos<br \/>Tiroler Zugspitzarena | Autriche<\/p>\n<\/div>\n<div id=\"c125\" class=\"csc-default\">\n<p class=\"bodytext\">T\u00e9l. : <a href=\"tel:+4356732214\" target=\"_blank\" rel=\"noopener\" title=\"Appeler le t\u00e9l\u00e9phone\">+43 5673 2214<\/a><br \/>e-mail :<span> <\/span><a href=\"mailto:hotel@edelweiss.at\">hotel@edelweiss.at<\/a><\/p>\n<p class=\"bodytext\">NUM\u00c9RO D&rsquo;IDENTIFICATION FISCALE : ATU 32960301<br \/>Num\u00e9ro d&rsquo;enregistrement de la soci\u00e9t\u00e9 : FN5054H<br \/>Directeur g\u00e9n\u00e9ral : Daniela Gerber<br \/>Appartenance \u00e0 la chambre : Wirtschaftskammer Tirol - Hotellerie<br \/>Autorit\u00e9 de surveillance (ECG) : Autorit\u00e9 administrative du district de Reutte<\/p>\n<p class=\"bodytext\">Les<a href=\"https:\/\/www.wko.at\/tirol\/tourismus-freizeitwirtschaft\/hotellerie\/agb-hotellerie.pdf\" title=\"Conditions g\u00e9n\u00e9rales de l&#039;HOTELLE\" target=\"_blank\" class=\"external-link-new-window\" rel=\"noopener\">conditions g\u00e9n\u00e9rales de l&rsquo;Association h\u00f4teli\u00e8re autrichienne<\/a><span> <\/span> s&rsquo;appliquent.<\/p>\n<\/div>\n<p>[\/et_pb_text][\/et_pb_column][et_pb_column type=\u00a0\u00bb2_5&Prime; _builder_version=\u00a0\u00bb4.27.4&Prime; _module_preset=\u00a0\u00bbdefault\u00a0\u00bb global_colors_info=\u00a0\u00bb{}\u00a0\u00bb][et_pb_text _builder_version=\u00a0\u00bb4.27.4&Prime; _module_preset=\u00a0\u00bb064f11a0-6b82-4885-81c2-e85da605fa3c\u00a0\u00bb global_colors_info=\u00a0\u00bb{}\u00a0\u00bb]<\/p>\n<blockquote>\n<p>Que ce soit en skiant sur les pentes enneig\u00e9es, en se promenant dans des paysages pittoresques ou en se relaxant dans notre espace bien-\u00eatre, chaque visite sera une exp\u00e9rience inoubliable.<\/p>\n<p>&nbsp;<\/p>\n<p>Venez nous rejoindre et d\u00e9couvrez la fascination de l&rsquo;Edelweiss.<\/p>\n<\/blockquote>\n<p>[\/et_pb_text][\/et_pb_column][\/et_pb_row][\/et_pb_section][et_pb_section fb_built=\u00a0\u00bb1&Prime; _builder_version=\u00a0\u00bb4.27.4&Prime; _module_preset=\u00a0\u00bbdefault\u00a0\u00bb global_colors_info=\u00a0\u00bb{}\u00a0\u00bb][et_pb_row column_structure=\u00a0\u00bb1_5,1_5,1_5,1_5,1_5&Prime; _builder_version=\u00a0\u00bb4.27.4&Prime; _module_preset=\u00a0\u00bbdc5c2f5f-8414-453d-b24b-2e466a5de151&Prime; min_height=\u00a0\u00bb25vh\u00a0\u00bb global_colors_info=\u00a0\u00bb{}\u00a0\u00bb][et_pb_column type=\u00a0\u00bb1_5&Prime; _builder_version=\u00a0\u00bb4.27.4&Prime; _module_preset=\u00a0\u00bbdefault\u00a0\u00bb background_image=\u00a0\u00bbhttps:\/\/www.edelweiss.at\/wp-content\/uploads\/2025\/10\/Ausblick-mit-Suedbalkon.jpg\u00a0\u00bb global_colors_info=\u00a0\u00bb{}\u00a0\u00bb][et_pb_code admin_label=\u00a0\u00bbPorte-plaquette\u00a0\u00bb _builder_version=\u00a0\u00bb4.27.4&Prime; _module_preset=\u00a0\u00bb236727f5-1545-4c4f-8fb2-6b2a93023e65&Prime; global_colors_info=\u00a0\u00bb{}\u00a0\u00bb]<!-- placeholder -->[\/et_pb_code][\/et_pb_column][et_pb_column type=\u00a0\u00bb1_5&Prime; _builder_version=\u00a0\u00bb4.27.4&Prime; _module_preset=\u00a0\u00bbdefault\u00a0\u00bb background_image=\u00a0\u00bbhttps:\/\/www.edelweiss.at\/wp-content\/uploads\/2025\/09\/Blockhaussauna1.jpg\u00a0\u00bb global_colors_info=\u00a0\u00bb{}\u00a0\u00bb][et_pb_code admin_label=\u00a0\u00bbPorte-plaquette\u00a0\u00bb _builder_version=\u00a0\u00bb4.27.4&Prime; _module_preset=\u00a0\u00bb236727f5-1545-4c4f-8fb2-6b2a93023e65&Prime; global_colors_info=\u00a0\u00bb{}\u00a0\u00bb]<!-- placeholder -->[\/et_pb_code][\/et_pb_column][et_pb_column type=\u00a0\u00bb1_5&Prime; _builder_version=\u00a0\u00bb4.27.4&Prime; _module_preset=\u00a0\u00bbdefault\u00a0\u00bb background_image=\u00a0\u00bbhttps:\/\/www.edelweiss.at\/wp-content\/uploads\/2025\/09\/Silvester2024.jpg\u00a0\u00bb global_colors_info=\u00a0\u00bb{}\u00a0\u00bb][et_pb_code admin_label=\u00a0\u00bbPorte-plaquette\u00a0\u00bb _builder_version=\u00a0\u00bb4.27.4&Prime; _module_preset=\u00a0\u00bb236727f5-1545-4c4f-8fb2-6b2a93023e65&Prime; global_colors_info=\u00a0\u00bb{}\u00a0\u00bb]<!-- placeholder -->[\/et_pb_code][\/et_pb_column][et_pb_column type=\u00a0\u00bb1_5&Prime; _builder_version=\u00a0\u00bb4.27.4&Prime; _module_preset=\u00a0\u00bbdefault\u00a0\u00bb background_image=\u00a0\u00bbhttps:\/\/www.edelweiss.at\/wp-content\/uploads\/2025\/09\/RezeDA.jpg\u00a0\u00bb global_colors_info=\u00a0\u00bb{}\u00a0\u00bb][et_pb_code admin_label=\u00a0\u00bbPorte-plaquette\u00a0\u00bb _builder_version=\u00a0\u00bb4.27.4&Prime; _module_preset=\u00a0\u00bb236727f5-1545-4c4f-8fb2-6b2a93023e65&Prime; global_colors_info=\u00a0\u00bb{}\u00a0\u00bb]<!-- placeholder -->[\/et_pb_code][\/et_pb_column][et_pb_column type=\u00a0\u00bb1_5&Prime; _builder_version=\u00a0\u00bb4.27.4&Prime; _module_preset=\u00a0\u00bbdefault\u00a0\u00bb background_image=\u00a0\u00bbhttps:\/\/www.edelweiss.at\/wp-content\/uploads\/2025\/11\/FH8A6335-e1762271559792.jpg\u00a0\u00bb global_colors_info=\u00a0\u00bb{}\u00a0\u00bb][et_pb_code admin_label=\u00a0\u00bbPorte-plaquette\u00a0\u00bb _builder_version=\u00a0\u00bb4.27.4&Prime; _module_preset=\u00a0\u00bb236727f5-1545-4c4f-8fb2-6b2a93023e65&Prime; global_colors_info=\u00a0\u00bb{}\u00a0\u00bb]<!-- placeholder -->[\/et_pb_code][\/et_pb_column][\/et_pb_row][\/et_pb_section]<\/p>\n","protected":false},"excerpt":{"rendered":"<p>H\u00f4tel Edelweiss Famille Gerber GmbH &amp; Co KGDanielstrasse 7 | A - 6631 LermoosTiroler Zugspitzarena | Autriche T\u00e9l. : +43 5673 2214e-mail : hotel@edelweiss.at NUM\u00c9RO D&rsquo;IDENTIFICATION FISCALE : ATU 32960301Num\u00e9ro d&rsquo;enregistrement de la soci\u00e9t\u00e9 : FN5054HDirecteur g\u00e9n\u00e9ral : Daniela GerberAppartenance \u00e0 la chambre : Wirtschaftskammer Tirol - HotellerieAutorit\u00e9 de surveillance (ECG) : Autorit\u00e9 administrative du [&hellip;]<\/p>\n","protected":false},"author":4,"featured_media":0,"parent":0,"menu_order":37,"comment_status":"closed","ping_status":"closed","template":"","meta":{"_et_pb_use_builder":"on","_et_pb_old_content":"","_et_gb_content_width":"","footnotes":""},"class_list":["post-4848","page","type-page","status-publish","hentry"],"_links":{"self":[{"href":"https:\/\/www.edelweiss.at\/fr\/wp-json\/wp\/v2\/pages\/4848","targetHints":{"allow":["GET"]}}],"collection":[{"href":"https:\/\/www.edelweiss.at\/fr\/wp-json\/wp\/v2\/pages"}],"about":[{"href":"https:\/\/www.edelweiss.at\/fr\/wp-json\/wp\/v2\/types\/page"}],"author":[{"embeddable":true,"href":"https:\/\/www.edelweiss.at\/fr\/wp-json\/wp\/v2\/users\/4"}],"replies":[{"embeddable":true,"href":"https:\/\/www.edelweiss.at\/fr\/wp-json\/wp\/v2\/comments?post=4848"}],"version-history":[{"count":30,"href":"https:\/\/www.edelweiss.at\/fr\/wp-json\/wp\/v2\/pages\/4848\/revisions"}],"predecessor-version":[{"id":8847,"href":"https:\/\/www.edelweiss.at\/fr\/wp-json\/wp\/v2\/pages\/4848\/revisions\/8847"}],"wp:attachment":[{"href":"https:\/\/www.edelweiss.at\/fr\/wp-json\/wp\/v2\/media?parent=4848"}],"curies":[{"name":"wp","href":"https:\/\/api.w.org\/{rel}","templated":true}]}}

Informations sur l&rsquo;hôtel

<p>[et_pb_section fb_built= »1&Prime; _builder_version= »4.27.4&Prime; _module_preset= »default » global_colors_info= »{} »][et_pb_row _builder_version= »4.27.4&Prime; _module_preset= »default » global_colors_info= »{} »][et_pb_column type= »4_4&Prime; _builder_version= »4.27.4&Prime; _module_preset= »default » global_colors_info= »{} »][et_pb_heading title= »Infos et contact » _builder_version= »4.27.4&Prime; _module_preset= »default » title_font= »Oswald|||||||| » global_colors_info= »{} »][/et_pb_heading][/et_pb_column][/et_pb_row][et_pb_row column_structure= »3_5,2_5&Prime; _builder_version= »4.27.4&Prime; _module_preset= »default » global_colors_info= »{} »][et_pb_column type= »3_5&Prime; _builder_version= »4.27.4&Prime; _module_preset= »default » global_colors_info= »{} »][et_pb_text _builder_version= »4.27.4&Prime; _module_preset= »default » global_colors_info= »{} »]</p>
<div id="c124" class="csc-default">
<div class="csc-header csc-header-n1">
<h2 class="csc-firstHeader">Hôtel Edelweiss</h2>
</div>
<p class="bodytext">Famille Gerber GmbH &amp; Co KG<br />Danielstrasse 7 | A - 6631 Lermoos<br />Tiroler Zugspitzarena | Autriche</p>
</div>
<div id="c125" class="csc-default">
<p class="bodytext">Tél. : <a href="tel:+4356732214" target="_blank" rel="noopener" title="Appeler le téléphone">+43 5673 2214</a><br />e-mail :<span> </span><a href="mailto:hotel@edelweiss.at">hotel@edelweiss.at</a></p>
<p class="bodytext">NUMÉRO D&rsquo;IDENTIFICATION FISCALE : ATU 32960301<br />Numéro d&rsquo;enregistrement de la société : FN5054H<br />Directeur général : Daniela Gerber<br />Appartenance à la chambre : Wirtschaftskammer Tirol - Hotellerie<br />Autorité de surveillance (ECG) : Autorité administrative du district de Reutte</p>
<p class="bodytext">Les<a href="https://www.wko.at/tirol/tourismus-freizeitwirtschaft/hotellerie/agb-hotellerie.pdf" title="Conditions générales de l&#039;HOTELLE" target="_blank" class="external-link-new-window" rel="noopener">conditions générales de l&rsquo;Association hôtelière autrichienne</a><span> </span> s&rsquo;appliquent.</p>
</div>
<p>[/et_pb_text][/et_pb_column][et_pb_column type= »2_5&Prime; _builder_version= »4.27.4&Prime; _module_preset= »default » global_colors_info= »{} »][et_pb_text _builder_version= »4.27.4&Prime; _module_preset= »064f11a0-6b82-4885-81c2-e85da605fa3c » global_colors_info= »{} »]</p>
<blockquote>
<p>Que ce soit en skiant sur les pentes enneigées, en se promenant dans des paysages pittoresques ou en se relaxant dans notre espace bien-être, chaque visite sera une expérience inoubliable.</p>
<p>&nbsp;</p>
<p>Venez nous rejoindre et découvrez la fascination de l&rsquo;Edelweiss.</p>
</blockquote>
<p>[/et_pb_text][/et_pb_column][/et_pb_row][/et_pb_section][et_pb_section fb_built= »1&Prime; _builder_version= »4.27.4&Prime; _module_preset= »default » global_colors_info= »{} »][et_pb_row column_structure= »1_5,1_5,1_5,1_5,1_5&Prime; _builder_version= »4.27.4&Prime; _module_preset= »dc5c2f5f-8414-453d-b24b-2e466a5de151&Prime; min_height= »25vh » global_colors_info= »{} »][et_pb_column type= »1_5&Prime; _builder_version= »4.27.4&Prime; _module_preset= »default » background_image= »https://www.edelweiss.at/wp-content/uploads/2025/10/Ausblick-mit-Suedbalkon.jpg » global_colors_info= »{} »][et_pb_code admin_label= »Porte-plaquette » _builder_version= »4.27.4&Prime; _module_preset= »236727f5-1545-4c4f-8fb2-6b2a93023e65&Prime; global_colors_info= »{} »]<!-- placeholder -->[/et_pb_code][/et_pb_column][et_pb_column type= »1_5&Prime; _builder_version= »4.27.4&Prime; _module_preset= »default » background_image= »https://www.edelweiss.at/wp-content/uploads/2025/09/Blockhaussauna1.jpg » global_colors_info= »{} »][et_pb_code admin_label= »Porte-plaquette » _builder_version= »4.27.4&Prime; _module_preset= »236727f5-1545-4c4f-8fb2-6b2a93023e65&Prime; global_colors_info= »{} »]<!-- placeholder -->[/et_pb_code][/et_pb_column][et_pb_column type= »1_5&Prime; _builder_version= »4.27.4&Prime; _module_preset= »default » background_image= »https://www.edelweiss.at/wp-content/uploads/2025/09/Silvester2024.jpg » global_colors_info= »{} »][et_pb_code admin_label= »Porte-plaquette » _builder_version= »4.27.4&Prime; _module_preset= »236727f5-1545-4c4f-8fb2-6b2a93023e65&Prime; global_colors_info= »{} »]<!-- placeholder -->[/et_pb_code][/et_pb_column][et_pb_column type= »1_5&Prime; _builder_version= »4.27.4&Prime; _module_preset= »default » background_image= »https://www.edelweiss.at/wp-content/uploads/2025/09/RezeDA.jpg » global_colors_info= »{} »][et_pb_code admin_label= »Porte-plaquette » _builder_version= »4.27.4&Prime; _module_preset= »236727f5-1545-4c4f-8fb2-6b2a93023e65&Prime; global_colors_info= »{} »]<!-- placeholder -->[/et_pb_code][/et_pb_column][et_pb_column type= »1_5&Prime; _builder_version= »4.27.4&Prime; _module_preset= »default » background_image= »https://www.edelweiss.at/wp-content/uploads/2025/11/FH8A6335-e1762271559792.jpg » global_colors_info= »{} »][et_pb_code admin_label= »Porte-plaquette » _builder_version= »4.27.4&Prime; _module_preset= »236727f5-1545-4c4f-8fb2-6b2a93023e65&Prime; global_colors_info= »{} »]<!-- placeholder -->[/et_pb_code][/et_pb_column][/et_pb_row][/et_pb_section]</p>

<p>Hôtel Edelweiss Famille Gerber GmbH &amp; Co KGDanielstrasse 7 | A - 6631 LermoosTiroler Zugspitzarena | Autriche Tél. : +43 5673 2214e-mail : hotel@edelweiss.at NUMÉRO D&rsquo;IDENTIFICATION FISCALE : ATU 32960301Numéro d&rsquo;enregistrement de la société : FN5054HDirecteur général : Daniela GerberAppartenance à la chambre : Wirtschaftskammer Tirol - HotellerieAutorité de surveillance (ECG) : Autorité administrative du [&hellip;]</p>
