{"id":6712,"date":"2025-12-02T15:06:13","date_gmt":"2025-12-02T14:06:13","guid":{"rendered":"https:\/\/www.edelweiss.at\/infos\/animaux-de-compagnie\/"},"modified":"2025-12-11T14:12:54","modified_gmt":"2025-12-11T13:12:54","slug":"animaux-de-compagnie","status":"publish","type":"page","link":"https:\/\/www.edelweiss.at\/fr\/infos\/animaux-de-compagnie\/","title":{"rendered":"Animaux de compagnie"},"content":{"rendered":"<p>[et_pb_section fb_built=\u00a0\u00bb1&Prime; _builder_version=\u00a0\u00bb4.27.4&Prime; _module_preset=\u00a0\u00bbdefault\u00a0\u00bb global_colors_info=\u00a0\u00bb{}\u00a0\u00bb][et_pb_row _builder_version=\u00a0\u00bb4.27.4&Prime; _module_preset=\u00a0\u00bbdefault\u00a0\u00bb global_colors_info=\u00a0\u00bb{}\u00a0\u00bb][et_pb_column type=\u00a0\u00bb4_4&Prime; _builder_version=\u00a0\u00bb4.27.4&Prime; _module_preset=\u00a0\u00bbdefault\u00a0\u00bb global_colors_info=\u00a0\u00bb{}\u00a0\u00bb][et_pb_heading title=\u00a0\u00bbAnimaux de compagnie\u00a0\u00bb _builder_version=\u00a0\u00bb4.27.4&Prime; _module_preset=\u00a0\u00bbdefault\u00a0\u00bb title_font=\u00a0\u00bbOswald||||||||\u00a0\u00bb global_colors_info=\u00a0\u00bb{}\u00a0\u00bb][\/et_pb_heading][\/et_pb_column][\/et_pb_row][et_pb_row _builder_version=\u00a0\u00bb4.27.4&Prime; _module_preset=\u00a0\u00bbdefault\u00a0\u00bb global_colors_info=\u00a0\u00bb{}\u00a0\u00bb][et_pb_column type=\u00a0\u00bb4_4&Prime; _builder_version=\u00a0\u00bb4.27.4&Prime; _module_preset=\u00a0\u00bbdefault\u00a0\u00bb global_colors_info=\u00a0\u00bb{}\u00a0\u00bb][et_pb_text _builder_version=\u00a0\u00bb4.27.4&Prime; _module_preset=\u00a0\u00bbdefault\u00a0\u00bb global_colors_info=\u00a0\u00bb{}\u00a0\u00bb]<\/p>\n<div>\n<p class=\"bodytext\"><strong>Vous pouvez venir avec votre animal de compagnie.<\/strong><\/p>\n<\/div>\n<div>\n<p class=\"bodytext\">Nous facturons 10 EUR par jour pour les chiens jusqu&rsquo;\u00e0 13 kg, <span style=\"font-size: 17px;\">15 EUR par jour pour les chiens de 14 kg \u00e0 24 kg et <\/span><span style=\"font-size: 17px;\">25 EUR par jour pour les chiens de plus de 25 kg (sans nourriture).<\/span><\/p>\n<p class=\"bodytext\">Une couverture et une gamelle sont fournies.<\/p>\n<\/div>\n<div>\n<p class=\"bodytext\">Les chiens ne sont pas autoris\u00e9s dans les salles \u00e0 manger et dans l&rsquo;espace bien-\u00eatre.<\/p>\n<\/div>\n<p>[\/et_pb_text][\/et_pb_column][\/et_pb_row][\/et_pb_section]<\/p>\n","protected":false},"excerpt":{"rendered":"<p>Vous pouvez venir avec votre animal de compagnie. Nous facturons 10 EUR par jour pour les chiens jusqu&rsquo;\u00e0 13 kg, 15 EUR par jour pour les chiens de 14 kg \u00e0 24 kg et 25 EUR par jour pour les chiens de plus de 25 kg (sans nourriture). Une couverture et une gamelle sont fournies. [&hellip;]<\/p>\n","protected":false},"author":2,"featured_media":0,"parent":4848,"menu_order":42,"comment_status":"closed","ping_status":"closed","template":"","meta":{"_et_pb_use_builder":"on","_et_pb_old_content":"","_et_gb_content_width":"","footnotes":""},"class_list":["post-6712","page","type-page","status-publish","hentry"],"_links":{"self":[{"href":"https:\/\/www.edelweiss.at\/fr\/wp-json\/wp\/v2\/pages\/6712","targetHints":{"allow":["GET"]}}],"collection":[{"href":"https:\/\/www.edelweiss.at\/fr\/wp-json\/wp\/v2\/pages"}],"about":[{"href":"https:\/\/www.edelweiss.at\/fr\/wp-json\/wp\/v2\/types\/page"}],"author":[{"embeddable":true,"href":"https:\/\/www.edelweiss.at\/fr\/wp-json\/wp\/v2\/users\/2"}],"replies":[{"embeddable":true,"href":"https:\/\/www.edelweiss.at\/fr\/wp-json\/wp\/v2\/comments?post=6712"}],"version-history":[{"count":15,"href":"https:\/\/www.edelweiss.at\/fr\/wp-json\/wp\/v2\/pages\/6712\/revisions"}],"predecessor-version":[{"id":7570,"href":"https:\/\/www.edelweiss.at\/fr\/wp-json\/wp\/v2\/pages\/6712\/revisions\/7570"}],"up":[{"embeddable":true,"href":"https:\/\/www.edelweiss.at\/fr\/wp-json\/wp\/v2\/pages\/4848"}],"wp:attachment":[{"href":"https:\/\/www.edelweiss.at\/fr\/wp-json\/wp\/v2\/media?parent=6712"}],"curies":[{"name":"wp","href":"https:\/\/api.w.org\/{rel}","templated":true}]}}

<p>[et_pb_section fb_built= »1&Prime; _builder_version= »4.27.4&Prime; _module_preset= »default » global_colors_info= »{} »][et_pb_row _builder_version= »4.27.4&Prime; _module_preset= »default » global_colors_info= »{} »][et_pb_column type= »4_4&Prime; _builder_version= »4.27.4&Prime; _module_preset= »default » global_colors_info= »{} »][et_pb_heading title= »Animaux de compagnie » _builder_version= »4.27.4&Prime; _module_preset= »default » title_font= »Oswald|||||||| » global_colors_info= »{} »][/et_pb_heading][/et_pb_column][/et_pb_row][et_pb_row _builder_version= »4.27.4&Prime; _module_preset= »default » global_colors_info= »{} »][et_pb_column type= »4_4&Prime; _builder_version= »4.27.4&Prime; _module_preset= »default » global_colors_info= »{} »][et_pb_text _builder_version= »4.27.4&Prime; _module_preset= »default » global_colors_info= »{} »]</p>
<div>
<p class="bodytext"><strong>Vous pouvez venir avec votre animal de compagnie.</strong></p>
</div>
<div>
<p class="bodytext">Nous facturons 10 EUR par jour pour les chiens jusqu&rsquo;à 13 kg, <span style="font-size: 17px;">15 EUR par jour pour les chiens de 14 kg à 24 kg et </span><span style="font-size: 17px;">25 EUR par jour pour les chiens de plus de 25 kg (sans nourriture).</span></p>
<p class="bodytext">Une couverture et une gamelle sont fournies.</p>
</div>
<div>
<p class="bodytext">Les chiens ne sont pas autorisés dans les salles à manger et dans l&rsquo;espace bien-être.</p>
</div>
<p>[/et_pb_text][/et_pb_column][/et_pb_row][/et_pb_section]</p>

<p>Vous pouvez venir avec votre animal de compagnie. Nous facturons 10 EUR par jour pour les chiens jusqu&rsquo;à 13 kg, 15 EUR par jour pour les chiens de 14 kg à 24 kg et 25 EUR par jour pour les chiens de plus de 25 kg (sans nourriture). Une couverture et une gamelle sont fournies. [&hellip;]</p>
