{"id":6719,"date":"2025-12-02T14:21:40","date_gmt":"2025-12-02T13:21:40","guid":{"rendered":"https:\/\/www.edelweiss.at\/infos\/arrivee\/"},"modified":"2026-03-26T11:35:22","modified_gmt":"2026-03-26T10:35:22","slug":"arrivee","status":"publish","type":"page","link":"https:\/\/www.edelweiss.at\/fr\/infos\/arrivee\/","title":{"rendered":"Arriv\u00e9e et parking"},"content":{"rendered":"<p>[et_pb_section fb_built=\u00a0\u00bb1&Prime; _builder_version=\u00a0\u00bb4.27.4&Prime; _module_preset=\u00a0\u00bbdefault\u00a0\u00bb global_colors_info=\u00a0\u00bb{}\u00a0\u00bb][et_pb_row _builder_version=\u00a0\u00bb4.27.4&Prime; _module_preset=\u00a0\u00bbdefault\u00a0\u00bb global_colors_info=\u00a0\u00bb{}\u00a0\u00bb][et_pb_column type=\u00a0\u00bb4_4&Prime; _builder_version=\u00a0\u00bb4.27.4&Prime; _module_preset=\u00a0\u00bbdefault\u00a0\u00bb global_colors_info=\u00a0\u00bb{}\u00a0\u00bb][et_pb_heading title=\u00a0\u00bbArriv\u00e9e et parking\u00a0\u00bb _builder_version=\u00a0\u00bb4.27.4&Prime; _module_preset=\u00a0\u00bbdefault\u00a0\u00bb title_font=\u00a0\u00bbOswald||||||||\u00a0\u00bb global_colors_info=\u00a0\u00bb{}\u00a0\u00bb][\/et_pb_heading][\/et_pb_column][\/et_pb_row][et_pb_row _builder_version=\u00a0\u00bb4.27.4&Prime; _module_preset=\u00a0\u00bbdefault\u00a0\u00bb global_colors_info=\u00a0\u00bb{}\u00a0\u00bb][et_pb_column type=\u00a0\u00bb4_4&Prime; _builder_version=\u00a0\u00bb4.27.4&Prime; _module_preset=\u00a0\u00bbdefault\u00a0\u00bb global_colors_info=\u00a0\u00bb{}\u00a0\u00bb][et_pb_text _builder_version=\u00a0\u00bb4.27.4&Prime; _module_preset=\u00a0\u00bbdefault\u00a0\u00bb global_colors_info=\u00a0\u00bb{}\u00a0\u00bb]<\/p>\n<p>Vous trouverez chez nous des places de parking gratuites, des places payantes dans le garage ainsi qu&rsquo;une station de recharge \u00e9lectrique.<\/p>\n<p>[\/et_pb_text][\/et_pb_column][\/et_pb_row][et_pb_row column_structure=\u00a0\u00bb1_4,1_4,1_4,1_4&Prime; _builder_version=\u00a0\u00bb4.27.4&Prime; _module_preset=\u00a0\u00bbdefault\u00a0\u00bb global_colors_info=\u00a0\u00bb{}\u00a0\u00bb][et_pb_column type=\u00a0\u00bb1_4&Prime; _builder_version=\u00a0\u00bb4.27.4&Prime; _module_preset=\u00a0\u00bbdefault\u00a0\u00bb global_colors_info=\u00a0\u00bb{}\u00a0\u00bb][et_pb_text _builder_version=\u00a0\u00bb4.27.4&Prime; _module_preset=\u00a0\u00bbdefault\u00a0\u00bb global_colors_info=\u00a0\u00bb{}\u00a0\u00bb]<\/p>\n<div id=\"c124\" class=\"csc-default\">\n<div class=\"csc-header csc-header-n1\">\n<p class=\"csc-firstHeader\"><strong>H\u00f4tel Edelweiss<\/strong><br \/>Famille Gerber GmbH &amp; Co KG<br \/>7, rue Daniel<br \/>6631 Lermoos<br \/>AUSTRIA<\/p>\n<\/div>\n<\/div>\n<p id=\"c125\" class=\"csc-default\">[\/et_pb_text][\/et_pb_column][et_pb_column type=\u00a0\u00bb1_4&Prime; _builder_version=\u00a0\u00bb4.27.4&Prime; _module_preset=\u00a0\u00bbdefault\u00a0\u00bb global_colors_info=\u00a0\u00bb{}\u00a0\u00bb][et_pb_text _builder_version=\u00a0\u00bb4.27.4&Prime; _module_preset=\u00a0\u00bbdefault\u00a0\u00bb global_colors_info=\u00a0\u00bb{}\u00a0\u00bb]<\/p>\n<div class=\"csc-header csc-header-n1\">\n<p class=\"csc-firstHeader\"><strong>Voiture<\/strong><br \/>Munich 105 km<br \/>Innsbruck 75 km<br \/>Stuttgart 250 km<br \/>Zurich 260 km<br \/>Bolzano 180 km<\/p>\n<\/p>\n<\/div>\n<p>[\/et_pb_text][\/et_pb_column][et_pb_column type=\u00a0\u00bb1_4&Prime; _builder_version=\u00a0\u00bb4.27.4&Prime; _module_preset=\u00a0\u00bbdefault\u00a0\u00bb global_colors_info=\u00a0\u00bb{}\u00a0\u00bb][et_pb_text _builder_version=\u00a0\u00bb4.27.4&Prime; _module_preset=\u00a0\u00bbdefault\u00a0\u00bb global_colors_info=\u00a0\u00bb{}\u00a0\u00bb]<\/p>\n<div class=\"csc-header csc-header-n1\">\n<p class=\"csc-firstHeader\"><strong>Avion<\/strong><br \/>A\u00e9roport de Munich<br \/>A\u00e9roport d&rsquo;Innsbruck<br \/>A\u00e9roport de Memmingen<\/p>\n<\/div>\n<p>[\/et_pb_text][\/et_pb_column][et_pb_column type=\u00a0\u00bb1_4&Prime; _builder_version=\u00a0\u00bb4.27.4&Prime; _module_preset=\u00a0\u00bbdefault\u00a0\u00bb global_colors_info=\u00a0\u00bb{}\u00a0\u00bb][et_pb_text _builder_version=\u00a0\u00bb4.27.4&Prime; _module_preset=\u00a0\u00bbdefault\u00a0\u00bb global_colors_info=\u00a0\u00bb{}\u00a0\u00bb]<\/p>\n<p><strong>Train via Garmisch-Partenkirchen<\/strong><br \/>Gare ferroviaire de Lermoos 200m<\/p>\n<p>[\/et_pb_text][\/et_pb_column][\/et_pb_row][et_pb_row column_structure=\u00a0\u00bb3_4,1_4&Prime; _builder_version=\u00a0\u00bb4.27.4&Prime; _module_preset=\u00a0\u00bbdefault\u00a0\u00bb global_colors_info=\u00a0\u00bb{}\u00a0\u00bb][et_pb_column type=\u00a0\u00bb3_4&Prime; _builder_version=\u00a0\u00bb4.27.4&Prime; _module_preset=\u00a0\u00bbdefault\u00a0\u00bb global_colors_info=\u00a0\u00bb{}\u00a0\u00bb][et_pb_code _builder_version=\u00a0\u00bb4.27.4&Prime; _module_preset=\u00a0\u00bbdefault\u00a0\u00bb global_colors_info=\u00a0\u00bb{}\u00a0\u00bb]<\/p>\n<style>.google-maps {<!-- [et_pb_line_break_holder] -->    position: relative;<!-- [et_pb_line_break_holder] -->    padding-bottom: 75%;<!-- [et_pb_line_break_holder] -->    overflow: hidden;<!-- [et_pb_line_break_holder] -->}<\/style>\n<div class=\"google-maps\"><iframe src=\"https:\/\/www.google.com\/maps\/embed?pb=!1m18!1m12!1m3!1d2700.4273522061094!2d10.88198798788706!3d47.403605002459486!2m3!1f0!2f0!3f0!3m2!1i1024!2i768!4f13.1!3m3!1m2!1s0x479ce332a93a6c2b%3A0xd3963fbb9953b0c7!2sHotel+Edelweiss!5e0!3m2!1sde!2sat!4v1444753703728\" width=\"600\" height=\"450\" frameborder=\"0\" style=\"border:0\"><\/iframe><\/div>\n<p>[\/et_pb_code][\/et_pb_column][et_pb_column type=\u00a0\u00bb1_4&Prime; _builder_version=\u00a0\u00bb4.27.4&Prime; _module_preset=\u00a0\u00bbdefault\u00a0\u00bb global_colors_info=\u00a0\u00bb{}\u00a0\u00bb][et_pb_text _builder_version=\u00a0\u00bb4.27.4&Prime; _module_preset=\u00a0\u00bbdefault\u00a0\u00bb global_colors_info=\u00a0\u00bb{}\u00a0\u00bb]<\/p>\n<p><strong>Votre transfert vers notre h\u00f4tel<\/strong><br \/><a href=\"http:\/\/www.shuttle-and-more.at\" target=\"_blank\" rel=\"noopener\">www.shuttle-and-more.at<\/a><\/p>\n<p><strong>Pas de vignette obligatoire si vous venez du nord<\/strong><br \/>Le voyage via Ulm - Pfronten et Munich - Garmisch-Partenkirchen est exempt de p\u00e9age et de vignette !<\/p>\n<p><strong>Autres liens utiles :<\/strong><br \/>Horaires des trains \u00d6BB - <a href=\"http:\/\/www.oebb.at\/\" target=\"_blank\" rel=\"noopener\">http:\/\/www.oebb.at\/<\/a><br \/>Horaires des trains DB - <a href=\"http:\/\/www.bahn.de\/\" target=\"_blank\" rel=\"noopener\">http:\/\/www.bahn.de\/<\/a><br \/>A\u00e9roport d&rsquo;Innsbruck - <a href=\"http:\/\/www.flughafen-innsbruck.at\/\" target=\"_blank\" rel=\"noopener\">http:\/\/www.flughafen-innsbruck.at\/<\/a><br \/>A\u00e9roport de Munich - <a href=\"http:\/\/www.munich-airport.de\/\" target=\"_blank\" rel=\"noopener\">http:\/\/www.munich-airport.de\/<\/a><\/p>\n<p>[\/et_pb_text][\/et_pb_column][\/et_pb_row][\/et_pb_section]<\/p>\n","protected":false},"excerpt":{"rendered":"<p>Vous trouverez chez nous des places de parking gratuites, des places payantes dans le garage ainsi qu&rsquo;une station de recharge \u00e9lectrique. H\u00f4tel EdelweissFamille Gerber GmbH &amp; Co KG7, rue Daniel6631 LermoosAUSTRIA VoitureMunich 105 kmInnsbruck 75 kmStuttgart 250 kmZurich 260 kmBolzano 180 km AvionA\u00e9roport de MunichA\u00e9roport d&rsquo;InnsbruckA\u00e9roport de Memmingen Train via Garmisch-PartenkirchenGare ferroviaire de Lermoos 200mVotre [&hellip;]<\/p>\n","protected":false},"author":2,"featured_media":0,"parent":4848,"menu_order":38,"comment_status":"closed","ping_status":"closed","template":"","meta":{"_et_pb_use_builder":"on","_et_pb_old_content":"","_et_gb_content_width":"","footnotes":""},"class_list":["post-6719","page","type-page","status-publish","hentry"],"_links":{"self":[{"href":"https:\/\/www.edelweiss.at\/fr\/wp-json\/wp\/v2\/pages\/6719","targetHints":{"allow":["GET"]}}],"collection":[{"href":"https:\/\/www.edelweiss.at\/fr\/wp-json\/wp\/v2\/pages"}],"about":[{"href":"https:\/\/www.edelweiss.at\/fr\/wp-json\/wp\/v2\/types\/page"}],"author":[{"embeddable":true,"href":"https:\/\/www.edelweiss.at\/fr\/wp-json\/wp\/v2\/users\/2"}],"replies":[{"embeddable":true,"href":"https:\/\/www.edelweiss.at\/fr\/wp-json\/wp\/v2\/comments?post=6719"}],"version-history":[{"count":16,"href":"https:\/\/www.edelweiss.at\/fr\/wp-json\/wp\/v2\/pages\/6719\/revisions"}],"predecessor-version":[{"id":9383,"href":"https:\/\/www.edelweiss.at\/fr\/wp-json\/wp\/v2\/pages\/6719\/revisions\/9383"}],"up":[{"embeddable":true,"href":"https:\/\/www.edelweiss.at\/fr\/wp-json\/wp\/v2\/pages\/4848"}],"wp:attachment":[{"href":"https:\/\/www.edelweiss.at\/fr\/wp-json\/wp\/v2\/media?parent=6719"}],"curies":[{"name":"wp","href":"https:\/\/api.w.org\/{rel}","templated":true}]}}

Arrivée et parking

<p>[et_pb_section fb_built= »1&Prime; _builder_version= »4.27.4&Prime; _module_preset= »default » global_colors_info= »{} »][et_pb_row _builder_version= »4.27.4&Prime; _module_preset= »default » global_colors_info= »{} »][et_pb_column type= »4_4&Prime; _builder_version= »4.27.4&Prime; _module_preset= »default » global_colors_info= »{} »][et_pb_heading title= »Arrivée et parking » _builder_version= »4.27.4&Prime; _module_preset= »default » title_font= »Oswald|||||||| » global_colors_info= »{} »][/et_pb_heading][/et_pb_column][/et_pb_row][et_pb_row _builder_version= »4.27.4&Prime; _module_preset= »default » global_colors_info= »{} »][et_pb_column type= »4_4&Prime; _builder_version= »4.27.4&Prime; _module_preset= »default » global_colors_info= »{} »][et_pb_text _builder_version= »4.27.4&Prime; _module_preset= »default » global_colors_info= »{} »]</p>
<p>Vous trouverez chez nous des places de parking gratuites, des places payantes dans le garage ainsi qu&rsquo;une station de recharge électrique.</p>
<p>[/et_pb_text][/et_pb_column][/et_pb_row][et_pb_row column_structure= »1_4,1_4,1_4,1_4&Prime; _builder_version= »4.27.4&Prime; _module_preset= »default » global_colors_info= »{} »][et_pb_column type= »1_4&Prime; _builder_version= »4.27.4&Prime; _module_preset= »default » global_colors_info= »{} »][et_pb_text _builder_version= »4.27.4&Prime; _module_preset= »default » global_colors_info= »{} »]</p>
<div id="c124" class="csc-default">
<div class="csc-header csc-header-n1">
<p class="csc-firstHeader"><strong>Hôtel Edelweiss</strong><br />Famille Gerber GmbH &amp; Co KG<br />7, rue Daniel<br />6631 Lermoos<br />AUSTRIA</p>
</div>
</div>
<p id="c125" class="csc-default">[/et_pb_text][/et_pb_column][et_pb_column type= »1_4&Prime; _builder_version= »4.27.4&Prime; _module_preset= »default » global_colors_info= »{} »][et_pb_text _builder_version= »4.27.4&Prime; _module_preset= »default » global_colors_info= »{} »]</p>
<div class="csc-header csc-header-n1">
<p class="csc-firstHeader"><strong>Voiture</strong><br />Munich 105 km<br />Innsbruck 75 km<br />Stuttgart 250 km<br />Zurich 260 km<br />Bolzano 180 km</p>
</p>
</div>
<p>[/et_pb_text][/et_pb_column][et_pb_column type= »1_4&Prime; _builder_version= »4.27.4&Prime; _module_preset= »default » global_colors_info= »{} »][et_pb_text _builder_version= »4.27.4&Prime; _module_preset= »default » global_colors_info= »{} »]</p>
<div class="csc-header csc-header-n1">
<p class="csc-firstHeader"><strong>Avion</strong><br />Aéroport de Munich<br />Aéroport d&rsquo;Innsbruck<br />Aéroport de Memmingen</p>
</div>
<p>[/et_pb_text][/et_pb_column][et_pb_column type= »1_4&Prime; _builder_version= »4.27.4&Prime; _module_preset= »default » global_colors_info= »{} »][et_pb_text _builder_version= »4.27.4&Prime; _module_preset= »default » global_colors_info= »{} »]</p>
<p><strong>Train via Garmisch-Partenkirchen</strong><br />Gare ferroviaire de Lermoos 200m</p>
<p>[/et_pb_text][/et_pb_column][/et_pb_row][et_pb_row column_structure= »3_4,1_4&Prime; _builder_version= »4.27.4&Prime; _module_preset= »default » global_colors_info= »{} »][et_pb_column type= »3_4&Prime; _builder_version= »4.27.4&Prime; _module_preset= »default » global_colors_info= »{} »][et_pb_code _builder_version= »4.27.4&Prime; _module_preset= »default » global_colors_info= »{} »]</p>
<style>.google-maps {<!-- [et_pb_line_break_holder] -->    position: relative;<!-- [et_pb_line_break_holder] -->    padding-bottom: 75%;<!-- [et_pb_line_break_holder] -->    overflow: hidden;<!-- [et_pb_line_break_holder] -->}</style>
<div class="google-maps"><iframe src="https://www.google.com/maps/embed?pb=!1m18!1m12!1m3!1d2700.4273522061094!2d10.88198798788706!3d47.403605002459486!2m3!1f0!2f0!3f0!3m2!1i1024!2i768!4f13.1!3m3!1m2!1s0x479ce332a93a6c2b%3A0xd3963fbb9953b0c7!2sHotel+Edelweiss!5e0!3m2!1sde!2sat!4v1444753703728" width="600" height="450" frameborder="0" style="border:0"></iframe></div>
<p>[/et_pb_code][/et_pb_column][et_pb_column type= »1_4&Prime; _builder_version= »4.27.4&Prime; _module_preset= »default » global_colors_info= »{} »][et_pb_text _builder_version= »4.27.4&Prime; _module_preset= »default » global_colors_info= »{} »]</p>
<p><strong>Votre transfert vers notre hôtel</strong><br /><a href="http://www.shuttle-and-more.at" target="_blank" rel="noopener">www.shuttle-and-more.at</a></p>
<p><strong>Pas de vignette obligatoire si vous venez du nord</strong><br />Le voyage via Ulm - Pfronten et Munich - Garmisch-Partenkirchen est exempt de péage et de vignette !</p>
<p><strong>Autres liens utiles :</strong><br />Horaires des trains ÖBB - <a href="http://www.oebb.at/" target="_blank" rel="noopener">http://www.oebb.at/</a><br />Horaires des trains DB - <a href="http://www.bahn.de/" target="_blank" rel="noopener">http://www.bahn.de/</a><br />Aéroport d&rsquo;Innsbruck - <a href="http://www.flughafen-innsbruck.at/" target="_blank" rel="noopener">http://www.flughafen-innsbruck.at/</a><br />Aéroport de Munich - <a href="http://www.munich-airport.de/" target="_blank" rel="noopener">http://www.munich-airport.de/</a></p>
<p>[/et_pb_text][/et_pb_column][/et_pb_row][/et_pb_section]</p>

<p>Vous trouverez chez nous des places de parking gratuites, des places payantes dans le garage ainsi qu&rsquo;une station de recharge électrique. Hôtel EdelweissFamille Gerber GmbH &amp; Co KG7, rue Daniel6631 LermoosAUSTRIA VoitureMunich 105 kmInnsbruck 75 kmStuttgart 250 kmZurich 260 kmBolzano 180 km AvionAéroport de MunichAéroport d&rsquo;InnsbruckAéroport de Memmingen Train via Garmisch-PartenkirchenGare ferroviaire de Lermoos 200mVotre [&hellip;]</p>
