{"id":6751,"date":"2025-12-02T15:20:54","date_gmt":"2025-12-02T14:20:54","guid":{"rendered":"https:\/\/www.edelweiss.at\/infos\/anniversaire\/"},"modified":"2025-12-11T14:12:52","modified_gmt":"2025-12-11T13:12:52","slug":"anniversaire","status":"publish","type":"page","link":"https:\/\/www.edelweiss.at\/fr\/infos\/anniversaire\/","title":{"rendered":"Anniversaire"},"content":{"rendered":"<p>[et_pb_section fb_built=\u00a0\u00bb1&Prime; _builder_version=\u00a0\u00bb4.27.4&Prime; _module_preset=\u00a0\u00bbdefault\u00a0\u00bb global_colors_info=\u00a0\u00bb{}\u00a0\u00bb theme_builder_area=\u00a0\u00bbpost_content\u00a0\u00bb][et_pb_row _builder_version=\u00a0\u00bb4.27.4&Prime; _module_preset=\u00a0\u00bbdefault\u00a0\u00bb global_colors_info=\u00a0\u00bb{}\u00a0\u00bb theme_builder_area=\u00a0\u00bbpost_content\u00a0\u00bb][et_pb_column type=\u00a0\u00bb4_4&Prime; _builder_version=\u00a0\u00bb4.27.4&Prime; _module_preset=\u00a0\u00bbdefault\u00a0\u00bb global_colors_info=\u00a0\u00bb{}\u00a0\u00bb theme_builder_area=\u00a0\u00bbpost_content\u00a0\u00bb][et_pb_heading title=\u00a0\u00bbArrangements d&#039;anniversaire\u00a0\u00bb _builder_version=\u00a0\u00bb4.27.4&Prime; _module_preset=\u00a0\u00bbdefault\u00a0\u00bb title_font=\u00a0\u00bbOswald||||||||\u00a0\u00bb hover_enabled=\u00a0\u00bb0&Prime; global_colors_info=\u00a0\u00bb{}\u00a0\u00bb theme_builder_area=\u00a0\u00bbpost_content\u00a0\u00bb sticky_enabled=\u00a0\u00bb0&Prime;][\/et_pb_heading][\/et_pb_column][\/et_pb_row][et_pb_row _builder_version=\u00a0\u00bb4.27.4&Prime; _module_preset=\u00a0\u00bbdefault\u00a0\u00bb global_colors_info=\u00a0\u00bb{}\u00a0\u00bb theme_builder_area=\u00a0\u00bbpost_content\u00a0\u00bb][et_pb_column type=\u00a0\u00bb4_4&Prime; _builder_version=\u00a0\u00bb4.27.4&Prime; _module_preset=\u00a0\u00bbdefault\u00a0\u00bb global_colors_info=\u00a0\u00bb{}\u00a0\u00bb theme_builder_area=\u00a0\u00bbpost_content\u00a0\u00bb][et_pb_text _builder_version=\u00a0\u00bb4.27.4&Prime; _module_preset=\u00a0\u00bbdefault\u00a0\u00bb hover_enabled=\u00a0\u00bb0&Prime; global_colors_info=\u00a0\u00bb{}\u00a0\u00bb theme_builder_area=\u00a0\u00bbpost_content\u00a0\u00bb sticky_enabled=\u00a0\u00bb0&Prime;]<\/p>\n<div>\n<p>Nous nous ferons un plaisir de dresser une table festive pour votre anniversaire et d&rsquo;organiser des petites attentions pour vous.<\/p>\n<p>Bouquets de fleurs : commandez \u00e0 la demande chez \u00ab\u00a0Blumenladele\u00a0\u00bb \u00e0 Lermoos<br \/>Prix \u00e0 partir de 25,- euros<\/p>\n<p>G\u00e2teaux d&rsquo;anniversaire : en fonction de la taille et de l&rsquo;effort, \u00e0 partir de 25,- euros \u00e0 40,- euros<br \/>Inscription selon les souhaits et les possibilit\u00e9s<\/p>\n<p>Bons cadeaux : massages, bons culinaires, bons de valeur &#8230;<br \/>sont volontiers d\u00e9livr\u00e9s et remis par la r\u00e9ception avec la signature de votre choix<\/p>\n<p>Corbeille de fruits : avec des fruits et des chocolats Euro 25,-<\/p>\n<p>Bouteille de champagne ou prosecco : Euro 30,-<\/p>\n<p>Tous les extras de partenaires externes (fleurs, boulangerie) doivent \u00eatre pay\u00e9s en esp\u00e8ces \u00e0 la r\u00e9ception.<\/p>\n<\/div>\n<p>[\/et_pb_text][\/et_pb_column][\/et_pb_row][\/et_pb_section]<\/p>\n","protected":false},"excerpt":{"rendered":"<p>Nous nous ferons un plaisir de dresser une table festive pour votre anniversaire et d&rsquo;organiser des petites attentions pour vous. Bouquets de fleurs : commandez \u00e0 la demande chez \u00ab\u00a0Blumenladele\u00a0\u00bb \u00e0 LermoosPrix \u00e0 partir de 25,- euros G\u00e2teaux d&rsquo;anniversaire : en fonction de la taille et de l&rsquo;effort, \u00e0 partir de 25,- euros \u00e0 40,- [&hellip;]<\/p>\n","protected":false},"author":2,"featured_media":0,"parent":4848,"menu_order":40,"comment_status":"closed","ping_status":"closed","template":"","meta":{"_et_pb_use_builder":"on","_et_pb_old_content":"","_et_gb_content_width":"","footnotes":""},"class_list":["post-6751","page","type-page","status-publish","hentry"],"_links":{"self":[{"href":"https:\/\/www.edelweiss.at\/fr\/wp-json\/wp\/v2\/pages\/6751","targetHints":{"allow":["GET"]}}],"collection":[{"href":"https:\/\/www.edelweiss.at\/fr\/wp-json\/wp\/v2\/pages"}],"about":[{"href":"https:\/\/www.edelweiss.at\/fr\/wp-json\/wp\/v2\/types\/page"}],"author":[{"embeddable":true,"href":"https:\/\/www.edelweiss.at\/fr\/wp-json\/wp\/v2\/users\/2"}],"replies":[{"embeddable":true,"href":"https:\/\/www.edelweiss.at\/fr\/wp-json\/wp\/v2\/comments?post=6751"}],"version-history":[{"count":1,"href":"https:\/\/www.edelweiss.at\/fr\/wp-json\/wp\/v2\/pages\/6751\/revisions"}],"predecessor-version":[{"id":6766,"href":"https:\/\/www.edelweiss.at\/fr\/wp-json\/wp\/v2\/pages\/6751\/revisions\/6766"}],"up":[{"embeddable":true,"href":"https:\/\/www.edelweiss.at\/fr\/wp-json\/wp\/v2\/pages\/4848"}],"wp:attachment":[{"href":"https:\/\/www.edelweiss.at\/fr\/wp-json\/wp\/v2\/media?parent=6751"}],"curies":[{"name":"wp","href":"https:\/\/api.w.org\/{rel}","templated":true}]}}

<p>[et_pb_section fb_built= »1&Prime; _builder_version= »4.27.4&Prime; _module_preset= »default » global_colors_info= »{} » theme_builder_area= »post_content »][et_pb_row _builder_version= »4.27.4&Prime; _module_preset= »default » global_colors_info= »{} » theme_builder_area= »post_content »][et_pb_column type= »4_4&Prime; _builder_version= »4.27.4&Prime; _module_preset= »default » global_colors_info= »{} » theme_builder_area= »post_content »][et_pb_heading title= »Arrangements d&#039;anniversaire » _builder_version= »4.27.4&Prime; _module_preset= »default » title_font= »Oswald|||||||| » hover_enabled= »0&Prime; global_colors_info= »{} » theme_builder_area= »post_content » sticky_enabled= »0&Prime;][/et_pb_heading][/et_pb_column][/et_pb_row][et_pb_row _builder_version= »4.27.4&Prime; _module_preset= »default » global_colors_info= »{} » theme_builder_area= »post_content »][et_pb_column type= »4_4&Prime; _builder_version= »4.27.4&Prime; _module_preset= »default » global_colors_info= »{} » theme_builder_area= »post_content »][et_pb_text _builder_version= »4.27.4&Prime; _module_preset= »default » hover_enabled= »0&Prime; global_colors_info= »{} » theme_builder_area= »post_content » sticky_enabled= »0&Prime;]</p>
<div>
<p>Nous nous ferons un plaisir de dresser une table festive pour votre anniversaire et d&rsquo;organiser des petites attentions pour vous.</p>
<p>Bouquets de fleurs : commandez à la demande chez « Blumenladele » à Lermoos<br />Prix à partir de 25,- euros</p>
<p>Gâteaux d&rsquo;anniversaire : en fonction de la taille et de l&rsquo;effort, à partir de 25,- euros à 40,- euros<br />Inscription selon les souhaits et les possibilités</p>
<p>Bons cadeaux : massages, bons culinaires, bons de valeur &#8230;<br />sont volontiers délivrés et remis par la réception avec la signature de votre choix</p>
<p>Corbeille de fruits : avec des fruits et des chocolats Euro 25,-</p>
<p>Bouteille de champagne ou prosecco : Euro 30,-</p>
<p>Tous les extras de partenaires externes (fleurs, boulangerie) doivent être payés en espèces à la réception.</p>
</div>
<p>[/et_pb_text][/et_pb_column][/et_pb_row][/et_pb_section]</p>

<p>Nous nous ferons un plaisir de dresser une table festive pour votre anniversaire et d&rsquo;organiser des petites attentions pour vous. Bouquets de fleurs : commandez à la demande chez « Blumenladele » à LermoosPrix à partir de 25,- euros Gâteaux d&rsquo;anniversaire : en fonction de la taille et de l&rsquo;effort, à partir de 25,- euros à 40,- [&hellip;]</p>
