{"id":6887,"date":"2025-11-27T15:37:42","date_gmt":"2025-11-27T14:37:42","guid":{"rendered":"https:\/\/www.edelweiss.at\/infos\/mentions-legales\/"},"modified":"2025-12-11T14:34:10","modified_gmt":"2025-12-11T13:34:10","slug":"mentions-legales","status":"publish","type":"page","link":"https:\/\/www.edelweiss.at\/fr\/infos\/mentions-legales\/","title":{"rendered":"Mentions l\u00e9gales"},"content":{"rendered":"<p>[et_pb_section fb_built=\u00a0\u00bb1&Prime; _builder_version=\u00a0\u00bb4.27.4&Prime; _module_preset=\u00a0\u00bbdefault\u00a0\u00bb global_colors_info=\u00a0\u00bb{}\u00a0\u00bb][et_pb_row _builder_version=\u00a0\u00bb4.27.4&Prime; _module_preset=\u00a0\u00bbdefault\u00a0\u00bb global_colors_info=\u00a0\u00bb{}\u00a0\u00bb][et_pb_column type=\u00a0\u00bb4_4&Prime; _builder_version=\u00a0\u00bb4.27.4&Prime; _module_preset=\u00a0\u00bbdefault\u00a0\u00bb global_colors_info=\u00a0\u00bb{}\u00a0\u00bb][et_pb_heading title=\u00a0\u00bbMentions l\u00e9gales\u00a0\u00bb _builder_version=\u00a0\u00bb4.27.4&Prime; _module_preset=\u00a0\u00bbdefault\u00a0\u00bb title_font=\u00a0\u00bbOswald||||||||\u00a0\u00bb global_colors_info=\u00a0\u00bb{}\u00a0\u00bb][\/et_pb_heading][\/et_pb_column][\/et_pb_row][et_pb_row _builder_version=\u00a0\u00bb4.27.4&Prime; _module_preset=\u00a0\u00bbdefault\u00a0\u00bb global_colors_info=\u00a0\u00bb{}\u00a0\u00bb][et_pb_column type=\u00a0\u00bb4_4&Prime; _builder_version=\u00a0\u00bb4.27.4&Prime; _module_preset=\u00a0\u00bbdefault\u00a0\u00bb global_colors_info=\u00a0\u00bb{}\u00a0\u00bb][et_pb_text _builder_version=\u00a0\u00bb4.27.4&Prime; _module_preset=\u00a0\u00bbdefault\u00a0\u00bb global_colors_info=\u00a0\u00bb{}\u00a0\u00bb]<\/p>\n<div id=\"c124\" class=\"csc-default\">\n<div class=\"csc-header csc-header-n1\">\n<h2 class=\"csc-firstHeader\">H\u00f4tel Edelweiss<\/h2>\n<\/div>\n<p class=\"bodytext\">Familie Gerber GmbH &amp; Co KG<br \/>Danielstrasse 7 | A - 6631 Lermoos<br \/>Tiroler Zugspitzarena | Austria<\/p>\n<\/div>\n<div id=\"c125\" class=\"csc-default\">\n<p class=\"bodytext\"><a href=\"tel:+4356732214\" target=\"_blank\" rel=\"noopener\" title=\"Appeler le t\u00e9l\u00e9phone\">43 5673 2214<\/a><br \/>E-mail :<span> <\/span><a href=\"mailto:hotel@edelweiss.at\">hotel@edelweiss.at<\/a><\/p>\n<p class=\"bodytext\">UID : ATU 32960301<br \/>Num\u00e9ro du registre du commerce : FN5054H<br \/>G\u00e9rant : Daniela Gerber<br \/>Appartenance \u00e0 la chambre : Chambre de commerce du Tyrol - H\u00f4tellerie<br \/>Autorit\u00e9 de surveillance (ECG) : Bezirkshauptmannschaft Reutte<\/p>\n<p class=\"bodytext\">Les<a href=\"https:\/\/www.wko.at\/tirol\/tourismus-freizeitwirtschaft\/hotellerie\/agb-hotellerie.pdf\" title=\"Conditions g\u00e9n\u00e9rales de l&#039;HOTELLE\" target=\"_blank\" class=\"external-link-new-window\" rel=\"noopener\">conditions g\u00e9n\u00e9rales de l&rsquo;Association h\u00f4teli\u00e8re autrichienne<\/a><span> <\/span> s&rsquo;appliquent.<\/p>\n<\/div>\n<p>[\/et_pb_text][et_pb_text _builder_version=\u00a0\u00bb4.27.4&Prime; _module_preset=\u00a0\u00bbdefault\u00a0\u00bb global_colors_info=\u00a0\u00bb{}\u00a0\u00bb]<\/p>\n<div id=\"c124\" class=\"csc-default\">\n<div class=\"csc-header csc-header-n1\">\n<h2 class=\"csc-firstHeader\">Images<\/h2>\n<\/div>\n<\/div>\n<div id=\"c125\" class=\"csc-default\">\n<p class=\"bodytext\">Archives Hotel Edelweiss, archives Tiroler Zugspitz Arena<br \/>Autres images : \u00ab\u00a0Accord\u00e9on vintage, bouteille militaire sur la table en bois et fond rouge\u00a0\u00bb Copyright : Zabotin Vadym \/ Shutterstock.com<\/p>\n<\/div>\n<p>[\/et_pb_text][et_pb_text _builder_version=\u00a0\u00bb4.27.4&Prime; _module_preset=\u00a0\u00bbdefault\u00a0\u00bb global_colors_info=\u00a0\u00bb{}\u00a0\u00bb]<\/p>\n<div id=\"c124\" class=\"csc-default\">\n<div class=\"csc-header csc-header-n1\">\n<h2 class=\"csc-firstHeader\">Conception, design &amp; r\u00e9alisation technique :<\/h2>\n<p class=\"csc-firstHeader\"><a href=\"https:\/\/www.diewebdesigner.com\" target=\"_blank\" rel=\"noopener\"><span style=\"font-size: 16px;\">Fabriqu\u00e9 par Silberleithen.<\/span><\/a><\/p>\n<\/div>\n<\/div>\n<p>[\/et_pb_text][\/et_pb_column][\/et_pb_row][\/et_pb_section][et_pb_section fb_built=\u00a0\u00bb1&Prime; _builder_version=\u00a0\u00bb4.27.4&Prime; _module_preset=\u00a0\u00bbdefault\u00a0\u00bb global_colors_info=\u00a0\u00bb{}\u00a0\u00bb][et_pb_row column_structure=\u00a0\u00bb1_5,1_5,1_5,1_5,1_5&Prime; _builder_version=\u00a0\u00bb4.27.4&Prime; _module_preset=\u00a0\u00bbdc5c2f5f-8414-453d-b24b-2e466a5de151&Prime; min_height=\u00a0\u00bb25vh\u00a0\u00bb global_colors_info=\u00a0\u00bb{}\u00a0\u00bb][et_pb_column type=\u00a0\u00bb1_5&Prime; _builder_version=\u00a0\u00bb4.27.4&Prime; _module_preset=\u00a0\u00bbdefault\u00a0\u00bb background_image=\u00a0\u00bbhttps:\/\/www.edelweiss.at\/wp-content\/uploads\/2025\/10\/Ausblick-mit-Suedbalkon.jpg\u00a0\u00bb global_colors_info=\u00a0\u00bb{}\u00a0\u00bb][et_pb_code admin_label=\u00a0\u00bbPorte-plaquette\u00a0\u00bb _builder_version=\u00a0\u00bb4.27.4&Prime; _module_preset=\u00a0\u00bb236727f5-1545-4c4f-8fb2-6b2a93023e65&Prime; global_colors_info=\u00a0\u00bb{}\u00a0\u00bb]<!-- placeholder -->[\/et_pb_code][\/et_pb_column][et_pb_column type=\u00a0\u00bb1_5&Prime; _builder_version=\u00a0\u00bb4.27.4&Prime; _module_preset=\u00a0\u00bbdefault\u00a0\u00bb background_image=\u00a0\u00bbhttps:\/\/www.edelweiss.at\/wp-content\/uploads\/2025\/09\/Blockhaussauna1.jpg\u00a0\u00bb global_colors_info=\u00a0\u00bb{}\u00a0\u00bb][et_pb_code admin_label=\u00a0\u00bbPorte-plaquette\u00a0\u00bb _builder_version=\u00a0\u00bb4.27.4&Prime; _module_preset=\u00a0\u00bb236727f5-1545-4c4f-8fb2-6b2a93023e65&Prime; global_colors_info=\u00a0\u00bb{}\u00a0\u00bb]<!-- placeholder -->[\/et_pb_code][\/et_pb_column][et_pb_column type=\u00a0\u00bb1_5&Prime; _builder_version=\u00a0\u00bb4.27.4&Prime; _module_preset=\u00a0\u00bbdefault\u00a0\u00bb background_image=\u00a0\u00bbhttps:\/\/www.edelweiss.at\/wp-content\/uploads\/2025\/09\/Silvester2024.jpg\u00a0\u00bb global_colors_info=\u00a0\u00bb{}\u00a0\u00bb][et_pb_code admin_label=\u00a0\u00bbPorte-plaquette\u00a0\u00bb _builder_version=\u00a0\u00bb4.27.4&Prime; _module_preset=\u00a0\u00bb236727f5-1545-4c4f-8fb2-6b2a93023e65&Prime; global_colors_info=\u00a0\u00bb{}\u00a0\u00bb]<!-- placeholder -->[\/et_pb_code][\/et_pb_column][et_pb_column type=\u00a0\u00bb1_5&Prime; _builder_version=\u00a0\u00bb4.27.4&Prime; _module_preset=\u00a0\u00bbdefault\u00a0\u00bb background_image=\u00a0\u00bbhttps:\/\/www.edelweiss.at\/wp-content\/uploads\/2025\/09\/RezeDA.jpg\u00a0\u00bb global_colors_info=\u00a0\u00bb{}\u00a0\u00bb][et_pb_code admin_label=\u00a0\u00bbPorte-plaquette\u00a0\u00bb _builder_version=\u00a0\u00bb4.27.4&Prime; _module_preset=\u00a0\u00bb236727f5-1545-4c4f-8fb2-6b2a93023e65&Prime; global_colors_info=\u00a0\u00bb{}\u00a0\u00bb]<!-- placeholder -->[\/et_pb_code][\/et_pb_column][et_pb_column type=\u00a0\u00bb1_5&Prime; _builder_version=\u00a0\u00bb4.27.4&Prime; _module_preset=\u00a0\u00bbdefault\u00a0\u00bb background_image=\u00a0\u00bbhttps:\/\/www.edelweiss.at\/wp-content\/uploads\/2025\/11\/FH8A6335-e1762271559792.jpg\u00a0\u00bb global_colors_info=\u00a0\u00bb{}\u00a0\u00bb][et_pb_code admin_label=\u00a0\u00bbPorte-plaquette\u00a0\u00bb _builder_version=\u00a0\u00bb4.27.4&Prime; _module_preset=\u00a0\u00bb236727f5-1545-4c4f-8fb2-6b2a93023e65&Prime; global_colors_info=\u00a0\u00bb{}\u00a0\u00bb]<!-- placeholder -->[\/et_pb_code][\/et_pb_column][\/et_pb_row][\/et_pb_section]<\/p>\n","protected":false},"excerpt":{"rendered":"<p>H\u00f4tel Edelweiss Familie Gerber GmbH &amp; Co KGDanielstrasse 7 | A - 6631 LermoosTiroler Zugspitzarena | Austria 43 5673 2214E-mail : hotel@edelweiss.at UID : ATU 32960301Num\u00e9ro du registre du commerce : FN5054HG\u00e9rant : Daniela GerberAppartenance \u00e0 la chambre : Chambre de commerce du Tyrol - H\u00f4tellerieAutorit\u00e9 de surveillance (ECG) : Bezirkshauptmannschaft Reutte Lesconditions g\u00e9n\u00e9rales de [&hellip;]<\/p>\n","protected":false},"author":4,"featured_media":0,"parent":4848,"menu_order":45,"comment_status":"closed","ping_status":"closed","template":"","meta":{"_et_pb_use_builder":"on","_et_pb_old_content":"","_et_gb_content_width":"","footnotes":""},"class_list":["post-6887","page","type-page","status-publish","hentry"],"_links":{"self":[{"href":"https:\/\/www.edelweiss.at\/fr\/wp-json\/wp\/v2\/pages\/6887","targetHints":{"allow":["GET"]}}],"collection":[{"href":"https:\/\/www.edelweiss.at\/fr\/wp-json\/wp\/v2\/pages"}],"about":[{"href":"https:\/\/www.edelweiss.at\/fr\/wp-json\/wp\/v2\/types\/page"}],"author":[{"embeddable":true,"href":"https:\/\/www.edelweiss.at\/fr\/wp-json\/wp\/v2\/users\/4"}],"replies":[{"embeddable":true,"href":"https:\/\/www.edelweiss.at\/fr\/wp-json\/wp\/v2\/comments?post=6887"}],"version-history":[{"count":7,"href":"https:\/\/www.edelweiss.at\/fr\/wp-json\/wp\/v2\/pages\/6887\/revisions"}],"predecessor-version":[{"id":8317,"href":"https:\/\/www.edelweiss.at\/fr\/wp-json\/wp\/v2\/pages\/6887\/revisions\/8317"}],"up":[{"embeddable":true,"href":"https:\/\/www.edelweiss.at\/fr\/wp-json\/wp\/v2\/pages\/4848"}],"wp:attachment":[{"href":"https:\/\/www.edelweiss.at\/fr\/wp-json\/wp\/v2\/media?parent=6887"}],"curies":[{"name":"wp","href":"https:\/\/api.w.org\/{rel}","templated":true}]}}

Mentions légales

<p>[et_pb_section fb_built= »1&Prime; _builder_version= »4.27.4&Prime; _module_preset= »default » global_colors_info= »{} »][et_pb_row _builder_version= »4.27.4&Prime; _module_preset= »default » global_colors_info= »{} »][et_pb_column type= »4_4&Prime; _builder_version= »4.27.4&Prime; _module_preset= »default » global_colors_info= »{} »][et_pb_heading title= »Mentions légales » _builder_version= »4.27.4&Prime; _module_preset= »default » title_font= »Oswald|||||||| » global_colors_info= »{} »][/et_pb_heading][/et_pb_column][/et_pb_row][et_pb_row _builder_version= »4.27.4&Prime; _module_preset= »default » global_colors_info= »{} »][et_pb_column type= »4_4&Prime; _builder_version= »4.27.4&Prime; _module_preset= »default » global_colors_info= »{} »][et_pb_text _builder_version= »4.27.4&Prime; _module_preset= »default » global_colors_info= »{} »]</p>
<div id="c124" class="csc-default">
<div class="csc-header csc-header-n1">
<h2 class="csc-firstHeader">Hôtel Edelweiss</h2>
</div>
<p class="bodytext">Familie Gerber GmbH &amp; Co KG<br />Danielstrasse 7 | A - 6631 Lermoos<br />Tiroler Zugspitzarena | Austria</p>
</div>
<div id="c125" class="csc-default">
<p class="bodytext"><a href="tel:+4356732214" target="_blank" rel="noopener" title="Appeler le téléphone">43 5673 2214</a><br />E-mail :<span> </span><a href="mailto:hotel@edelweiss.at">hotel@edelweiss.at</a></p>
<p class="bodytext">UID : ATU 32960301<br />Numéro du registre du commerce : FN5054H<br />Gérant : Daniela Gerber<br />Appartenance à la chambre : Chambre de commerce du Tyrol - Hôtellerie<br />Autorité de surveillance (ECG) : Bezirkshauptmannschaft Reutte</p>
<p class="bodytext">Les<a href="https://www.wko.at/tirol/tourismus-freizeitwirtschaft/hotellerie/agb-hotellerie.pdf" title="Conditions générales de l&#039;HOTELLE" target="_blank" class="external-link-new-window" rel="noopener">conditions générales de l&rsquo;Association hôtelière autrichienne</a><span> </span> s&rsquo;appliquent.</p>
</div>
<p>[/et_pb_text][et_pb_text _builder_version= »4.27.4&Prime; _module_preset= »default » global_colors_info= »{} »]</p>
<div id="c124" class="csc-default">
<div class="csc-header csc-header-n1">
<h2 class="csc-firstHeader">Images</h2>
</div>
</div>
<div id="c125" class="csc-default">
<p class="bodytext">Archives Hotel Edelweiss, archives Tiroler Zugspitz Arena<br />Autres images : « Accordéon vintage, bouteille militaire sur la table en bois et fond rouge » Copyright : Zabotin Vadym / Shutterstock.com</p>
</div>
<p>[/et_pb_text][et_pb_text _builder_version= »4.27.4&Prime; _module_preset= »default » global_colors_info= »{} »]</p>
<div id="c124" class="csc-default">
<div class="csc-header csc-header-n1">
<h2 class="csc-firstHeader">Conception, design &amp; réalisation technique :</h2>
<p class="csc-firstHeader"><a href="https://www.diewebdesigner.com" target="_blank" rel="noopener"><span style="font-size: 16px;">Fabriqué par Silberleithen.</span></a></p>
</div>
</div>
<p>[/et_pb_text][/et_pb_column][/et_pb_row][/et_pb_section][et_pb_section fb_built= »1&Prime; _builder_version= »4.27.4&Prime; _module_preset= »default » global_colors_info= »{} »][et_pb_row column_structure= »1_5,1_5,1_5,1_5,1_5&Prime; _builder_version= »4.27.4&Prime; _module_preset= »dc5c2f5f-8414-453d-b24b-2e466a5de151&Prime; min_height= »25vh » global_colors_info= »{} »][et_pb_column type= »1_5&Prime; _builder_version= »4.27.4&Prime; _module_preset= »default » background_image= »https://www.edelweiss.at/wp-content/uploads/2025/10/Ausblick-mit-Suedbalkon.jpg » global_colors_info= »{} »][et_pb_code admin_label= »Porte-plaquette » _builder_version= »4.27.4&Prime; _module_preset= »236727f5-1545-4c4f-8fb2-6b2a93023e65&Prime; global_colors_info= »{} »]<!-- placeholder -->[/et_pb_code][/et_pb_column][et_pb_column type= »1_5&Prime; _builder_version= »4.27.4&Prime; _module_preset= »default » background_image= »https://www.edelweiss.at/wp-content/uploads/2025/09/Blockhaussauna1.jpg » global_colors_info= »{} »][et_pb_code admin_label= »Porte-plaquette » _builder_version= »4.27.4&Prime; _module_preset= »236727f5-1545-4c4f-8fb2-6b2a93023e65&Prime; global_colors_info= »{} »]<!-- placeholder -->[/et_pb_code][/et_pb_column][et_pb_column type= »1_5&Prime; _builder_version= »4.27.4&Prime; _module_preset= »default » background_image= »https://www.edelweiss.at/wp-content/uploads/2025/09/Silvester2024.jpg » global_colors_info= »{} »][et_pb_code admin_label= »Porte-plaquette » _builder_version= »4.27.4&Prime; _module_preset= »236727f5-1545-4c4f-8fb2-6b2a93023e65&Prime; global_colors_info= »{} »]<!-- placeholder -->[/et_pb_code][/et_pb_column][et_pb_column type= »1_5&Prime; _builder_version= »4.27.4&Prime; _module_preset= »default » background_image= »https://www.edelweiss.at/wp-content/uploads/2025/09/RezeDA.jpg » global_colors_info= »{} »][et_pb_code admin_label= »Porte-plaquette » _builder_version= »4.27.4&Prime; _module_preset= »236727f5-1545-4c4f-8fb2-6b2a93023e65&Prime; global_colors_info= »{} »]<!-- placeholder -->[/et_pb_code][/et_pb_column][et_pb_column type= »1_5&Prime; _builder_version= »4.27.4&Prime; _module_preset= »default » background_image= »https://www.edelweiss.at/wp-content/uploads/2025/11/FH8A6335-e1762271559792.jpg » global_colors_info= »{} »][et_pb_code admin_label= »Porte-plaquette » _builder_version= »4.27.4&Prime; _module_preset= »236727f5-1545-4c4f-8fb2-6b2a93023e65&Prime; global_colors_info= »{} »]<!-- placeholder -->[/et_pb_code][/et_pb_column][/et_pb_row][/et_pb_section]</p>

<p>Hôtel Edelweiss Familie Gerber GmbH &amp; Co KGDanielstrasse 7 | A - 6631 LermoosTiroler Zugspitzarena | Austria 43 5673 2214E-mail : hotel@edelweiss.at UID : ATU 32960301Numéro du registre du commerce : FN5054HGérant : Daniela GerberAppartenance à la chambre : Chambre de commerce du Tyrol - HôtellerieAutorité de surveillance (ECG) : Bezirkshauptmannschaft Reutte Lesconditions générales de [&hellip;]</p>
