{"id":3689,"date":"2025-11-18T17:35:16","date_gmt":"2025-11-18T16:35:16","guid":{"rendered":"https:\/\/www.edelweiss.at\/feuerlilie\/"},"modified":"2025-12-11T14:32:40","modified_gmt":"2025-12-11T13:32:40","slug":"feuerlilie","status":"publish","type":"page","link":"https:\/\/www.edelweiss.at\/it\/camere-e-prezzi\/feuerlilie\/","title":{"rendered":"Camera familiare Feuerlilie"},"content":{"rendered":"<p>[et_pb_section fb_built=&#8221;1&#8243; _builder_version=&#8221;4.27.4&#8243; _module_preset=&#8221;default&#8221; background_enable_image=&#8221;off&#8221; background_size=&#8221;initial&#8221; background_position=&#8221;bottom_left&#8221; global_colors_info=&#8221;{}&#8221;][et_pb_row column_structure=&#8221;2_5,3_5&#8243; _builder_version=&#8221;4.27.4&#8243; _module_preset=&#8221;default&#8221; global_colors_info=&#8221;{}&#8221;][et_pb_column type=&#8221;2_5&#8243; _builder_version=&#8221;4.27.4&#8243; _module_preset=&#8221;default&#8221; global_colors_info=&#8221;{}&#8221;][et_pb_heading title=&#8221;Camera familiare Feuerlilie&#8221; _builder_version=&#8221;4.27.4&#8243; _module_preset=&#8221;default&#8221; title_font=&#8221;Oswald||||||||&#8221; global_colors_info=&#8221;{}&#8221;][\/et_pb_heading][\/et_pb_column][et_pb_column type=&#8221;3_5&#8243; _builder_version=&#8221;4.27.4&#8243; _module_preset=&#8221;default&#8221; global_colors_info=&#8221;{}&#8221;][et_pb_text _builder_version=&#8221;4.27.4&#8243; _module_preset=&#8221;c3e701a1-03cd-4e9e-99f9-abe978defa21&#8243; global_colors_info=&#8221;{}&#8221;]<\/p>\n<div class=\"csc-header csc-header-n1\">\n<p class=\"csc-firstHeader\"><strong>Prezzi a partire da \u20ac 110,- <\/strong>a persona \/ notte<\/p>\n<\/div>\n<p>[\/et_pb_text][\/et_pb_column][\/et_pb_row][et_pb_row column_structure=&#8221;2_5,3_5&#8243; _builder_version=&#8221;4.27.4&#8243; _module_preset=&#8221;default&#8221; global_colors_info=&#8221;{}&#8221;][et_pb_column type=&#8221;2_5&#8243; _builder_version=&#8221;4.27.4&#8243; _module_preset=&#8221;default&#8221; global_colors_info=&#8221;{}&#8221;][et_pb_text _builder_version=&#8221;4.27.4&#8243; _module_preset=&#8221;default&#8221; global_colors_info=&#8221;{}&#8221;]<\/p>\n<blockquote>\n<p>Ogni camera \u00e8 stata progettata individualmente con grande attenzione ai dettagli.<\/p>\n<\/blockquote>\n<p>[\/et_pb_text][et_pb_text _builder_version=&#8221;4.27.4&#8243; _module_preset=&#8221;default&#8221; global_colors_info=&#8221;{}&#8221;]<\/p>\n<p><strong>Camera con:<\/strong><\/p>\n<ul>\n<li>\n<p>Bagno e doccia\/WC separati<\/p>\n<\/li>\n<li>\n<p><span style=\"font-size: 17px;\">2 camere da letto con 2 TV<\/span><\/p>\n<\/li>\n<li>\n<p><span style=\"font-size: 17px;\"><\/span><span style=\"font-size: 17px;\">Vista Zugspitze senza balcone<\/span><\/p>\n<\/li>\n<li>\n<p><span style=\"font-size: 17px;\"><\/span><span style=\"font-size: 17px;\">per 4-5 persone<\/span><\/p>\n<\/li>\n<\/ul>\n<p>[\/et_pb_text][et_pb_text _builder_version=&#8221;4.27.4&#8243; _module_preset=&#8221;default&#8221; global_module=&#8221;2530&#8243; global_colors_info=&#8221;{}&#8221;]<\/p>\n<div class=\"csc-header csc-header-n1\">\n<h2 class=\"csc-firstHeader\">Weitere Ausstattung:<\/h2>\n<\/div>\n<p class=\"bodytext\">Alle Zimmer\/Appartements verf\u00fcgen \u00fcber Telefon, Radio, Sat-TV, Safe und F\u00f6n.<\/p>\n<p>[\/et_pb_text][et_pb_button button_url=&#8221;@ET-DC@eyJkeW5hbWljIjp0cnVlLCJjb250ZW50IjoicG9zdF9saW5rX3VybF9wYWdlIiwic2V0dGluZ3MiOnsicG9zdF9pZCI6IjIzODUifX0=@&#8221; button_text=&#8221;Richieste dirette&#8221; _builder_version=&#8221;4.27.4&#8243; _dynamic_attributes=&#8221;button_url&#8221; _module_preset=&#8221;default&#8221; global_module=&#8221;2514&#8243; saved_tabs=&#8221;all&#8221; global_colors_info=&#8221;{}&#8221;][\/et_pb_button][\/et_pb_column][et_pb_column type=&#8221;3_5&#8243; _builder_version=&#8221;4.27.4&#8243; _module_preset=&#8221;default&#8221; global_colors_info=&#8221;{}&#8221;][et_pb_gallery gallery_ids=&#8221;3693,3512,3692,3694,3695,3697,3698,3700&#8243; fullwidth=&#8221;on&#8221; _builder_version=&#8221;4.27.5&#8243; _module_preset=&#8221;default&#8221; pagination_text_color=&#8221;#FFFFFF&#8221; hover_enabled=&#8221;0&#8243; global_colors_info=&#8221;{}&#8221; sticky_enabled=&#8221;0&#8243;][\/et_pb_gallery][\/et_pb_column][\/et_pb_row][\/et_pb_section]<\/p>\n","protected":false},"excerpt":{"rendered":"<p>Prezzi a partire da \u20ac 110,- a persona \/ notte Ogni camera \u00e8 stata progettata individualmente con grande attenzione ai dettagli. Camera con: Bagno e doccia\/WC separati 2 camere da letto con 2 TV Vista Zugspitze senza balcone per 4-5 persone Weitere Ausstattung: Alle Zimmer\/Appartements verf\u00fcgen \u00fcber Telefon, Radio, Sat-TV, Safe und F\u00f6n.<\/p>\n","protected":false},"author":4,"featured_media":0,"parent":3897,"menu_order":11,"comment_status":"closed","ping_status":"closed","template":"","meta":{"_et_pb_use_builder":"on","_et_pb_old_content":"","_et_gb_content_width":"","footnotes":""},"class_list":["post-3689","page","type-page","status-publish","hentry"],"_links":{"self":[{"href":"https:\/\/www.edelweiss.at\/it\/wp-json\/wp\/v2\/pages\/3689","targetHints":{"allow":["GET"]}}],"collection":[{"href":"https:\/\/www.edelweiss.at\/it\/wp-json\/wp\/v2\/pages"}],"about":[{"href":"https:\/\/www.edelweiss.at\/it\/wp-json\/wp\/v2\/types\/page"}],"author":[{"embeddable":true,"href":"https:\/\/www.edelweiss.at\/it\/wp-json\/wp\/v2\/users\/4"}],"replies":[{"embeddable":true,"href":"https:\/\/www.edelweiss.at\/it\/wp-json\/wp\/v2\/comments?post=3689"}],"version-history":[{"count":15,"href":"https:\/\/www.edelweiss.at\/it\/wp-json\/wp\/v2\/pages\/3689\/revisions"}],"predecessor-version":[{"id":8162,"href":"https:\/\/www.edelweiss.at\/it\/wp-json\/wp\/v2\/pages\/3689\/revisions\/8162"}],"up":[{"embeddable":true,"href":"https:\/\/www.edelweiss.at\/it\/wp-json\/wp\/v2\/pages\/3897"}],"wp:attachment":[{"href":"https:\/\/www.edelweiss.at\/it\/wp-json\/wp\/v2\/media?parent=3689"}],"curies":[{"name":"wp","href":"https:\/\/api.w.org\/{rel}","templated":true}]}}

<p>[et_pb_section fb_built=&#8221;1&#8243; _builder_version=&#8221;4.27.4&#8243; _module_preset=&#8221;default&#8221; background_enable_image=&#8221;off&#8221; background_size=&#8221;initial&#8221; background_position=&#8221;bottom_left&#8221; global_colors_info=&#8221;{}&#8221;][et_pb_row column_structure=&#8221;2_5,3_5&#8243; _builder_version=&#8221;4.27.4&#8243; _module_preset=&#8221;default&#8221; global_colors_info=&#8221;{}&#8221;][et_pb_column type=&#8221;2_5&#8243; _builder_version=&#8221;4.27.4&#8243; _module_preset=&#8221;default&#8221; global_colors_info=&#8221;{}&#8221;][et_pb_heading title=&#8221;Camera familiare Feuerlilie&#8221; _builder_version=&#8221;4.27.4&#8243; _module_preset=&#8221;default&#8221; title_font=&#8221;Oswald||||||||&#8221; global_colors_info=&#8221;{}&#8221;][/et_pb_heading][/et_pb_column][et_pb_column type=&#8221;3_5&#8243; _builder_version=&#8221;4.27.4&#8243; _module_preset=&#8221;default&#8221; global_colors_info=&#8221;{}&#8221;][et_pb_text _builder_version=&#8221;4.27.4&#8243; _module_preset=&#8221;c3e701a1-03cd-4e9e-99f9-abe978defa21&#8243; global_colors_info=&#8221;{}&#8221;]</p>
<div class="csc-header csc-header-n1">
<p class="csc-firstHeader"><strong>Prezzi a partire da € 110,- </strong>a persona / notte</p>
</div>
<p>[/et_pb_text][/et_pb_column][/et_pb_row][et_pb_row column_structure=&#8221;2_5,3_5&#8243; _builder_version=&#8221;4.27.4&#8243; _module_preset=&#8221;default&#8221; global_colors_info=&#8221;{}&#8221;][et_pb_column type=&#8221;2_5&#8243; _builder_version=&#8221;4.27.4&#8243; _module_preset=&#8221;default&#8221; global_colors_info=&#8221;{}&#8221;][et_pb_text _builder_version=&#8221;4.27.4&#8243; _module_preset=&#8221;default&#8221; global_colors_info=&#8221;{}&#8221;]</p>
<blockquote>
<p>Ogni camera è stata progettata individualmente con grande attenzione ai dettagli.</p>
</blockquote>
<p>[/et_pb_text][et_pb_text _builder_version=&#8221;4.27.4&#8243; _module_preset=&#8221;default&#8221; global_colors_info=&#8221;{}&#8221;]</p>
<p><strong>Camera con:</strong></p>
<ul>
<li>
<p>Bagno e doccia/WC separati</p>
</li>
<li>
<p><span style="font-size: 17px;">2 camere da letto con 2 TV</span></p>
</li>
<li>
<p><span style="font-size: 17px;"></span><span style="font-size: 17px;">Vista Zugspitze senza balcone</span></p>
</li>
<li>
<p><span style="font-size: 17px;"></span><span style="font-size: 17px;">per 4-5 persone</span></p>
</li>
</ul>
<p>[/et_pb_text][et_pb_text _builder_version=&#8221;4.27.4&#8243; _module_preset=&#8221;default&#8221; global_module=&#8221;2530&#8243; global_colors_info=&#8221;{}&#8221;]</p>
<div class="csc-header csc-header-n1">
<h2 class="csc-firstHeader">Weitere Ausstattung:</h2>
</div>
<p class="bodytext">Alle Zimmer/Appartements verfügen über Telefon, Radio, Sat-TV, Safe und Fön.</p>
<p>[/et_pb_text][et_pb_button button_url=&#8221;@ET-DC@eyJkeW5hbWljIjp0cnVlLCJjb250ZW50IjoicG9zdF9saW5rX3VybF9wYWdlIiwic2V0dGluZ3MiOnsicG9zdF9pZCI6IjIzODUifX0=@&#8221; button_text=&#8221;Richieste dirette&#8221; _builder_version=&#8221;4.27.4&#8243; _dynamic_attributes=&#8221;button_url&#8221; _module_preset=&#8221;default&#8221; global_module=&#8221;2514&#8243; saved_tabs=&#8221;all&#8221; global_colors_info=&#8221;{}&#8221;][/et_pb_button][/et_pb_column][et_pb_column type=&#8221;3_5&#8243; _builder_version=&#8221;4.27.4&#8243; _module_preset=&#8221;default&#8221; global_colors_info=&#8221;{}&#8221;][et_pb_gallery gallery_ids=&#8221;3693,3512,3692,3694,3695,3697,3698,3700&#8243; fullwidth=&#8221;on&#8221; _builder_version=&#8221;4.27.5&#8243; _module_preset=&#8221;default&#8221; pagination_text_color=&#8221;#FFFFFF&#8221; hover_enabled=&#8221;0&#8243; global_colors_info=&#8221;{}&#8221; sticky_enabled=&#8221;0&#8243;][/et_pb_gallery][/et_pb_column][/et_pb_row][/et_pb_section]</p>

<p>Prezzi a partire da € 110,- a persona / notte Ogni camera è stata progettata individualmente con grande attenzione ai dettagli. Camera con: Bagno e doccia/WC separati 2 camere da letto con 2 TV Vista Zugspitze senza balcone per 4-5 persone Weitere Ausstattung: Alle Zimmer/Appartements verfügen über Telefon, Radio, Sat-TV, Safe und Fön.</p>
