{"id":4542,"date":"2025-11-21T17:25:52","date_gmt":"2025-11-21T16:25:52","guid":{"rendered":"https:\/\/www.edelweiss.at\/divertimento-invernale\/"},"modified":"2025-12-11T14:12:48","modified_gmt":"2025-12-11T13:12:48","slug":"divertimento-invernale","status":"publish","type":"page","link":"https:\/\/www.edelweiss.at\/it\/attivita\/divertimento-invernale\/","title":{"rendered":"Divertimento invernale"},"content":{"rendered":"<p>[et_pb_section fb_built=&#8221;1&#8243; _builder_version=&#8221;4.27.4&#8243; _module_preset=&#8221;default&#8221; global_colors_info=&#8221;{}&#8221;][et_pb_row _builder_version=&#8221;4.27.4&#8243; _module_preset=&#8221;default&#8221; global_colors_info=&#8221;{}&#8221;][et_pb_column type=&#8221;4_4&#8243; _builder_version=&#8221;4.27.4&#8243; _module_preset=&#8221;default&#8221; global_colors_info=&#8221;{}&#8221;][et_pb_heading title=&#8221;Slittino, escursioni invernali&#8230;&#8221; _builder_version=&#8221;4.27.4&#8243; _module_preset=&#8221;default&#8221; title_font=&#8221;Oswald||||||||&#8221; global_colors_info=&#8221;{}&#8221;][\/et_pb_heading][\/et_pb_column][\/et_pb_row][et_pb_row column_structure=&#8221;3_5,2_5&#8243; _builder_version=&#8221;4.27.4&#8243; _module_preset=&#8221;default&#8221; global_colors_info=&#8221;{}&#8221;][et_pb_column type=&#8221;3_5&#8243; _builder_version=&#8221;4.27.4&#8243; _module_preset=&#8221;default&#8221; global_colors_info=&#8221;{}&#8221;][et_pb_text _builder_version=&#8221;4.27.4&#8243; _module_preset=&#8221;default&#8221; global_colors_info=&#8221;{}&#8221;]<\/p>\n<div id=\"c81\">\n<div>\n<div class=\"row\">\n<div class=\"small-12 large-12 columns\">\n<div id=\"c105\" class=\"csc-default\">\n<div class=\"row\">\n<div class=\"small-12 large-12 columns\">\n<div id=\"c109\" class=\"csc-default\">\n<p>Per cambiare, una serata in slittino, pattinaggio sul ghiaccio in discoteca o ciaspolate nel paesaggio invernale.<\/p>\n<p>Scopri l&#8217;impressionante mondo delle montagne a piedi o in slitta trainata da cavalli!<\/p>\n<p>Noia no grazie - divertimento, intrattenimento, variet\u00e0 per grandi e piccini!  <br \/>S\u00ec, \u00e8 cos\u00ec che una vacanza invernale diventa un&#8217;esperienza invernale!<\/p>\n<\/div>\n<\/div>\n<\/div>\n<div class=\"row\">\n<div class=\"small-12 large-6 columns\">\n<div id=\"c111\" class=\"csc-default\">\n<div><\/div>\n<\/div>\n<\/div>\n<\/div>\n<\/div>\n<\/div>\n<\/div>\n<div class=\"row\">\n<div class=\"small-12 large-6 columns\">\n<div id=\"c107\" class=\"csc-default\"><\/div>\n<\/div>\n<\/div>\n<\/div>\n<\/div>\n<p>[\/et_pb_text][et_pb_text _builder_version=&#8221;4.27.4&#8243; _module_preset=&#8221;default&#8221; global_colors_info=&#8221;{}&#8221;]<\/p>\n<p>Momenti morbidi durante un&#8217;escursione con i lama in inverno?<\/p>\n<p>I dolci animali ti accompagnano attraverso paesaggi innevati e ti offrono una prospettiva unica sulla natura invernale. Goditi l&#8217;aria fresca e il silenzio delle montagne mentre viaggi con questi affascinanti compagni di viaggio. Le escursioni con i lama sono un&#8217;avventura per grandi e piccini. Lasciati incantare dalla magia dell&#8217;inverno e crea ricordi che dureranno tutta la vita!<\/p>\n<p>[\/et_pb_text][\/et_pb_column][et_pb_column type=&#8221;2_5&#8243; _builder_version=&#8221;4.27.4&#8243; _module_preset=&#8221;default&#8221; global_colors_info=&#8221;{}&#8221;][et_pb_text _builder_version=&#8221;4.27.4&#8243; _module_preset=&#8221;064f11a0-6b82-4885-81c2-e85da605fa3c&#8221; global_colors_info=&#8221;{}&#8221;]<\/p>\n<blockquote>\n<p>Goditi la tranquillit\u00e0 della natura durante un&#8217;escursione con i lama. O il brivido dello slittino notturno? Tutti possono trovare la loro personale avventura invernale in una piacevole escursione con le racchette da neve.<\/p>\n<\/blockquote>\n<p>[\/et_pb_text][\/et_pb_column][\/et_pb_row][\/et_pb_section][et_pb_section fb_built=&#8221;1&#8243; _builder_version=&#8221;4.27.4&#8243; _module_preset=&#8221;default&#8221; global_colors_info=&#8221;{}&#8221;][et_pb_row column_structure=&#8221;1_5,1_5,1_5,1_5,1_5&#8243; _builder_version=&#8221;4.27.4&#8243; _module_preset=&#8221;dc5c2f5f-8414-453d-b24b-2e466a5de151&#8243; min_height=&#8221;25vh&#8221; hover_enabled=&#8221;0&#8243; global_colors_info=&#8221;{}&#8221; sticky_enabled=&#8221;0&#8243;][et_pb_column type=&#8221;1_5&#8243; _builder_version=&#8221;4.27.4&#8243; _module_preset=&#8221;default&#8221; background_image=&#8221;https:\/\/www.edelweiss.at\/wp-content\/uploads\/2025\/11\/LamawanderncTZA_C.-Jorda-45.jpg&#8221; global_colors_info=&#8221;{}&#8221;][et_pb_code admin_label=&#8221;Segnaposto&#8221; _builder_version=&#8221;4.27.4&#8243; _module_preset=&#8221;236727f5-1545-4c4f-8fb2-6b2a93023e65&#8243; global_colors_info=&#8221;{}&#8221; theme_builder_area=&#8221;post_content&#8221;]<!-- placeholder -->[\/et_pb_code][\/et_pb_column][et_pb_column type=&#8221;1_5&#8243; _builder_version=&#8221;4.27.4&#8243; _module_preset=&#8221;default&#8221; background_image=&#8221;https:\/\/www.edelweiss.at\/wp-content\/uploads\/2025\/11\/LamawanderncTZA_C.-Jorda-32.jpg&#8221; global_colors_info=&#8221;{}&#8221;][et_pb_code admin_label=&#8221;Segnaposto&#8221; _builder_version=&#8221;4.27.4&#8243; _module_preset=&#8221;236727f5-1545-4c4f-8fb2-6b2a93023e65&#8243; global_colors_info=&#8221;{}&#8221; theme_builder_area=&#8221;post_content&#8221;]<!-- placeholder -->[\/et_pb_code][\/et_pb_column][et_pb_column type=&#8221;1_5&#8243; _builder_version=&#8221;4.27.4&#8243; _module_preset=&#8221;default&#8221; background_image=&#8221;https:\/\/www.edelweiss.at\/wp-content\/uploads\/2025\/11\/FackelwanderncTZA_C.-Jorda-11.jpg&#8221; global_colors_info=&#8221;{}&#8221;][et_pb_code admin_label=&#8221;Segnaposto&#8221; _builder_version=&#8221;4.27.4&#8243; _module_preset=&#8221;236727f5-1545-4c4f-8fb2-6b2a93023e65&#8243; global_colors_info=&#8221;{}&#8221; theme_builder_area=&#8221;post_content&#8221;]<!-- placeholder -->[\/et_pb_code][\/et_pb_column][et_pb_column type=&#8221;1_5&#8243; _builder_version=&#8221;4.27.4&#8243; _module_preset=&#8221;default&#8221; background_image=&#8221;https:\/\/www.edelweiss.at\/wp-content\/uploads\/2025\/11\/PferdeschlittenfahrtcTZA_C.-Jorda-27.jpg&#8221; global_colors_info=&#8221;{}&#8221;][et_pb_code admin_label=&#8221;Segnaposto&#8221; _builder_version=&#8221;4.27.4&#8243; _module_preset=&#8221;236727f5-1545-4c4f-8fb2-6b2a93023e65&#8243; global_colors_info=&#8221;{}&#8221; theme_builder_area=&#8221;post_content&#8221;]<!-- placeholder -->[\/et_pb_code][\/et_pb_column][et_pb_column type=&#8221;1_5&#8243; _builder_version=&#8221;4.27.4&#8243; _module_preset=&#8221;default&#8221; background_image=&#8221;https:\/\/www.edelweiss.at\/wp-content\/uploads\/2025\/11\/PferdeschlittenfahrtcTZA_C.-Jorda-15.jpg&#8221; global_colors_info=&#8221;{}&#8221;][et_pb_code admin_label=&#8221;Segnaposto&#8221; _builder_version=&#8221;4.27.4&#8243; _module_preset=&#8221;236727f5-1545-4c4f-8fb2-6b2a93023e65&#8243; global_colors_info=&#8221;{}&#8221; theme_builder_area=&#8221;post_content&#8221;]<!-- placeholder -->[\/et_pb_code][\/et_pb_column][\/et_pb_row][\/et_pb_section][et_pb_section fb_built=&#8221;1&#8243; _builder_version=&#8221;4.27.4&#8243; _module_preset=&#8221;default&#8221; background_image=&#8221;https:\/\/www.edelweiss.at\/wp-content\/uploads\/2025\/11\/Schneeschuhwandern-Kelmen-und-BerwangcTZA_C.-Jorda-93.jpg&#8221; background_position=&#8221;top_center&#8221; min_height=&#8221;100vh&#8221; custom_padding=&#8221;0px||||false|false&#8221; global_colors_info=&#8221;{}&#8221;][et_pb_row _builder_version=&#8221;4.27.4&#8243; _module_preset=&#8221;default&#8221; custom_margin=&#8221;0px||0px||true|false&#8221; custom_padding=&#8221;0px||||false|false&#8221; global_colors_info=&#8221;{}&#8221;][et_pb_column type=&#8221;4_4&#8243; _builder_version=&#8221;4.27.4&#8243; _module_preset=&#8221;default&#8221; global_colors_info=&#8221;{}&#8221;][et_pb_text _builder_version=&#8221;4.27.4&#8243; _module_preset=&#8221;6f816b85-54bb-465f-83ef-9b2a5de5fa1f&#8221; background_color=&#8221;#223675&#8243; global_colors_info=&#8221;{}&#8221;]<\/p>\n<p>Godere della natura<\/p>\n<p>[\/et_pb_text][\/et_pb_column][\/et_pb_row][\/et_pb_section][et_pb_section fb_built=&#8221;1&#8243; _builder_version=&#8221;4.27.4&#8243; _module_preset=&#8221;default&#8221; background_color=&#8221;RGBA(255,255,255,0)&#8221; custom_margin=&#8221;-150px||0px||false|false&#8221; custom_padding=&#8221;0px||0px||false|false&#8221; global_colors_info=&#8221;{}&#8221;][et_pb_row column_structure=&#8221;1_3,2_3&#8243; use_custom_gutter=&#8221;on&#8221; gutter_width=&#8221;1&#8243; _builder_version=&#8221;4.27.4&#8243; _module_preset=&#8221;default&#8221; custom_margin=&#8221;0px||0px||false|false&#8221; custom_padding=&#8221;0px||0px||false|false&#8221; global_colors_info=&#8221;{}&#8221;][et_pb_column type=&#8221;1_3&#8243; _builder_version=&#8221;4.27.4&#8243; _module_preset=&#8221;default&#8221; global_colors_info=&#8221;{}&#8221;][et_pb_image src=&#8221;https:\/\/www.edelweiss.at\/wp-content\/uploads\/2025\/05\/ci-2025-square-blue.svg&#8221; title_text=&#8221;ci-2025-quadrato-blu&#8221; _builder_version=&#8221;4.27.4&#8243; _module_preset=&#8221;default&#8221; width=&#8221;250px&#8221; module_alignment=&#8221;center&#8221; height=&#8221;250px&#8221; custom_margin=&#8221;0px|0px|0px|0px|false|false&#8221; custom_padding=&#8221;0px|0px|0px|0px|false|false&#8221; global_colors_info=&#8221;{}&#8221;][\/et_pb_image][\/et_pb_column][et_pb_column type=&#8221;2_3&#8243; _builder_version=&#8221;4.27.4&#8243; _module_preset=&#8221;default&#8221; global_colors_info=&#8221;{}&#8221;][et_pb_text _builder_version=&#8221;4.27.4&#8243; _module_preset=&#8221;bb216964-205c-407e-95e0-94788f95e2c1&#8243; dvmd_acat_aria_hidden=&#8221;on&#8221; dvmd_acat_aria_hidden_selector=&#8221;.et_pb_text_inner&#8221; global_colors_info=&#8221;{}&#8221;]<\/p>\n<p style=\"text-align: center;\">Il fiore pi\u00f9 bello delle Alpi.<\/p>\n<p>[\/et_pb_text][\/et_pb_column][\/et_pb_row][\/et_pb_section][et_pb_section fb_built=&#8221;1&#8243; _builder_version=&#8221;4.27.4&#8243; _module_preset=&#8221;default&#8221; global_colors_info=&#8221;{}&#8221;][et_pb_row column_structure=&#8221;1_2,1_2&#8243; _builder_version=&#8221;4.27.4&#8243; _module_preset=&#8221;default&#8221; max_width=&#8221;80%&#8221; global_colors_info=&#8221;{}&#8221;][et_pb_column type=&#8221;1_2&#8243; _builder_version=&#8221;4.27.4&#8243; _module_preset=&#8221;default&#8221; global_colors_info=&#8221;{}&#8221;][et_pb_text quote_border_color=&#8221;#806C47&#8243; _builder_version=&#8221;4.27.4&#8243; _module_preset=&#8221;default&#8221; quote_font=&#8221;Aboreto|300|||||||&#8221; quote_text_color=&#8221;#806C47&#8243; global_colors_info=&#8221;{}&#8221;]<\/p>\n<blockquote>\n<p>Escursioni con le racchette da neve: un tipo diverso di scoperta!<\/p>\n<\/blockquote>\n<p>[\/et_pb_text][et_pb_text _builder_version=&#8221;4.27.4&#8243; _module_preset=&#8221;default&#8221; global_colors_info=&#8221;{}&#8221;]<\/p>\n<p>Una ciaspolata nella pittoresca Zugspitz Arena \u00e8 un&#8217;avventura indimenticabile che ti avvicina alla bellezza della natura invernale. Esplora il paesaggio incontaminato attraverso foreste innevate e prati scintillanti e goditi l&#8217;aria fresca e pulita.<\/p>\n<p>Le dolci colline e i sentieri tortuosi offrono a ogni escursionista l&#8217;opportunit\u00e0 ideale per vivere la tranquillit\u00e0 della natura. Da solo o in compagnia di amici e familiari, ogni passo sulle racchette da neve \u00e8 un&#8217;esperienza nuova che ti regala una sensazione di libert\u00e0 e gioia.<\/p>\n<p>[\/et_pb_text][\/et_pb_column][et_pb_column type=&#8221;1_2&#8243; _builder_version=&#8221;4.27.4&#8243; _module_preset=&#8221;default&#8221; global_colors_info=&#8221;{}&#8221;][et_pb_image src=&#8221;https:\/\/www.edelweiss.at\/wp-content\/uploads\/2025\/11\/Schneeschuhwandern-Kelmen-und-BerwangcTZA_C.-Jorda-49.jpg&#8221; title_text=&#8221;Escursioni con le ciaspole a Kelmen e Berwang(c)TZA_C. Jorda (49)&#8221; _builder_version=&#8221;4.27.4&#8243; _module_preset=&#8221;default&#8221; global_colors_info=&#8221;{}&#8221;][\/et_pb_image][\/et_pb_column][\/et_pb_row][\/et_pb_section]<\/p>\n","protected":false},"excerpt":{"rendered":"<p>Per cambiare, una serata in slittino, pattinaggio sul ghiaccio in discoteca o ciaspolate nel paesaggio invernale. Scopri l&#8217;impressionante mondo delle montagne a piedi o in slitta trainata da cavalli! Noia no grazie - divertimento, intrattenimento, variet\u00e0 per grandi e piccini! S\u00ec, \u00e8 cos\u00ec che una vacanza invernale diventa un&#8217;esperienza invernale! Momenti morbidi durante un&#8217;escursione con [&hellip;]<\/p>\n","protected":false},"author":2,"featured_media":0,"parent":4751,"menu_order":34,"comment_status":"closed","ping_status":"closed","template":"","meta":{"_et_pb_use_builder":"on","_et_pb_old_content":"","_et_gb_content_width":"","footnotes":""},"class_list":["post-4542","page","type-page","status-publish","hentry"],"_links":{"self":[{"href":"https:\/\/www.edelweiss.at\/it\/wp-json\/wp\/v2\/pages\/4542","targetHints":{"allow":["GET"]}}],"collection":[{"href":"https:\/\/www.edelweiss.at\/it\/wp-json\/wp\/v2\/pages"}],"about":[{"href":"https:\/\/www.edelweiss.at\/it\/wp-json\/wp\/v2\/types\/page"}],"author":[{"embeddable":true,"href":"https:\/\/www.edelweiss.at\/it\/wp-json\/wp\/v2\/users\/2"}],"replies":[{"embeddable":true,"href":"https:\/\/www.edelweiss.at\/it\/wp-json\/wp\/v2\/comments?post=4542"}],"version-history":[{"count":11,"href":"https:\/\/www.edelweiss.at\/it\/wp-json\/wp\/v2\/pages\/4542\/revisions"}],"predecessor-version":[{"id":5694,"href":"https:\/\/www.edelweiss.at\/it\/wp-json\/wp\/v2\/pages\/4542\/revisions\/5694"}],"up":[{"embeddable":true,"href":"https:\/\/www.edelweiss.at\/it\/wp-json\/wp\/v2\/pages\/4751"}],"wp:attachment":[{"href":"https:\/\/www.edelweiss.at\/it\/wp-json\/wp\/v2\/media?parent=4542"}],"curies":[{"name":"wp","href":"https:\/\/api.w.org\/{rel}","templated":true}]}}

<p>[et_pb_section fb_built=&#8221;1&#8243; _builder_version=&#8221;4.27.4&#8243; _module_preset=&#8221;default&#8221; global_colors_info=&#8221;{}&#8221;][et_pb_row _builder_version=&#8221;4.27.4&#8243; _module_preset=&#8221;default&#8221; global_colors_info=&#8221;{}&#8221;][et_pb_column type=&#8221;4_4&#8243; _builder_version=&#8221;4.27.4&#8243; _module_preset=&#8221;default&#8221; global_colors_info=&#8221;{}&#8221;][et_pb_heading title=&#8221;Slittino, escursioni invernali&#8230;&#8221; _builder_version=&#8221;4.27.4&#8243; _module_preset=&#8221;default&#8221; title_font=&#8221;Oswald||||||||&#8221; global_colors_info=&#8221;{}&#8221;][/et_pb_heading][/et_pb_column][/et_pb_row][et_pb_row column_structure=&#8221;3_5,2_5&#8243; _builder_version=&#8221;4.27.4&#8243; _module_preset=&#8221;default&#8221; global_colors_info=&#8221;{}&#8221;][et_pb_column type=&#8221;3_5&#8243; _builder_version=&#8221;4.27.4&#8243; _module_preset=&#8221;default&#8221; global_colors_info=&#8221;{}&#8221;][et_pb_text _builder_version=&#8221;4.27.4&#8243; _module_preset=&#8221;default&#8221; global_colors_info=&#8221;{}&#8221;]</p>
<div id="c81">
<div>
<div class="row">
<div class="small-12 large-12 columns">
<div id="c105" class="csc-default">
<div class="row">
<div class="small-12 large-12 columns">
<div id="c109" class="csc-default">
<p>Per cambiare, una serata in slittino, pattinaggio sul ghiaccio in discoteca o ciaspolate nel paesaggio invernale.</p>
<p>Scopri l&#8217;impressionante mondo delle montagne a piedi o in slitta trainata da cavalli!</p>
<p>Noia no grazie - divertimento, intrattenimento, varietà per grandi e piccini!  <br />Sì, è così che una vacanza invernale diventa un&#8217;esperienza invernale!</p>
</div>
</div>
</div>
<div class="row">
<div class="small-12 large-6 columns">
<div id="c111" class="csc-default">
<div></div>
</div>
</div>
</div>
</div>
</div>
</div>
<div class="row">
<div class="small-12 large-6 columns">
<div id="c107" class="csc-default"></div>
</div>
</div>
</div>
</div>
<p>[/et_pb_text][et_pb_text _builder_version=&#8221;4.27.4&#8243; _module_preset=&#8221;default&#8221; global_colors_info=&#8221;{}&#8221;]</p>
<p>Momenti morbidi durante un&#8217;escursione con i lama in inverno?</p>
<p>I dolci animali ti accompagnano attraverso paesaggi innevati e ti offrono una prospettiva unica sulla natura invernale. Goditi l&#8217;aria fresca e il silenzio delle montagne mentre viaggi con questi affascinanti compagni di viaggio. Le escursioni con i lama sono un&#8217;avventura per grandi e piccini. Lasciati incantare dalla magia dell&#8217;inverno e crea ricordi che dureranno tutta la vita!</p>
<p>[/et_pb_text][/et_pb_column][et_pb_column type=&#8221;2_5&#8243; _builder_version=&#8221;4.27.4&#8243; _module_preset=&#8221;default&#8221; global_colors_info=&#8221;{}&#8221;][et_pb_text _builder_version=&#8221;4.27.4&#8243; _module_preset=&#8221;064f11a0-6b82-4885-81c2-e85da605fa3c&#8221; global_colors_info=&#8221;{}&#8221;]</p>
<blockquote>
<p>Goditi la tranquillità della natura durante un&#8217;escursione con i lama. O il brivido dello slittino notturno? Tutti possono trovare la loro personale avventura invernale in una piacevole escursione con le racchette da neve.</p>
</blockquote>
<p>[/et_pb_text][/et_pb_column][/et_pb_row][/et_pb_section][et_pb_section fb_built=&#8221;1&#8243; _builder_version=&#8221;4.27.4&#8243; _module_preset=&#8221;default&#8221; global_colors_info=&#8221;{}&#8221;][et_pb_row column_structure=&#8221;1_5,1_5,1_5,1_5,1_5&#8243; _builder_version=&#8221;4.27.4&#8243; _module_preset=&#8221;dc5c2f5f-8414-453d-b24b-2e466a5de151&#8243; min_height=&#8221;25vh&#8221; hover_enabled=&#8221;0&#8243; global_colors_info=&#8221;{}&#8221; sticky_enabled=&#8221;0&#8243;][et_pb_column type=&#8221;1_5&#8243; _builder_version=&#8221;4.27.4&#8243; _module_preset=&#8221;default&#8221; background_image=&#8221;https://www.edelweiss.at/wp-content/uploads/2025/11/LamawanderncTZA_C.-Jorda-45.jpg&#8221; global_colors_info=&#8221;{}&#8221;][et_pb_code admin_label=&#8221;Segnaposto&#8221; _builder_version=&#8221;4.27.4&#8243; _module_preset=&#8221;236727f5-1545-4c4f-8fb2-6b2a93023e65&#8243; global_colors_info=&#8221;{}&#8221; theme_builder_area=&#8221;post_content&#8221;]<!-- placeholder -->[/et_pb_code][/et_pb_column][et_pb_column type=&#8221;1_5&#8243; _builder_version=&#8221;4.27.4&#8243; _module_preset=&#8221;default&#8221; background_image=&#8221;https://www.edelweiss.at/wp-content/uploads/2025/11/LamawanderncTZA_C.-Jorda-32.jpg&#8221; global_colors_info=&#8221;{}&#8221;][et_pb_code admin_label=&#8221;Segnaposto&#8221; _builder_version=&#8221;4.27.4&#8243; _module_preset=&#8221;236727f5-1545-4c4f-8fb2-6b2a93023e65&#8243; global_colors_info=&#8221;{}&#8221; theme_builder_area=&#8221;post_content&#8221;]<!-- placeholder -->[/et_pb_code][/et_pb_column][et_pb_column type=&#8221;1_5&#8243; _builder_version=&#8221;4.27.4&#8243; _module_preset=&#8221;default&#8221; background_image=&#8221;https://www.edelweiss.at/wp-content/uploads/2025/11/FackelwanderncTZA_C.-Jorda-11.jpg&#8221; global_colors_info=&#8221;{}&#8221;][et_pb_code admin_label=&#8221;Segnaposto&#8221; _builder_version=&#8221;4.27.4&#8243; _module_preset=&#8221;236727f5-1545-4c4f-8fb2-6b2a93023e65&#8243; global_colors_info=&#8221;{}&#8221; theme_builder_area=&#8221;post_content&#8221;]<!-- placeholder -->[/et_pb_code][/et_pb_column][et_pb_column type=&#8221;1_5&#8243; _builder_version=&#8221;4.27.4&#8243; _module_preset=&#8221;default&#8221; background_image=&#8221;https://www.edelweiss.at/wp-content/uploads/2025/11/PferdeschlittenfahrtcTZA_C.-Jorda-27.jpg&#8221; global_colors_info=&#8221;{}&#8221;][et_pb_code admin_label=&#8221;Segnaposto&#8221; _builder_version=&#8221;4.27.4&#8243; _module_preset=&#8221;236727f5-1545-4c4f-8fb2-6b2a93023e65&#8243; global_colors_info=&#8221;{}&#8221; theme_builder_area=&#8221;post_content&#8221;]<!-- placeholder -->[/et_pb_code][/et_pb_column][et_pb_column type=&#8221;1_5&#8243; _builder_version=&#8221;4.27.4&#8243; _module_preset=&#8221;default&#8221; background_image=&#8221;https://www.edelweiss.at/wp-content/uploads/2025/11/PferdeschlittenfahrtcTZA_C.-Jorda-15.jpg&#8221; global_colors_info=&#8221;{}&#8221;][et_pb_code admin_label=&#8221;Segnaposto&#8221; _builder_version=&#8221;4.27.4&#8243; _module_preset=&#8221;236727f5-1545-4c4f-8fb2-6b2a93023e65&#8243; global_colors_info=&#8221;{}&#8221; theme_builder_area=&#8221;post_content&#8221;]<!-- placeholder -->[/et_pb_code][/et_pb_column][/et_pb_row][/et_pb_section][et_pb_section fb_built=&#8221;1&#8243; _builder_version=&#8221;4.27.4&#8243; _module_preset=&#8221;default&#8221; background_image=&#8221;https://www.edelweiss.at/wp-content/uploads/2025/11/Schneeschuhwandern-Kelmen-und-BerwangcTZA_C.-Jorda-93.jpg&#8221; background_position=&#8221;top_center&#8221; min_height=&#8221;100vh&#8221; custom_padding=&#8221;0px||||false|false&#8221; global_colors_info=&#8221;{}&#8221;][et_pb_row _builder_version=&#8221;4.27.4&#8243; _module_preset=&#8221;default&#8221; custom_margin=&#8221;0px||0px||true|false&#8221; custom_padding=&#8221;0px||||false|false&#8221; global_colors_info=&#8221;{}&#8221;][et_pb_column type=&#8221;4_4&#8243; _builder_version=&#8221;4.27.4&#8243; _module_preset=&#8221;default&#8221; global_colors_info=&#8221;{}&#8221;][et_pb_text _builder_version=&#8221;4.27.4&#8243; _module_preset=&#8221;6f816b85-54bb-465f-83ef-9b2a5de5fa1f&#8221; background_color=&#8221;#223675&#8243; global_colors_info=&#8221;{}&#8221;]</p>
<p>Godere della natura</p>
<p>[/et_pb_text][/et_pb_column][/et_pb_row][/et_pb_section][et_pb_section fb_built=&#8221;1&#8243; _builder_version=&#8221;4.27.4&#8243; _module_preset=&#8221;default&#8221; background_color=&#8221;RGBA(255,255,255,0)&#8221; custom_margin=&#8221;-150px||0px||false|false&#8221; custom_padding=&#8221;0px||0px||false|false&#8221; global_colors_info=&#8221;{}&#8221;][et_pb_row column_structure=&#8221;1_3,2_3&#8243; use_custom_gutter=&#8221;on&#8221; gutter_width=&#8221;1&#8243; _builder_version=&#8221;4.27.4&#8243; _module_preset=&#8221;default&#8221; custom_margin=&#8221;0px||0px||false|false&#8221; custom_padding=&#8221;0px||0px||false|false&#8221; global_colors_info=&#8221;{}&#8221;][et_pb_column type=&#8221;1_3&#8243; _builder_version=&#8221;4.27.4&#8243; _module_preset=&#8221;default&#8221; global_colors_info=&#8221;{}&#8221;][et_pb_image src=&#8221;https://www.edelweiss.at/wp-content/uploads/2025/05/ci-2025-square-blue.svg&#8221; title_text=&#8221;ci-2025-quadrato-blu&#8221; _builder_version=&#8221;4.27.4&#8243; _module_preset=&#8221;default&#8221; width=&#8221;250px&#8221; module_alignment=&#8221;center&#8221; height=&#8221;250px&#8221; custom_margin=&#8221;0px|0px|0px|0px|false|false&#8221; custom_padding=&#8221;0px|0px|0px|0px|false|false&#8221; global_colors_info=&#8221;{}&#8221;][/et_pb_image][/et_pb_column][et_pb_column type=&#8221;2_3&#8243; _builder_version=&#8221;4.27.4&#8243; _module_preset=&#8221;default&#8221; global_colors_info=&#8221;{}&#8221;][et_pb_text _builder_version=&#8221;4.27.4&#8243; _module_preset=&#8221;bb216964-205c-407e-95e0-94788f95e2c1&#8243; dvmd_acat_aria_hidden=&#8221;on&#8221; dvmd_acat_aria_hidden_selector=&#8221;.et_pb_text_inner&#8221; global_colors_info=&#8221;{}&#8221;]</p>
<p style="text-align: center;">Il fiore più bello delle Alpi.</p>
<p>[/et_pb_text][/et_pb_column][/et_pb_row][/et_pb_section][et_pb_section fb_built=&#8221;1&#8243; _builder_version=&#8221;4.27.4&#8243; _module_preset=&#8221;default&#8221; global_colors_info=&#8221;{}&#8221;][et_pb_row column_structure=&#8221;1_2,1_2&#8243; _builder_version=&#8221;4.27.4&#8243; _module_preset=&#8221;default&#8221; max_width=&#8221;80%&#8221; global_colors_info=&#8221;{}&#8221;][et_pb_column type=&#8221;1_2&#8243; _builder_version=&#8221;4.27.4&#8243; _module_preset=&#8221;default&#8221; global_colors_info=&#8221;{}&#8221;][et_pb_text quote_border_color=&#8221;#806C47&#8243; _builder_version=&#8221;4.27.4&#8243; _module_preset=&#8221;default&#8221; quote_font=&#8221;Aboreto|300|||||||&#8221; quote_text_color=&#8221;#806C47&#8243; global_colors_info=&#8221;{}&#8221;]</p>
<blockquote>
<p>Escursioni con le racchette da neve: un tipo diverso di scoperta!</p>
</blockquote>
<p>[/et_pb_text][et_pb_text _builder_version=&#8221;4.27.4&#8243; _module_preset=&#8221;default&#8221; global_colors_info=&#8221;{}&#8221;]</p>
<p>Una ciaspolata nella pittoresca Zugspitz Arena è un&#8217;avventura indimenticabile che ti avvicina alla bellezza della natura invernale. Esplora il paesaggio incontaminato attraverso foreste innevate e prati scintillanti e goditi l&#8217;aria fresca e pulita.</p>
<p>Le dolci colline e i sentieri tortuosi offrono a ogni escursionista l&#8217;opportunità ideale per vivere la tranquillità della natura. Da solo o in compagnia di amici e familiari, ogni passo sulle racchette da neve è un&#8217;esperienza nuova che ti regala una sensazione di libertà e gioia.</p>
<p>[/et_pb_text][/et_pb_column][et_pb_column type=&#8221;1_2&#8243; _builder_version=&#8221;4.27.4&#8243; _module_preset=&#8221;default&#8221; global_colors_info=&#8221;{}&#8221;][et_pb_image src=&#8221;https://www.edelweiss.at/wp-content/uploads/2025/11/Schneeschuhwandern-Kelmen-und-BerwangcTZA_C.-Jorda-49.jpg&#8221; title_text=&#8221;Escursioni con le ciaspole a Kelmen e Berwang(c)TZA_C. Jorda (49)&#8221; _builder_version=&#8221;4.27.4&#8243; _module_preset=&#8221;default&#8221; global_colors_info=&#8221;{}&#8221;][/et_pb_image][/et_pb_column][/et_pb_row][/et_pb_section]</p>

<p>Per cambiare, una serata in slittino, pattinaggio sul ghiaccio in discoteca o ciaspolate nel paesaggio invernale. Scopri l&#8217;impressionante mondo delle montagne a piedi o in slitta trainata da cavalli! Noia no grazie - divertimento, intrattenimento, varietà per grandi e piccini! Sì, è così che una vacanza invernale diventa un&#8217;esperienza invernale! Momenti morbidi durante un&#8217;escursione con [&hellip;]</p>
