{"id":4653,"date":"2025-10-29T11:04:37","date_gmt":"2025-10-29T10:04:37","guid":{"rendered":"https:\/\/www.edelweiss.at\/ledelweiss\/"},"modified":"2025-12-11T14:31:30","modified_gmt":"2025-12-11T13:31:30","slug":"ledelweiss","status":"publish","type":"page","link":"https:\/\/www.edelweiss.at\/it\/ledelweiss\/","title":{"rendered":"La Edelweiss"},"content":{"rendered":"<p>[et_pb_section fb_built=&#8221;1&#8243; _builder_version=&#8221;4.27.4&#8243; _module_preset=&#8221;default&#8221; global_colors_info=&#8221;{}&#8221;][et_pb_row _builder_version=&#8221;4.27.4&#8243; _module_preset=&#8221;default&#8221; global_colors_info=&#8221;{}&#8221;][et_pb_column type=&#8221;4_4&#8243; _builder_version=&#8221;4.27.4&#8243; _module_preset=&#8221;default&#8221; global_colors_info=&#8221;{}&#8221;][et_pb_heading title=&#8221;L&#039;Edelweiss \u00e8 un hotel con tradizione a Lermoos&#8221; _builder_version=&#8221;4.27.4&#8243; _module_preset=&#8221;default&#8221; title_font=&#8221;Oswald||||||||&#8221; hover_enabled=&#8221;0&#8243; global_colors_info=&#8221;{}&#8221; sticky_enabled=&#8221;0&#8243;][\/et_pb_heading][\/et_pb_column][\/et_pb_row][et_pb_row column_structure=&#8221;3_5,2_5&#8243; _builder_version=&#8221;4.27.4&#8243; _module_preset=&#8221;default&#8221; global_colors_info=&#8221;{}&#8221;][et_pb_column type=&#8221;3_5&#8243; _builder_version=&#8221;4.27.4&#8243; _module_preset=&#8221;default&#8221; global_colors_info=&#8221;{}&#8221;][et_pb_text _builder_version=&#8221;4.27.4&#8243; _module_preset=&#8221;default&#8221; hover_enabled=&#8221;0&#8243; global_colors_info=&#8221;{}&#8221; sticky_enabled=&#8221;0&#8243;]L&#8217;Edelweiss \u00e8 un luogo di relax e benessere a Lermoos da molti anni. Qui, tradizione e calda ospitalit\u00e0 si uniscono per creare un&#8217;esperienza di vacanza indimenticabile. Goditi l&#8217;ambiente idilliaco che ti invita a rilassarti e a lasciarti alle spalle la vita quotidiana. Che si tratti di una cena intima o di una chiacchierata con persone che la pensano come te, qui troverai l&#8217;atmosfera perfetta per fare nuove amicizie e rilassarti. Scopri la bellezza della natura e la variet\u00e0 di attivit\u00e0 che ti aiuteranno a ricaricare le batterie. Il tuo benessere \u00e8 la nostra preoccupazione e non vediamo l&#8217;ora di regalarti momenti indimenticabili![\/et_pb_text][et_pb_image src=&#8221;https:\/\/www.edelweiss.at\/wp-content\/uploads\/2025\/11\/FH8A6335-e1762271559792.jpg&#8221; _builder_version=&#8221;4.27.4&#8243; _module_preset=&#8221;default&#8221; alt=&#8221;Elegante camera d&#039;albergo con letto confortevole, arredamento in legno e accogliente area salotto in un alloggio austriaco di Edelweiss.at.&#8221; title_text=&#8221;FH8A6335&#8243; hover_enabled=&#8221;0&#8243; sticky_enabled=&#8221;0&#8243;][\/et_pb_image][et_pb_text _builder_version=&#8221;4.27.4&#8243; _module_preset=&#8221;default&#8221; hover_enabled=&#8221;0&#8243; global_colors_info=&#8221;{}&#8221; sticky_enabled=&#8221;0&#8243;]Prova una variet\u00e0 di delizie culinarie che stuzzicheranno i tuoi sensi e delizieranno ogni palato. La nostra fantastica area piscina ti invita a rilassarti e a giocare, mentre la sauna e le aree relax ti offrono il perfetto time-out. Goditi le camere spaziose progettate con grande attenzione ai dettagli e assapora i piatti deliziosi dei nostri invitanti ristoranti. Con noi non troverai solo un posto dove stare, ma una casa dove sentirti completamente a tuo agio. Non vediamo l&#8217;ora di regalarti momenti indimenticabili![\/et_pb_text][\/et_pb_column][et_pb_column type=&#8221;2_5&#8243; _builder_version=&#8221;4.27.4&#8243; _module_preset=&#8221;default&#8221; global_colors_info=&#8221;{}&#8221;][et_pb_text _builder_version=&#8221;4.27.4&#8243; _module_preset=&#8221;default&#8221; global_colors_info=&#8221;{}&#8221; hover_enabled=&#8221;0&#8243; sticky_enabled=&#8221;0&#8243;]<\/p>\n<blockquote>\n<p>L&#8217;Edelweiss \u00e8 una pianta affascinante.<\/p>\n<p>&nbsp;<\/p>\n<p>Con i suoi caratteristici fiori bianchi che brillano come stelle sul fianco della montagna, simboleggia la bellezza incontaminata delle Alpi.<\/p>\n<\/blockquote>\n<p>[\/et_pb_text][et_pb_image src=&#8221;https:\/\/www.edelweiss.at\/wp-content\/uploads\/2025\/11\/92edelweiss.jpg&#8221; _builder_version=&#8221;4.27.4&#8243; _module_preset=&#8221;default&#8221; title_text=&#8221;92edelweiss&#8221; hover_enabled=&#8221;0&#8243; sticky_enabled=&#8221;0&#8243;][\/et_pb_image][\/et_pb_column][\/et_pb_row][\/et_pb_section][et_pb_section fb_built=&#8221;1&#8243; _builder_version=&#8221;4.27.4&#8243; _module_preset=&#8221;default&#8221; background_image=&#8221;https:\/\/www.edelweiss.at\/wp-content\/uploads\/2025\/09\/Bar.jpg&#8221; background_position=&#8221;top_center&#8221; min_height=&#8221;100vh&#8221; custom_padding=&#8221;0px||||false|false&#8221; hover_enabled=&#8221;0&#8243; global_colors_info=&#8221;{}&#8221; alt=&#8221;Stilvolle Bar mit roten Samtst\u00fchlen, warmes Holzinterieur, modernes Ambiente, perfekte Location f\u00fcr Apr\u00e8s-Ski in \u00d6sterreich.&#8221; title_text=&#8221;Bar&#8221; sticky_enabled=&#8221;0&#8243;][et_pb_row _builder_version=&#8221;4.27.4&#8243; _module_preset=&#8221;default&#8221; custom_margin=&#8221;0px||0px||true|false&#8221; custom_padding=&#8221;0px||||false|false&#8221; global_colors_info=&#8221;{}&#8221;][et_pb_column type=&#8221;4_4&#8243; _builder_version=&#8221;4.27.4&#8243; _module_preset=&#8221;default&#8221; global_colors_info=&#8221;{}&#8221;][et_pb_text _builder_version=&#8221;4.27.4&#8243; _module_preset=&#8221;6f816b85-54bb-465f-83ef-9b2a5de5fa1f&#8221; hover_enabled=&#8221;0&#8243; global_colors_info=&#8221;{}&#8221; background_color=&#8221;#998888&#8243; sticky_enabled=&#8221;0&#8243;]<\/p>\n<p>Accogliente.<\/p>\n<p>[\/et_pb_text][\/et_pb_column][\/et_pb_row][\/et_pb_section][et_pb_section fb_built=&#8221;1&#8243; _builder_version=&#8221;4.27.4&#8243; _module_preset=&#8221;default&#8221; background_color=&#8221;RGBA(255,255,255,0)&#8221; custom_margin=&#8221;-150px||0px||false|false&#8221; custom_padding=&#8221;0px||0px||false|false&#8221; global_colors_info=&#8221;{}&#8221;][et_pb_row column_structure=&#8221;1_3,2_3&#8243; use_custom_gutter=&#8221;on&#8221; gutter_width=&#8221;1&#8243; _builder_version=&#8221;4.27.4&#8243; _module_preset=&#8221;default&#8221; custom_margin=&#8221;0px||0px||false|false&#8221; custom_padding=&#8221;0px||0px||false|false&#8221; global_colors_info=&#8221;{}&#8221;][et_pb_column type=&#8221;1_3&#8243; _builder_version=&#8221;4.27.4&#8243; _module_preset=&#8221;default&#8221; global_colors_info=&#8221;{}&#8221;][et_pb_image src=&#8221;https:\/\/www.edelweiss.at\/wp-content\/uploads\/2025\/09\/ci-2025-square-taupe.svg&#8221; title_text=&#8221;ci-2025-quadrato-taupe&#8221; _builder_version=&#8221;4.27.4&#8243; _module_preset=&#8221;default&#8221; width=&#8221;250px&#8221; module_alignment=&#8221;center&#8221; height=&#8221;250px&#8221; custom_margin=&#8221;0px|0px|0px|0px|false|false&#8221; custom_padding=&#8221;0px|0px|0px|0px|false|false&#8221; hover_enabled=&#8221;0&#8243; global_colors_info=&#8221;{}&#8221; sticky_enabled=&#8221;0&#8243;][\/et_pb_image][\/et_pb_column][et_pb_column type=&#8221;2_3&#8243; _builder_version=&#8221;4.27.4&#8243; _module_preset=&#8221;default&#8221; global_colors_info=&#8221;{}&#8221;][et_pb_text _builder_version=&#8221;4.27.4&#8243; _module_preset=&#8221;bb216964-205c-407e-95e0-94788f95e2c1&#8243; dvmd_acat_aria_hidden=&#8221;on&#8221; dvmd_acat_aria_hidden_selector=&#8221;.et_pb_text_inner&#8221; global_colors_info=&#8221;{}&#8221;]<\/p>\n<p style=\"text-align: center;\">Il fiore pi\u00f9 bello delle Alpi.<\/p>\n<p>[\/et_pb_text][\/et_pb_column][\/et_pb_row][\/et_pb_section][et_pb_section fb_built=&#8221;1&#8243; _builder_version=&#8221;4.27.4&#8243; _module_preset=&#8221;default&#8221; global_colors_info=&#8221;{}&#8221;][et_pb_row column_structure=&#8221;1_3,2_3&#8243; _builder_version=&#8221;4.27.4&#8243; _module_preset=&#8221;default&#8221; max_width=&#8221;80%&#8221; global_colors_info=&#8221;{}&#8221;][et_pb_column type=&#8221;1_3&#8243; _builder_version=&#8221;4.27.4&#8243; _module_preset=&#8221;default&#8221; global_colors_info=&#8221;{}&#8221;][et_pb_text _builder_version=&#8221;4.27.4&#8243; _module_preset=&#8221;064f11a0-6b82-4885-81c2-e85da605fa3c&#8221; global_colors_info=&#8221;{}&#8221;]<\/p>\n<blockquote>\n<p>Un&#8217;esperienza davvero straordinaria che porta con s\u00e9 ricordi meravigliosi<\/p>\n<\/blockquote>\n<p>[\/et_pb_text][et_pb_text _builder_version=&#8221;4.27.4&#8243; _module_preset=&#8221;default&#8221; hover_enabled=&#8221;0&#8243; global_colors_info=&#8221;{}&#8221; sticky_enabled=&#8221;0&#8243;]<\/p>\n<p>I nostri ospiti abituali sanno che l&#8217;Hotel Edelweiss \u00e8 un luogo molto speciale. Qui non solo trovano un luogo di ritiro, ma anche una seconda casa dove sentirsi completamente a proprio agio. L&#8217;atmosfera accogliente e il servizio attento fanno s\u00ec che ogni soggiorno sia un&#8217;esperienza indimenticabile.<\/p>\n<p>I nostri ospiti apprezzano le camere arredate con stile e l&#8217;opportunit\u00e0 di esplorare la natura mozzafiato proprio davanti alla porta di casa.<\/p>\n<p>Le specialit\u00e0 culinarie della regione, preparate con amore, completano l&#8217;offerta e trasformano ogni visita in una festa per i sensi.<\/p>\n<p>[\/et_pb_text][\/et_pb_column][et_pb_column type=&#8221;2_3&#8243; _builder_version=&#8221;4.27.4&#8243; _module_preset=&#8221;default&#8221; global_colors_info=&#8221;{}&#8221;][et_pb_image src=&#8221;https:\/\/www.edelweiss.at\/wp-content\/uploads\/2025\/09\/005_fotostudiorene.jpg&#8221; title_text=&#8221;005_fotostudiorene&#8221; _builder_version=&#8221;4.27.4&#8243; _module_preset=&#8221;default&#8221; hover_enabled=&#8221;0&#8243; global_colors_info=&#8221;{}&#8221; alt=&#8221;Spaziosa camera d&#039;albergo con accogliente area salotto, decorazioni in legno e vista sulle montagne, ideale per un soggiorno rilassante nelle Alpi austriache.&#8221; sticky_enabled=&#8221;0&#8243;][\/et_pb_image][\/et_pb_column][\/et_pb_row][\/et_pb_section]<\/p>\n","protected":false},"excerpt":{"rendered":"<p>L&#8217;Edelweiss \u00e8 un luogo di relax e benessere a Lermoos da molti anni. Qui, tradizione e calda ospitalit\u00e0 si uniscono per creare un&#8217;esperienza di vacanza indimenticabile. Goditi l&#8217;ambiente idilliaco che ti invita a rilassarti e a lasciarti alle spalle la vita quotidiana. Che si tratti di una cena intima o di una chiacchierata con persone [&hellip;]<\/p>\n","protected":false},"author":4,"featured_media":0,"parent":0,"menu_order":3,"comment_status":"closed","ping_status":"closed","template":"","meta":{"_et_pb_use_builder":"on","_et_pb_old_content":"","_et_gb_content_width":"","footnotes":""},"class_list":["post-4653","page","type-page","status-publish","hentry"],"_links":{"self":[{"href":"https:\/\/www.edelweiss.at\/it\/wp-json\/wp\/v2\/pages\/4653","targetHints":{"allow":["GET"]}}],"collection":[{"href":"https:\/\/www.edelweiss.at\/it\/wp-json\/wp\/v2\/pages"}],"about":[{"href":"https:\/\/www.edelweiss.at\/it\/wp-json\/wp\/v2\/types\/page"}],"author":[{"embeddable":true,"href":"https:\/\/www.edelweiss.at\/it\/wp-json\/wp\/v2\/users\/4"}],"replies":[{"embeddable":true,"href":"https:\/\/www.edelweiss.at\/it\/wp-json\/wp\/v2\/comments?post=4653"}],"version-history":[{"count":2,"href":"https:\/\/www.edelweiss.at\/it\/wp-json\/wp\/v2\/pages\/4653\/revisions"}],"predecessor-version":[{"id":8003,"href":"https:\/\/www.edelweiss.at\/it\/wp-json\/wp\/v2\/pages\/4653\/revisions\/8003"}],"wp:attachment":[{"href":"https:\/\/www.edelweiss.at\/it\/wp-json\/wp\/v2\/media?parent=4653"}],"curies":[{"name":"wp","href":"https:\/\/api.w.org\/{rel}","templated":true}]}}

<p>[et_pb_section fb_built=&#8221;1&#8243; _builder_version=&#8221;4.27.4&#8243; _module_preset=&#8221;default&#8221; global_colors_info=&#8221;{}&#8221;][et_pb_row _builder_version=&#8221;4.27.4&#8243; _module_preset=&#8221;default&#8221; global_colors_info=&#8221;{}&#8221;][et_pb_column type=&#8221;4_4&#8243; _builder_version=&#8221;4.27.4&#8243; _module_preset=&#8221;default&#8221; global_colors_info=&#8221;{}&#8221;][et_pb_heading title=&#8221;L&#039;Edelweiss è un hotel con tradizione a Lermoos&#8221; _builder_version=&#8221;4.27.4&#8243; _module_preset=&#8221;default&#8221; title_font=&#8221;Oswald||||||||&#8221; hover_enabled=&#8221;0&#8243; global_colors_info=&#8221;{}&#8221; sticky_enabled=&#8221;0&#8243;][/et_pb_heading][/et_pb_column][/et_pb_row][et_pb_row column_structure=&#8221;3_5,2_5&#8243; _builder_version=&#8221;4.27.4&#8243; _module_preset=&#8221;default&#8221; global_colors_info=&#8221;{}&#8221;][et_pb_column type=&#8221;3_5&#8243; _builder_version=&#8221;4.27.4&#8243; _module_preset=&#8221;default&#8221; global_colors_info=&#8221;{}&#8221;][et_pb_text _builder_version=&#8221;4.27.4&#8243; _module_preset=&#8221;default&#8221; hover_enabled=&#8221;0&#8243; global_colors_info=&#8221;{}&#8221; sticky_enabled=&#8221;0&#8243;]L&#8217;Edelweiss è un luogo di relax e benessere a Lermoos da molti anni. Qui, tradizione e calda ospitalità si uniscono per creare un&#8217;esperienza di vacanza indimenticabile. Goditi l&#8217;ambiente idilliaco che ti invita a rilassarti e a lasciarti alle spalle la vita quotidiana. Che si tratti di una cena intima o di una chiacchierata con persone che la pensano come te, qui troverai l&#8217;atmosfera perfetta per fare nuove amicizie e rilassarti. Scopri la bellezza della natura e la varietà di attività che ti aiuteranno a ricaricare le batterie. Il tuo benessere è la nostra preoccupazione e non vediamo l&#8217;ora di regalarti momenti indimenticabili![/et_pb_text][et_pb_image src=&#8221;https://www.edelweiss.at/wp-content/uploads/2025/11/FH8A6335-e1762271559792.jpg&#8221; _builder_version=&#8221;4.27.4&#8243; _module_preset=&#8221;default&#8221; alt=&#8221;Elegante camera d&#039;albergo con letto confortevole, arredamento in legno e accogliente area salotto in un alloggio austriaco di Edelweiss.at.&#8221; title_text=&#8221;FH8A6335&#8243; hover_enabled=&#8221;0&#8243; sticky_enabled=&#8221;0&#8243;][/et_pb_image][et_pb_text _builder_version=&#8221;4.27.4&#8243; _module_preset=&#8221;default&#8221; hover_enabled=&#8221;0&#8243; global_colors_info=&#8221;{}&#8221; sticky_enabled=&#8221;0&#8243;]Prova una varietà di delizie culinarie che stuzzicheranno i tuoi sensi e delizieranno ogni palato. La nostra fantastica area piscina ti invita a rilassarti e a giocare, mentre la sauna e le aree relax ti offrono il perfetto time-out. Goditi le camere spaziose progettate con grande attenzione ai dettagli e assapora i piatti deliziosi dei nostri invitanti ristoranti. Con noi non troverai solo un posto dove stare, ma una casa dove sentirti completamente a tuo agio. Non vediamo l&#8217;ora di regalarti momenti indimenticabili![/et_pb_text][/et_pb_column][et_pb_column type=&#8221;2_5&#8243; _builder_version=&#8221;4.27.4&#8243; _module_preset=&#8221;default&#8221; global_colors_info=&#8221;{}&#8221;][et_pb_text _builder_version=&#8221;4.27.4&#8243; _module_preset=&#8221;default&#8221; global_colors_info=&#8221;{}&#8221; hover_enabled=&#8221;0&#8243; sticky_enabled=&#8221;0&#8243;]</p>
<blockquote>
<p>L&#8217;Edelweiss è una pianta affascinante.</p>
<p>&nbsp;</p>
<p>Con i suoi caratteristici fiori bianchi che brillano come stelle sul fianco della montagna, simboleggia la bellezza incontaminata delle Alpi.</p>
</blockquote>
<p>[/et_pb_text][et_pb_image src=&#8221;https://www.edelweiss.at/wp-content/uploads/2025/11/92edelweiss.jpg&#8221; _builder_version=&#8221;4.27.4&#8243; _module_preset=&#8221;default&#8221; title_text=&#8221;92edelweiss&#8221; hover_enabled=&#8221;0&#8243; sticky_enabled=&#8221;0&#8243;][/et_pb_image][/et_pb_column][/et_pb_row][/et_pb_section][et_pb_section fb_built=&#8221;1&#8243; _builder_version=&#8221;4.27.4&#8243; _module_preset=&#8221;default&#8221; background_image=&#8221;https://www.edelweiss.at/wp-content/uploads/2025/09/Bar.jpg&#8221; background_position=&#8221;top_center&#8221; min_height=&#8221;100vh&#8221; custom_padding=&#8221;0px||||false|false&#8221; hover_enabled=&#8221;0&#8243; global_colors_info=&#8221;{}&#8221; alt=&#8221;Stilvolle Bar mit roten Samtstühlen, warmes Holzinterieur, modernes Ambiente, perfekte Location für Après-Ski in Österreich.&#8221; title_text=&#8221;Bar&#8221; sticky_enabled=&#8221;0&#8243;][et_pb_row _builder_version=&#8221;4.27.4&#8243; _module_preset=&#8221;default&#8221; custom_margin=&#8221;0px||0px||true|false&#8221; custom_padding=&#8221;0px||||false|false&#8221; global_colors_info=&#8221;{}&#8221;][et_pb_column type=&#8221;4_4&#8243; _builder_version=&#8221;4.27.4&#8243; _module_preset=&#8221;default&#8221; global_colors_info=&#8221;{}&#8221;][et_pb_text _builder_version=&#8221;4.27.4&#8243; _module_preset=&#8221;6f816b85-54bb-465f-83ef-9b2a5de5fa1f&#8221; hover_enabled=&#8221;0&#8243; global_colors_info=&#8221;{}&#8221; background_color=&#8221;#998888&#8243; sticky_enabled=&#8221;0&#8243;]</p>
<p>Accogliente.</p>
<p>[/et_pb_text][/et_pb_column][/et_pb_row][/et_pb_section][et_pb_section fb_built=&#8221;1&#8243; _builder_version=&#8221;4.27.4&#8243; _module_preset=&#8221;default&#8221; background_color=&#8221;RGBA(255,255,255,0)&#8221; custom_margin=&#8221;-150px||0px||false|false&#8221; custom_padding=&#8221;0px||0px||false|false&#8221; global_colors_info=&#8221;{}&#8221;][et_pb_row column_structure=&#8221;1_3,2_3&#8243; use_custom_gutter=&#8221;on&#8221; gutter_width=&#8221;1&#8243; _builder_version=&#8221;4.27.4&#8243; _module_preset=&#8221;default&#8221; custom_margin=&#8221;0px||0px||false|false&#8221; custom_padding=&#8221;0px||0px||false|false&#8221; global_colors_info=&#8221;{}&#8221;][et_pb_column type=&#8221;1_3&#8243; _builder_version=&#8221;4.27.4&#8243; _module_preset=&#8221;default&#8221; global_colors_info=&#8221;{}&#8221;][et_pb_image src=&#8221;https://www.edelweiss.at/wp-content/uploads/2025/09/ci-2025-square-taupe.svg&#8221; title_text=&#8221;ci-2025-quadrato-taupe&#8221; _builder_version=&#8221;4.27.4&#8243; _module_preset=&#8221;default&#8221; width=&#8221;250px&#8221; module_alignment=&#8221;center&#8221; height=&#8221;250px&#8221; custom_margin=&#8221;0px|0px|0px|0px|false|false&#8221; custom_padding=&#8221;0px|0px|0px|0px|false|false&#8221; hover_enabled=&#8221;0&#8243; global_colors_info=&#8221;{}&#8221; sticky_enabled=&#8221;0&#8243;][/et_pb_image][/et_pb_column][et_pb_column type=&#8221;2_3&#8243; _builder_version=&#8221;4.27.4&#8243; _module_preset=&#8221;default&#8221; global_colors_info=&#8221;{}&#8221;][et_pb_text _builder_version=&#8221;4.27.4&#8243; _module_preset=&#8221;bb216964-205c-407e-95e0-94788f95e2c1&#8243; dvmd_acat_aria_hidden=&#8221;on&#8221; dvmd_acat_aria_hidden_selector=&#8221;.et_pb_text_inner&#8221; global_colors_info=&#8221;{}&#8221;]</p>
<p style="text-align: center;">Il fiore più bello delle Alpi.</p>
<p>[/et_pb_text][/et_pb_column][/et_pb_row][/et_pb_section][et_pb_section fb_built=&#8221;1&#8243; _builder_version=&#8221;4.27.4&#8243; _module_preset=&#8221;default&#8221; global_colors_info=&#8221;{}&#8221;][et_pb_row column_structure=&#8221;1_3,2_3&#8243; _builder_version=&#8221;4.27.4&#8243; _module_preset=&#8221;default&#8221; max_width=&#8221;80%&#8221; global_colors_info=&#8221;{}&#8221;][et_pb_column type=&#8221;1_3&#8243; _builder_version=&#8221;4.27.4&#8243; _module_preset=&#8221;default&#8221; global_colors_info=&#8221;{}&#8221;][et_pb_text _builder_version=&#8221;4.27.4&#8243; _module_preset=&#8221;064f11a0-6b82-4885-81c2-e85da605fa3c&#8221; global_colors_info=&#8221;{}&#8221;]</p>
<blockquote>
<p>Un&#8217;esperienza davvero straordinaria che porta con sé ricordi meravigliosi</p>
</blockquote>
<p>[/et_pb_text][et_pb_text _builder_version=&#8221;4.27.4&#8243; _module_preset=&#8221;default&#8221; hover_enabled=&#8221;0&#8243; global_colors_info=&#8221;{}&#8221; sticky_enabled=&#8221;0&#8243;]</p>
<p>I nostri ospiti abituali sanno che l&#8217;Hotel Edelweiss è un luogo molto speciale. Qui non solo trovano un luogo di ritiro, ma anche una seconda casa dove sentirsi completamente a proprio agio. L&#8217;atmosfera accogliente e il servizio attento fanno sì che ogni soggiorno sia un&#8217;esperienza indimenticabile.</p>
<p>I nostri ospiti apprezzano le camere arredate con stile e l&#8217;opportunità di esplorare la natura mozzafiato proprio davanti alla porta di casa.</p>
<p>Le specialità culinarie della regione, preparate con amore, completano l&#8217;offerta e trasformano ogni visita in una festa per i sensi.</p>
<p>[/et_pb_text][/et_pb_column][et_pb_column type=&#8221;2_3&#8243; _builder_version=&#8221;4.27.4&#8243; _module_preset=&#8221;default&#8221; global_colors_info=&#8221;{}&#8221;][et_pb_image src=&#8221;https://www.edelweiss.at/wp-content/uploads/2025/09/005_fotostudiorene.jpg&#8221; title_text=&#8221;005_fotostudiorene&#8221; _builder_version=&#8221;4.27.4&#8243; _module_preset=&#8221;default&#8221; hover_enabled=&#8221;0&#8243; global_colors_info=&#8221;{}&#8221; alt=&#8221;Spaziosa camera d&#039;albergo con accogliente area salotto, decorazioni in legno e vista sulle montagne, ideale per un soggiorno rilassante nelle Alpi austriache.&#8221; sticky_enabled=&#8221;0&#8243;][/et_pb_image][/et_pb_column][/et_pb_row][/et_pb_section]</p>

<p>L&#8217;Edelweiss è un luogo di relax e benessere a Lermoos da molti anni. Qui, tradizione e calda ospitalità si uniscono per creare un&#8217;esperienza di vacanza indimenticabile. Goditi l&#8217;ambiente idilliaco che ti invita a rilassarti e a lasciarti alle spalle la vita quotidiana. Che si tratti di una cena intima o di una chiacchierata con persone [&hellip;]</p>
