{"id":6921,"date":"2025-11-27T15:45:50","date_gmt":"2025-11-27T14:45:50","guid":{"rendered":"https:\/\/www.edelweiss.at\/info\/informativa-sulla-privacy\/"},"modified":"2025-12-11T14:12:56","modified_gmt":"2025-12-11T13:12:56","slug":"informativa-sulla-privacy","status":"publish","type":"page","link":"https:\/\/www.edelweiss.at\/it\/info\/informativa-sulla-privacy\/","title":{"rendered":"Informativa sulla privacy"},"content":{"rendered":"<p>[et_pb_section fb_built=&#8221;1&#8243; _builder_version=&#8221;4.27.4&#8243; _module_preset=&#8221;default&#8221; global_colors_info=&#8221;{}&#8221;][et_pb_row _builder_version=&#8221;4.27.4&#8243; _module_preset=&#8221;default&#8221; global_colors_info=&#8221;{}&#8221;][et_pb_column type=&#8221;4_4&#8243; _builder_version=&#8221;4.27.4&#8243; _module_preset=&#8221;default&#8221; global_colors_info=&#8221;{}&#8221;][et_pb_heading title=&#8221;Informativa sulla privacy&#8221; _builder_version=&#8221;4.27.4&#8243; _module_preset=&#8221;default&#8221; title_font=&#8221;Oswald||||||||&#8221; global_colors_info=&#8221;{}&#8221;][\/et_pb_heading][\/et_pb_column][\/et_pb_row][et_pb_row _builder_version=&#8221;4.27.4&#8243; _module_preset=&#8221;default&#8221; global_colors_info=&#8221;{}&#8221;][et_pb_column type=&#8221;4_4&#8243; _builder_version=&#8221;4.27.4&#8243; _module_preset=&#8221;default&#8221; global_colors_info=&#8221;{}&#8221;][et_pb_text _builder_version=&#8221;4.27.5&#8243; _module_preset=&#8221;default&#8221; hover_enabled=&#8221;0&#8243; global_colors_info=&#8221;{}&#8221; sticky_enabled=&#8221;0&#8243;]<\/p>\n<div id=\"c124\" class=\"csc-default\">\n<div class=\"csc-header csc-header-n1\">\n<p>Desideriamo ringraziarti per la fiducia che ci hai accordato e siamo consapevoli della nostra responsabilit\u00e0 di proteggere i tuoi dati nel miglior modo possibile. Desideriamo pertanto informarti sui dati che raccogliamo quando utilizzi i nostri prodotti e servizi. Trattiamo i tuoi dati personali esclusivamente in conformit\u00e0 alle disposizioni del Regolamento generale sulla protezione dei dati (GDPR) e della Legge sulla protezione dei dati. Di seguito ti informiamo sugli aspetti pi\u00f9 importanti del trattamento dei dati nel contesto del nostro sito web.<\/p>\n<p>1. responsabile del trattamento dei dati<\/p>\n<p>In particolare, il GDPR obbliga i responsabili del trattamento dei dati a rispettare le disposizioni del GDPR. Il &#8220;responsabile del trattamento&#8221; \u00e8 la persona fisica o giuridica, l&#8217;autorit\u00e0 pubblica, l&#8217;agenzia o altro organismo che, da solo o insieme ad altri, determina le finalit\u00e0 e i mezzi del trattamento dei dati personali.<\/p>\n<p>\u00e8 responsabile del trattamento dei dati in questione:<\/p>\n<p>Famiglia Gerber GmbH &amp; Co KG<\/p>\n<p>Danielstrasse 7 | A - 6631 Lermoos<\/p>\n<p>Tiroler Zugspitzarena | Austria<\/p>\n<p>Telefono: +43(0)5673-2214<\/p>\n<p>E-mail: hotel@edelweiss.at<\/p>\n<p>Numero di registro della societ\u00e0: FN7847B<\/p>\n<p>Amministratore delegato: Daniela Gerber<\/p>\n<p>2. raccolta ed elaborazione dei dati<\/p>\n<p>Trattiamo i dati personali che ci fornisci come utente del nostro sito web, ad esempio nell&#8217;ambito di una richiesta o di una registrazione o per concludere un contratto. Il seguente trattamento dei dati pu\u00f2 avvenire nell&#8217;ambito delle interazioni con il nostro sito web:<\/p>\n<p>a) Richiesta tramite modulo di contatto<\/p>\n<p>Se fai una richiesta di informazioni tramite il nostro modulo di contatto, i dati che ci fornisci saranno trattati allo scopo di gestire la tua richiesta. In questo caso, il trattamento dei dati viene effettuato sulla base giuridica dell&#8217;art. 6 par. 1 lett. b) GDPR.<\/p>\n<p>3. utilizzo e ulteriore trattamento dei dati personali<\/p>\n<p>Se ci hai fornito i tuoi dati personali in qualit\u00e0 di utente del nostro sito web, li utilizzeremo solo per adempiere alle finalit\u00e0 sopra indicate, ad esempio per rispondere alle tue richieste, per elaborare i contratti e per l&#8217;amministrazione tecnica.<\/p>\n<p>Cediamo o trasmettiamo i dati personali a terzi solo se ci\u00f2 \u00e8 necessario per l&#8217;adempimento dei rispettivi scopi sopra menzionati o per la fatturazione, o se tu, in quanto utente del sito web, hai dato il tuo preventivo consenso. In qualit\u00e0 di utente del sito web, hai il diritto di ritirare il tuo consenso in qualsiasi momento con effetto per il futuro.<\/p>\n<p>I dati personali memorizzati saranno cancellati se revochi il tuo consenso alla memorizzazione dei dati, se i tuoi dati non sono pi\u00f9 necessari per soddisfare lo scopo per cui sono stati memorizzati o se la loro memorizzazione \u00e8 o diventa inammissibile per altri motivi legali. I dati necessari per la fatturazione e la contabilit\u00e0 non sono interessati da una richiesta di cancellazione.<\/p>\n<p>4. informazioni, correzione, cancellazione<\/p>\n<p>Su richiesta scritta, saremo lieti di informarti in qualsiasi momento sui dati personali che ti riguardano. I nostri dati di contatto sono riportati al punto 1 Titolare del trattamento dei dati della presente informativa sulla privacy.<\/p>\n<p>Se i tuoi dati trattati da noi non sono corretti, ti preghiamo di comunicarcelo. Provvederemo a correggere immediatamente il problema e a informarti di conseguenza.<\/p>\n<p>Nel caso in cui non desideri pi\u00f9 che i tuoi dati vengano trattati, ti chiediamo di informarci in modo informale. Naturalmente cancelleremo immediatamente i tuoi dati e ti informeremo di conseguenza. Se ci sono motivi legali impellenti per non cancellare i tuoi dati, ti informeremo immediatamente.<\/p>\n<p>5. biscotti<\/p>\n<p>Utilizziamo lo strumento di consenso &#8220;Real Cookie Banner&#8221; per gestire i cookie e le tecnologie simili utilizzate (pixel di tracciamento, web beacon, ecc.) e i relativi consensi. I dettagli sul funzionamento del &#8220;Real Cookie Banner&#8221; sono disponibili sul sito <a href=\"https:\/\/devowl.io\/de\/rcb\/datenverarbeitung\/\" rel=\"noopener noreferrer\" target=\"_blank\">https:\/\/devowl.io\/de\/rcb\/datenverarbeitung\/.<\/a><\/p>\n<p>La base giuridica per il trattamento dei dati personali in questo contesto \u00e8 l&#8217;art. 6, comma 1, del Codice Civile. 1 lit. c GDPR e Art. 6 para. 1 lit. f GDPR. Il nostro legittimo interesse \u00e8 la gestione dei cookie e delle tecnologie simili utilizzate e i relativi consensi.<\/p>\n<p>Il conferimento dei dati personali non \u00e8 richiesto contrattualmente n\u00e9 necessario per la conclusione di un contratto. Non sei obbligato a fornire i dati personali. Se non fornisci i dati personali, non saremo in grado di gestire i tuoi consensi.<\/p>\n<p>6. google maps<\/p>\n<p>Il nostro sito web utilizza le funzioni del servizio di mappe Google Maps. Il fornitore di questo servizio \u00e8 Google LLC, 1600 Amphitheatre Parkway, Mountain View, CA 94043, USA.<\/p>\n<p>Per utilizzare le funzioni di Google Maps \u00e8 necessario salvare il tuo indirizzo IP. Di norma, l&#8217;indirizzo IP viene trasmesso ai server del fornitore del servizio negli Stati Uniti e l\u00ec memorizzato. Non abbiamo alcuna influenza su questo trasferimento e sull&#8217;ulteriore elaborazione dei dati.<\/p>\n<p>Google Maps viene utilizzato allo scopo e nel legittimo interesse di rendere la nostra azienda pi\u00f9 facile da trovare, sulla base giuridica dell&#8217;art. 6 comma 1 lett. f) GDPR.<\/p>\n<p>Puoi trovare maggiori informazioni su Google Maps all&#8217;indirizzo https:\/\/policies.google.com\/privacy?hl=de.<\/p>\n<p>7. plugin per facebook<\/p>\n<p>Il nostro sito web utilizza i plugin del social network Facebook, gestito da Facebook Inc, 471 Emerson St., Palo Alto, CA 94301-160, USA. Puoi riconoscere i plugin di Facebook dal logo di Facebook o dal pulsante &#8220;Mi piace&#8221; sul nostro sito. Puoi trovare una panoramica dei plugin di Facebook qui: http:\/\/developers.facebook.com\/docs\/plugins\/.<\/p>\n<p>Quando visiti il nostro sito web, viene stabilita una connessione diretta tra il tuo browser e i server di Facebook tramite il plugin di Facebook e il tuo indirizzo IP viene trasmesso a Facebook.<\/p>\n<p>Se fai clic sul pulsante &#8220;Mi piace&#8221; di Facebook sul nostro sito web mentre sei connesso al tuo account Facebook, puoi collegare il contenuto del nostro sito web al tuo profilo Facebook. Questo permette a Facebook di associare la tua visita al nostro sito web al tuo account utente. Per evitare che ci\u00f2 accada, ti invitiamo a disconnetterti prima dal tuo account Facebook.<\/p>\n<p>Desideriamo sottolineare che non siamo a conoscenza del contenuto dei dati trasmessi n\u00e9 del loro utilizzo da parte di Facebook. Ulteriori informazioni al riguardo sono disponibili nell&#8217;informativa sulla privacy di Facebook all&#8217;indirizzo http:\/\/de-de.facebook.com\/policy.php.<\/p>\n<p>I plugin di Facebook sono utilizzati allo scopo e nel legittimo interesse di migliorare i nostri servizi e il nostro sito web, sulla base giuridica dell&#8217;art. 6 comma 1 lett. f) del GDPR.<\/p>\n<\/div>\n<\/div>\n<p>[\/et_pb_text][\/et_pb_column][\/et_pb_row][\/et_pb_section][et_pb_section fb_built=&#8221;1&#8243; _builder_version=&#8221;4.27.4&#8243; _module_preset=&#8221;default&#8221; global_colors_info=&#8221;{}&#8221;][et_pb_row column_structure=&#8221;1_5,1_5,1_5,1_5,1_5&#8243; _builder_version=&#8221;4.27.4&#8243; _module_preset=&#8221;dc5c2f5f-8414-453d-b24b-2e466a5de151&#8243; min_height=&#8221;25vh&#8221; global_colors_info=&#8221;{}&#8221;][et_pb_column type=&#8221;1_5&#8243; _builder_version=&#8221;4.27.4&#8243; _module_preset=&#8221;default&#8221; background_image=&#8221;https:\/\/www.edelweiss.at\/wp-content\/uploads\/2025\/10\/Ausblick-mit-Suedbalkon.jpg&#8221; global_colors_info=&#8221;{}&#8221;][et_pb_code admin_label=&#8221;Segnaposto&#8221; _builder_version=&#8221;4.27.4&#8243; _module_preset=&#8221;236727f5-1545-4c4f-8fb2-6b2a93023e65&#8243; global_colors_info=&#8221;{}&#8221;]<!-- placeholder -->[\/et_pb_code][\/et_pb_column][et_pb_column type=&#8221;1_5&#8243; _builder_version=&#8221;4.27.4&#8243; _module_preset=&#8221;default&#8221; background_image=&#8221;https:\/\/www.edelweiss.at\/wp-content\/uploads\/2025\/09\/Blockhaussauna1.jpg&#8221; global_colors_info=&#8221;{}&#8221;][et_pb_code admin_label=&#8221;Segnaposto&#8221; _builder_version=&#8221;4.27.4&#8243; _module_preset=&#8221;236727f5-1545-4c4f-8fb2-6b2a93023e65&#8243; global_colors_info=&#8221;{}&#8221;]<!-- placeholder -->[\/et_pb_code][\/et_pb_column][et_pb_column type=&#8221;1_5&#8243; _builder_version=&#8221;4.27.4&#8243; _module_preset=&#8221;default&#8221; background_image=&#8221;https:\/\/www.edelweiss.at\/wp-content\/uploads\/2025\/09\/Silvester2024.jpg&#8221; global_colors_info=&#8221;{}&#8221;][et_pb_code admin_label=&#8221;Segnaposto&#8221; _builder_version=&#8221;4.27.4&#8243; _module_preset=&#8221;236727f5-1545-4c4f-8fb2-6b2a93023e65&#8243; global_colors_info=&#8221;{}&#8221;]<!-- placeholder -->[\/et_pb_code][\/et_pb_column][et_pb_column type=&#8221;1_5&#8243; _builder_version=&#8221;4.27.4&#8243; _module_preset=&#8221;default&#8221; background_image=&#8221;https:\/\/www.edelweiss.at\/wp-content\/uploads\/2025\/09\/RezeDA.jpg&#8221; global_colors_info=&#8221;{}&#8221;][et_pb_code admin_label=&#8221;Segnaposto&#8221; _builder_version=&#8221;4.27.4&#8243; _module_preset=&#8221;236727f5-1545-4c4f-8fb2-6b2a93023e65&#8243; global_colors_info=&#8221;{}&#8221;]<!-- placeholder -->[\/et_pb_code][\/et_pb_column][et_pb_column type=&#8221;1_5&#8243; _builder_version=&#8221;4.27.4&#8243; _module_preset=&#8221;default&#8221; background_image=&#8221;https:\/\/www.edelweiss.at\/wp-content\/uploads\/2025\/11\/FH8A6335-e1762271559792.jpg&#8221; global_colors_info=&#8221;{}&#8221;][et_pb_code admin_label=&#8221;Segnaposto&#8221; _builder_version=&#8221;4.27.4&#8243; _module_preset=&#8221;236727f5-1545-4c4f-8fb2-6b2a93023e65&#8243; global_colors_info=&#8221;{}&#8221;]<!-- placeholder -->[\/et_pb_code][\/et_pb_column][\/et_pb_row][\/et_pb_section]<\/p>\n","protected":false},"excerpt":{"rendered":"<p>Desideriamo ringraziarti per la fiducia che ci hai accordato e siamo consapevoli della nostra responsabilit\u00e0 di proteggere i tuoi dati nel miglior modo possibile. Desideriamo pertanto informarti sui dati che raccogliamo quando utilizzi i nostri prodotti e servizi. Trattiamo i tuoi dati personali esclusivamente in conformit\u00e0 alle disposizioni del Regolamento generale sulla protezione dei dati [&hellip;]<\/p>\n","protected":false},"author":3,"featured_media":0,"parent":4842,"menu_order":44,"comment_status":"closed","ping_status":"closed","template":"","meta":{"_et_pb_use_builder":"on","_et_pb_old_content":"","_et_gb_content_width":"","footnotes":""},"class_list":["post-6921","page","type-page","status-publish","hentry"],"_links":{"self":[{"href":"https:\/\/www.edelweiss.at\/it\/wp-json\/wp\/v2\/pages\/6921","targetHints":{"allow":["GET"]}}],"collection":[{"href":"https:\/\/www.edelweiss.at\/it\/wp-json\/wp\/v2\/pages"}],"about":[{"href":"https:\/\/www.edelweiss.at\/it\/wp-json\/wp\/v2\/types\/page"}],"author":[{"embeddable":true,"href":"https:\/\/www.edelweiss.at\/it\/wp-json\/wp\/v2\/users\/3"}],"replies":[{"embeddable":true,"href":"https:\/\/www.edelweiss.at\/it\/wp-json\/wp\/v2\/comments?post=6921"}],"version-history":[{"count":9,"href":"https:\/\/www.edelweiss.at\/it\/wp-json\/wp\/v2\/pages\/6921\/revisions"}],"predecessor-version":[{"id":7902,"href":"https:\/\/www.edelweiss.at\/it\/wp-json\/wp\/v2\/pages\/6921\/revisions\/7902"}],"up":[{"embeddable":true,"href":"https:\/\/www.edelweiss.at\/it\/wp-json\/wp\/v2\/pages\/4842"}],"wp:attachment":[{"href":"https:\/\/www.edelweiss.at\/it\/wp-json\/wp\/v2\/media?parent=6921"}],"curies":[{"name":"wp","href":"https:\/\/api.w.org\/{rel}","templated":true}]}}

<p>[et_pb_section fb_built=&#8221;1&#8243; _builder_version=&#8221;4.27.4&#8243; _module_preset=&#8221;default&#8221; global_colors_info=&#8221;{}&#8221;][et_pb_row _builder_version=&#8221;4.27.4&#8243; _module_preset=&#8221;default&#8221; global_colors_info=&#8221;{}&#8221;][et_pb_column type=&#8221;4_4&#8243; _builder_version=&#8221;4.27.4&#8243; _module_preset=&#8221;default&#8221; global_colors_info=&#8221;{}&#8221;][et_pb_heading title=&#8221;Informativa sulla privacy&#8221; _builder_version=&#8221;4.27.4&#8243; _module_preset=&#8221;default&#8221; title_font=&#8221;Oswald||||||||&#8221; global_colors_info=&#8221;{}&#8221;][/et_pb_heading][/et_pb_column][/et_pb_row][et_pb_row _builder_version=&#8221;4.27.4&#8243; _module_preset=&#8221;default&#8221; global_colors_info=&#8221;{}&#8221;][et_pb_column type=&#8221;4_4&#8243; _builder_version=&#8221;4.27.4&#8243; _module_preset=&#8221;default&#8221; global_colors_info=&#8221;{}&#8221;][et_pb_text _builder_version=&#8221;4.27.5&#8243; _module_preset=&#8221;default&#8221; hover_enabled=&#8221;0&#8243; global_colors_info=&#8221;{}&#8221; sticky_enabled=&#8221;0&#8243;]</p>
<div id="c124" class="csc-default">
<div class="csc-header csc-header-n1">
<p>Desideriamo ringraziarti per la fiducia che ci hai accordato e siamo consapevoli della nostra responsabilità di proteggere i tuoi dati nel miglior modo possibile. Desideriamo pertanto informarti sui dati che raccogliamo quando utilizzi i nostri prodotti e servizi. Trattiamo i tuoi dati personali esclusivamente in conformità alle disposizioni del Regolamento generale sulla protezione dei dati (GDPR) e della Legge sulla protezione dei dati. Di seguito ti informiamo sugli aspetti più importanti del trattamento dei dati nel contesto del nostro sito web.</p>
<p>1. responsabile del trattamento dei dati</p>
<p>In particolare, il GDPR obbliga i responsabili del trattamento dei dati a rispettare le disposizioni del GDPR. Il &#8220;responsabile del trattamento&#8221; è la persona fisica o giuridica, l&#8217;autorità pubblica, l&#8217;agenzia o altro organismo che, da solo o insieme ad altri, determina le finalità e i mezzi del trattamento dei dati personali.</p>
<p>è responsabile del trattamento dei dati in questione:</p>
<p>Famiglia Gerber GmbH &amp; Co KG</p>
<p>Danielstrasse 7 | A - 6631 Lermoos</p>
<p>Tiroler Zugspitzarena | Austria</p>
<p>Telefono: +43(0)5673-2214</p>
<p>E-mail: hotel@edelweiss.at</p>
<p>Numero di registro della società: FN7847B</p>
<p>Amministratore delegato: Daniela Gerber</p>
<p>2. raccolta ed elaborazione dei dati</p>
<p>Trattiamo i dati personali che ci fornisci come utente del nostro sito web, ad esempio nell&#8217;ambito di una richiesta o di una registrazione o per concludere un contratto. Il seguente trattamento dei dati può avvenire nell&#8217;ambito delle interazioni con il nostro sito web:</p>
<p>a) Richiesta tramite modulo di contatto</p>
<p>Se fai una richiesta di informazioni tramite il nostro modulo di contatto, i dati che ci fornisci saranno trattati allo scopo di gestire la tua richiesta. In questo caso, il trattamento dei dati viene effettuato sulla base giuridica dell&#8217;art. 6 par. 1 lett. b) GDPR.</p>
<p>3. utilizzo e ulteriore trattamento dei dati personali</p>
<p>Se ci hai fornito i tuoi dati personali in qualità di utente del nostro sito web, li utilizzeremo solo per adempiere alle finalità sopra indicate, ad esempio per rispondere alle tue richieste, per elaborare i contratti e per l&#8217;amministrazione tecnica.</p>
<p>Cediamo o trasmettiamo i dati personali a terzi solo se ciò è necessario per l&#8217;adempimento dei rispettivi scopi sopra menzionati o per la fatturazione, o se tu, in quanto utente del sito web, hai dato il tuo preventivo consenso. In qualità di utente del sito web, hai il diritto di ritirare il tuo consenso in qualsiasi momento con effetto per il futuro.</p>
<p>I dati personali memorizzati saranno cancellati se revochi il tuo consenso alla memorizzazione dei dati, se i tuoi dati non sono più necessari per soddisfare lo scopo per cui sono stati memorizzati o se la loro memorizzazione è o diventa inammissibile per altri motivi legali. I dati necessari per la fatturazione e la contabilità non sono interessati da una richiesta di cancellazione.</p>
<p>4. informazioni, correzione, cancellazione</p>
<p>Su richiesta scritta, saremo lieti di informarti in qualsiasi momento sui dati personali che ti riguardano. I nostri dati di contatto sono riportati al punto 1 Titolare del trattamento dei dati della presente informativa sulla privacy.</p>
<p>Se i tuoi dati trattati da noi non sono corretti, ti preghiamo di comunicarcelo. Provvederemo a correggere immediatamente il problema e a informarti di conseguenza.</p>
<p>Nel caso in cui non desideri più che i tuoi dati vengano trattati, ti chiediamo di informarci in modo informale. Naturalmente cancelleremo immediatamente i tuoi dati e ti informeremo di conseguenza. Se ci sono motivi legali impellenti per non cancellare i tuoi dati, ti informeremo immediatamente.</p>
<p>5. biscotti</p>
<p>Utilizziamo lo strumento di consenso &#8220;Real Cookie Banner&#8221; per gestire i cookie e le tecnologie simili utilizzate (pixel di tracciamento, web beacon, ecc.) e i relativi consensi. I dettagli sul funzionamento del &#8220;Real Cookie Banner&#8221; sono disponibili sul sito <a href="https://devowl.io/de/rcb/datenverarbeitung/" rel="noopener noreferrer" target="_blank">https://devowl.io/de/rcb/datenverarbeitung/.</a></p>
<p>La base giuridica per il trattamento dei dati personali in questo contesto è l&#8217;art. 6, comma 1, del Codice Civile. 1 lit. c GDPR e Art. 6 para. 1 lit. f GDPR. Il nostro legittimo interesse è la gestione dei cookie e delle tecnologie simili utilizzate e i relativi consensi.</p>
<p>Il conferimento dei dati personali non è richiesto contrattualmente né necessario per la conclusione di un contratto. Non sei obbligato a fornire i dati personali. Se non fornisci i dati personali, non saremo in grado di gestire i tuoi consensi.</p>
<p>6. google maps</p>
<p>Il nostro sito web utilizza le funzioni del servizio di mappe Google Maps. Il fornitore di questo servizio è Google LLC, 1600 Amphitheatre Parkway, Mountain View, CA 94043, USA.</p>
<p>Per utilizzare le funzioni di Google Maps è necessario salvare il tuo indirizzo IP. Di norma, l&#8217;indirizzo IP viene trasmesso ai server del fornitore del servizio negli Stati Uniti e lì memorizzato. Non abbiamo alcuna influenza su questo trasferimento e sull&#8217;ulteriore elaborazione dei dati.</p>
<p>Google Maps viene utilizzato allo scopo e nel legittimo interesse di rendere la nostra azienda più facile da trovare, sulla base giuridica dell&#8217;art. 6 comma 1 lett. f) GDPR.</p>
<p>Puoi trovare maggiori informazioni su Google Maps all&#8217;indirizzo https://policies.google.com/privacy?hl=de.</p>
<p>7. plugin per facebook</p>
<p>Il nostro sito web utilizza i plugin del social network Facebook, gestito da Facebook Inc, 471 Emerson St., Palo Alto, CA 94301-160, USA. Puoi riconoscere i plugin di Facebook dal logo di Facebook o dal pulsante &#8220;Mi piace&#8221; sul nostro sito. Puoi trovare una panoramica dei plugin di Facebook qui: http://developers.facebook.com/docs/plugins/.</p>
<p>Quando visiti il nostro sito web, viene stabilita una connessione diretta tra il tuo browser e i server di Facebook tramite il plugin di Facebook e il tuo indirizzo IP viene trasmesso a Facebook.</p>
<p>Se fai clic sul pulsante &#8220;Mi piace&#8221; di Facebook sul nostro sito web mentre sei connesso al tuo account Facebook, puoi collegare il contenuto del nostro sito web al tuo profilo Facebook. Questo permette a Facebook di associare la tua visita al nostro sito web al tuo account utente. Per evitare che ciò accada, ti invitiamo a disconnetterti prima dal tuo account Facebook.</p>
<p>Desideriamo sottolineare che non siamo a conoscenza del contenuto dei dati trasmessi né del loro utilizzo da parte di Facebook. Ulteriori informazioni al riguardo sono disponibili nell&#8217;informativa sulla privacy di Facebook all&#8217;indirizzo http://de-de.facebook.com/policy.php.</p>
<p>I plugin di Facebook sono utilizzati allo scopo e nel legittimo interesse di migliorare i nostri servizi e il nostro sito web, sulla base giuridica dell&#8217;art. 6 comma 1 lett. f) del GDPR.</p>
</div>
</div>
<p>[/et_pb_text][/et_pb_column][/et_pb_row][/et_pb_section][et_pb_section fb_built=&#8221;1&#8243; _builder_version=&#8221;4.27.4&#8243; _module_preset=&#8221;default&#8221; global_colors_info=&#8221;{}&#8221;][et_pb_row column_structure=&#8221;1_5,1_5,1_5,1_5,1_5&#8243; _builder_version=&#8221;4.27.4&#8243; _module_preset=&#8221;dc5c2f5f-8414-453d-b24b-2e466a5de151&#8243; min_height=&#8221;25vh&#8221; global_colors_info=&#8221;{}&#8221;][et_pb_column type=&#8221;1_5&#8243; _builder_version=&#8221;4.27.4&#8243; _module_preset=&#8221;default&#8221; background_image=&#8221;https://www.edelweiss.at/wp-content/uploads/2025/10/Ausblick-mit-Suedbalkon.jpg&#8221; global_colors_info=&#8221;{}&#8221;][et_pb_code admin_label=&#8221;Segnaposto&#8221; _builder_version=&#8221;4.27.4&#8243; _module_preset=&#8221;236727f5-1545-4c4f-8fb2-6b2a93023e65&#8243; global_colors_info=&#8221;{}&#8221;]<!-- placeholder -->[/et_pb_code][/et_pb_column][et_pb_column type=&#8221;1_5&#8243; _builder_version=&#8221;4.27.4&#8243; _module_preset=&#8221;default&#8221; background_image=&#8221;https://www.edelweiss.at/wp-content/uploads/2025/09/Blockhaussauna1.jpg&#8221; global_colors_info=&#8221;{}&#8221;][et_pb_code admin_label=&#8221;Segnaposto&#8221; _builder_version=&#8221;4.27.4&#8243; _module_preset=&#8221;236727f5-1545-4c4f-8fb2-6b2a93023e65&#8243; global_colors_info=&#8221;{}&#8221;]<!-- placeholder -->[/et_pb_code][/et_pb_column][et_pb_column type=&#8221;1_5&#8243; _builder_version=&#8221;4.27.4&#8243; _module_preset=&#8221;default&#8221; background_image=&#8221;https://www.edelweiss.at/wp-content/uploads/2025/09/Silvester2024.jpg&#8221; global_colors_info=&#8221;{}&#8221;][et_pb_code admin_label=&#8221;Segnaposto&#8221; _builder_version=&#8221;4.27.4&#8243; _module_preset=&#8221;236727f5-1545-4c4f-8fb2-6b2a93023e65&#8243; global_colors_info=&#8221;{}&#8221;]<!-- placeholder -->[/et_pb_code][/et_pb_column][et_pb_column type=&#8221;1_5&#8243; _builder_version=&#8221;4.27.4&#8243; _module_preset=&#8221;default&#8221; background_image=&#8221;https://www.edelweiss.at/wp-content/uploads/2025/09/RezeDA.jpg&#8221; global_colors_info=&#8221;{}&#8221;][et_pb_code admin_label=&#8221;Segnaposto&#8221; _builder_version=&#8221;4.27.4&#8243; _module_preset=&#8221;236727f5-1545-4c4f-8fb2-6b2a93023e65&#8243; global_colors_info=&#8221;{}&#8221;]<!-- placeholder -->[/et_pb_code][/et_pb_column][et_pb_column type=&#8221;1_5&#8243; _builder_version=&#8221;4.27.4&#8243; _module_preset=&#8221;default&#8221; background_image=&#8221;https://www.edelweiss.at/wp-content/uploads/2025/11/FH8A6335-e1762271559792.jpg&#8221; global_colors_info=&#8221;{}&#8221;][et_pb_code admin_label=&#8221;Segnaposto&#8221; _builder_version=&#8221;4.27.4&#8243; _module_preset=&#8221;236727f5-1545-4c4f-8fb2-6b2a93023e65&#8243; global_colors_info=&#8221;{}&#8221;]<!-- placeholder -->[/et_pb_code][/et_pb_column][/et_pb_row][/et_pb_section]</p>

<p>Desideriamo ringraziarti per la fiducia che ci hai accordato e siamo consapevoli della nostra responsabilità di proteggere i tuoi dati nel miglior modo possibile. Desideriamo pertanto informarti sui dati che raccogliamo quando utilizzi i nostri prodotti e servizi. Trattiamo i tuoi dati personali esclusivamente in conformità alle disposizioni del Regolamento generale sulla protezione dei dati [&hellip;]</p>
