{"id":6948,"date":"2025-12-04T15:06:41","date_gmt":"2025-12-04T14:06:41","guid":{"rendered":"https:\/\/www.edelweiss.at\/info\/accessibilita\/"},"modified":"2025-12-11T14:12:55","modified_gmt":"2025-12-11T13:12:55","slug":"accessibilita","status":"publish","type":"page","link":"https:\/\/www.edelweiss.at\/it\/info\/accessibilita\/","title":{"rendered":"Accessibilit\u00e0"},"content":{"rendered":"<p>[et_pb_section fb_built=&#8221;1&#8243; _builder_version=&#8221;4.27.4&#8243; _module_preset=&#8221;default&#8221; global_colors_info=&#8221;{}&#8221;][et_pb_row _builder_version=&#8221;4.27.4&#8243; _module_preset=&#8221;default&#8221; global_colors_info=&#8221;{}&#8221;][et_pb_column type=&#8221;4_4&#8243; _builder_version=&#8221;4.27.4&#8243; _module_preset=&#8221;default&#8221; global_colors_info=&#8221;{}&#8221;][et_pb_heading title=&#8221;Accessibilit\u00e0&#8221; _builder_version=&#8221;4.27.4&#8243; _module_preset=&#8221;95272c12-0ccc-4fb9-8fe0-f39ccd945689&#8243; global_colors_info=&#8221;{}&#8221;][\/et_pb_heading][et_pb_text _builder_version=&#8221;4.27.4&#8243; _module_preset=&#8221;default&#8221; global_colors_info=&#8221;{}&#8221;]<\/p>\n<div id=\"c124\" class=\"csc-default\">\n<p>&nbsp;<\/p>\n<div class=\"csc-header csc-header-n1\">\n<h2>Dichiarazione sull&#8217;accessibilit\u00e0<\/h2>\n<p>L&#8217;Hotel Edelweiss si impegna a garantire che il sito web <a href=\"https:\/\/www.edelwiss.at\" target=\"_blank\" rel=\"noopener\">https:\/\/www.edelweiss.at<\/a> sia conforme alla Legge federale sull&#8217;accesso senza barriere ai siti web e alle applicazioni mobili del governo federale<a data-glossary-id=\"129\" title=\"Web Accessibility Act - Cerca il termine nel glossario\" href=\"https:\/\/www.digitalbarrierefrei.at\/de\/glossar\/web-zugaenglichkeits-gesetz\" class=\"glossar-hover\" glc=\"1\" target=\"_blank\" rel=\"noopener\">(Legge sull&#8217;accessibilit\u00e0 del web<\/a> - <a data-glossary-id=\"129\" title=\"WZG - Cerca un termine nel glossario\" href=\"https:\/\/www.digitalbarrierefrei.at\/de\/glossar\/web-zugaenglichkeits-gesetz\" class=\"glossar-hover\" glc=\"1\" target=\"_blank\" rel=\"noopener\">WZG<\/a>) BGBl. I. N. 59\/2019 e successive modifiche, accessibilit\u00e0 senza barriere.<\/p>\n<p>Questa dichiarazione di accessibilit\u00e0 si applica al sito web <a href=\"https:\/\/www.edelweiss.at\/it\/\">https:\/\/www.edelweiss.at.<\/a><\/p>\n<h3>Stato di compatibilit\u00e0 con i requisiti<\/h3>\n<p><span style=\"font-size: 17px;\">Il sito web <a href=\"https:\/\/www.edelweiss.at\/it\/\">https:\/\/www.edelweiss.at<\/a> \u00e8 sostanzialmente conforme al livello di conformit\u00e0 AA delle &#8220;Linee guida per l&#8217;accessibilit\u00e0 dei contenuti web - WCAG&#8221;.<\/span><span style=\"font-size: 17px;\"> <\/span><a data-glossary-id=\"128\" title=\"WCAG - Cerca un termine nel glossario\" href=\"https:\/\/www.digitalbarrierefrei.at\/de\/glossar\/web-content-accessibility-guidelines\" class=\"glossar-hover\" glc=\"1\" style=\"font-size: 17px;\" target=\"_blank\" rel=\"noopener\">WCAG<\/a><span style=\"font-size: 17px;\"> <\/span><span style=\"font-size: 17px;\">2.1&#8243; o alla norma europea applicabile EN 301 549 V3.2.1 (2021-03) in conformit\u00e0 alla Direttiva (UE) 2016\/2102 del Parlamento europeo e del Consiglio.<\/span><\/p>\n<h3>Preparazione della dichiarazione sull&#8217;accessibilit\u00e0<\/h3>\n<p>Questa dichiarazione \u00e8 stata creata il 04.12.2025.<\/p>\n<p><span style=\"font-size: 17px;\">La dichiarazione \u00e8 stata redatta sulla base di una valutazione effettuata da Silberleithen GmbH.<\/span><span style=\"font-size: 17px;\"> sulla base di una valutazione effettuata da Silberleithen GmbH.<\/span><\/p>\n<p><span style=\"font-size: 17px;\">L&#8217;ultima revisione di questa dichiarazione risale al 04\/12\/2025.<\/span><\/p>\n<h3>Feedback e contatti<\/h3>\n<p>Se noti delle barriere che ti impediscono di utilizzare il nostro sito web - problemi che non sono descritti in questa dichiarazione, carenze in termini di conformit\u00e0 ai requisiti di accessibilit\u00e0 - ti preghiamo di comunicarcelo via e-mail.<br \/><span style=\"font-size: 17px;\">Invia tutti i messaggi e i suggerimenti a <\/span><a href=\"mailto:info@edelweiss.at\" style=\"font-size: 17px;\">info@edelweiss.at<\/a><span style=\"font-size: 17px;\">.<\/span><\/p>\n<p>Descrivi il problema e fornisci l&#8217;URL del sito web o del documento interessato.<\/p>\n<p>Verificheremo la tua richiesta e ti contatteremo al pi\u00f9 presto.<\/p>\n<h3>Procedimenti esecutivi<\/h3>\n<p>In caso di risposte insoddisfacenti da parte delle opzioni di contatto sopra indicate, puoi contattare l&#8217;ufficio reclami dell&#8217;Istituto.<span> <\/span><a data-glossary-id=\"120\" title=\"Agenzia austriaca per la promozione della ricerca - Cerca il termine nel glossario\" href=\"https:\/\/www.digitalbarrierefrei.at\/de\/glossar\/oesterreichische-forschungsfoerderungsgesellschaft-mbh-2\" class=\"glossar-hover\" glc=\"1\" target=\"_blank\" rel=\"noopener\">Agenzia austriaca per la promozione della ricerca<\/a><span> <\/span>a responsabilit\u00e0 limitata<a data-glossary-id=\"120\" title=\"FFG - Cerca il termine nel glossario\" href=\"https:\/\/www.digitalbarrierefrei.at\/de\/glossar\/oesterreichische-forschungsfoerderungsgesellschaft-mbh-2\" class=\"glossar-hover\" glc=\"1\" target=\"_blank\" rel=\"noopener\">(FFG<\/a>). Il<span> <\/span><a data-glossary-id=\"120\" title=\"FFG - Cerca il termine nel glossario\" href=\"https:\/\/www.digitalbarrierefrei.at\/de\/glossar\/oesterreichische-forschungsfoerderungsgesellschaft-mbh-2\" class=\"glossar-hover\" glc=\"1\" target=\"_blank\" rel=\"noopener\">FFG<\/a><span> <\/span>assume il controllo del<span> <\/span><a href=\"https:\/\/www.digitalbarrierefrei.at\/de\/beschwerdestelle\/kontaktformular-beschwerdestelle\" target=\"_blank\" rel=\"noopener\">Modulo di contatto dell&#8217;ufficio reclami<\/a><span> <\/span>reclami per via elettronica.<\/p>\n<p>I reclami vengono esaminati da<span> <\/span><a data-glossary-id=\"120\" title=\"FFG - Cerca il termine nel glossario\" href=\"https:\/\/www.digitalbarrierefrei.at\/de\/glossar\/oesterreichische-forschungsfoerderungsgesellschaft-mbh-2\" class=\"glossar-hover\" glc=\"1\" target=\"_blank\" rel=\"noopener\">FFG<\/a><span> <\/span>per determinare se si riferiscono a violazioni delle disposizioni della Legge sull&#8217;accessibilit\u00e0 del web, in particolare a carenze nel rispetto dei requisiti di accessibilit\u00e0, da parte del governo federale o di un&#8217;organizzazione ad esso riconducibile.<\/p>\n<p>Se il reclamo \u00e8 giustificato, il<span> <\/span><a data-glossary-id=\"120\" title=\"FFG - Cerca il termine nel glossario\" href=\"https:\/\/www.digitalbarrierefrei.at\/de\/glossar\/oesterreichische-forschungsfoerderungsgesellschaft-mbh-2\" class=\"glossar-hover\" glc=\"1\" target=\"_blank\" rel=\"noopener\">FFG<\/a><span> <\/span>deve emettere raccomandazioni per l&#8217;azione al governo federale o alle entit\u00e0 legali interessate e proporre misure per rimediare alle carenze esistenti.<\/p>\n<p><a href=\"https:\/\/www.digitalbarrierefrei.at\/de\/beschwerde-einreichen\/informationen-zum-beschwerdeprozess\" target=\"_blank\" rel=\"noopener\">Ulteriori informazioni sulla procedura di reclamo<\/a><\/p>\n<\/div>\n<\/div>\n<p>[\/et_pb_text][\/et_pb_column][\/et_pb_row][\/et_pb_section][et_pb_section fb_built=&#8221;1&#8243; _builder_version=&#8221;4.27.4&#8243; _module_preset=&#8221;default&#8221; global_colors_info=&#8221;{}&#8221;][et_pb_row column_structure=&#8221;1_5,1_5,1_5,1_5,1_5&#8243; _builder_version=&#8221;4.27.4&#8243; _module_preset=&#8221;dc5c2f5f-8414-453d-b24b-2e466a5de151&#8243; min_height=&#8221;25vh&#8221; global_colors_info=&#8221;{}&#8221;][et_pb_column type=&#8221;1_5&#8243; _builder_version=&#8221;4.27.4&#8243; _module_preset=&#8221;default&#8221; background_image=&#8221;https:\/\/www.edelweiss.at\/wp-content\/uploads\/2025\/10\/Ausblick-mit-Suedbalkon.jpg&#8221; global_colors_info=&#8221;{}&#8221;][et_pb_code admin_label=&#8221;Segnaposto&#8221; _builder_version=&#8221;4.27.4&#8243; _module_preset=&#8221;236727f5-1545-4c4f-8fb2-6b2a93023e65&#8243; global_colors_info=&#8221;{}&#8221;]<!-- placeholder -->[\/et_pb_code][\/et_pb_column][et_pb_column type=&#8221;1_5&#8243; _builder_version=&#8221;4.27.4&#8243; _module_preset=&#8221;default&#8221; background_image=&#8221;https:\/\/www.edelweiss.at\/wp-content\/uploads\/2025\/09\/Blockhaussauna1.jpg&#8221; global_colors_info=&#8221;{}&#8221;][et_pb_code admin_label=&#8221;Segnaposto&#8221; _builder_version=&#8221;4.27.4&#8243; _module_preset=&#8221;236727f5-1545-4c4f-8fb2-6b2a93023e65&#8243; global_colors_info=&#8221;{}&#8221;]<!-- placeholder -->[\/et_pb_code][\/et_pb_column][et_pb_column type=&#8221;1_5&#8243; _builder_version=&#8221;4.27.4&#8243; _module_preset=&#8221;default&#8221; background_image=&#8221;https:\/\/www.edelweiss.at\/wp-content\/uploads\/2025\/09\/Silvester2024.jpg&#8221; global_colors_info=&#8221;{}&#8221;][et_pb_code admin_label=&#8221;Segnaposto&#8221; _builder_version=&#8221;4.27.4&#8243; _module_preset=&#8221;236727f5-1545-4c4f-8fb2-6b2a93023e65&#8243; global_colors_info=&#8221;{}&#8221;]<!-- placeholder -->[\/et_pb_code][\/et_pb_column][et_pb_column type=&#8221;1_5&#8243; _builder_version=&#8221;4.27.4&#8243; _module_preset=&#8221;default&#8221; background_image=&#8221;https:\/\/www.edelweiss.at\/wp-content\/uploads\/2025\/09\/RezeDA.jpg&#8221; global_colors_info=&#8221;{}&#8221;][et_pb_code admin_label=&#8221;Segnaposto&#8221; _builder_version=&#8221;4.27.4&#8243; _module_preset=&#8221;236727f5-1545-4c4f-8fb2-6b2a93023e65&#8243; global_colors_info=&#8221;{}&#8221;]<!-- placeholder -->[\/et_pb_code][\/et_pb_column][et_pb_column type=&#8221;1_5&#8243; _builder_version=&#8221;4.27.4&#8243; _module_preset=&#8221;default&#8221; background_image=&#8221;https:\/\/www.edelweiss.at\/wp-content\/uploads\/2025\/11\/FH8A6335-e1762271559792.jpg&#8221; global_colors_info=&#8221;{}&#8221;][et_pb_code admin_label=&#8221;Segnaposto&#8221; _builder_version=&#8221;4.27.4&#8243; _module_preset=&#8221;236727f5-1545-4c4f-8fb2-6b2a93023e65&#8243; global_colors_info=&#8221;{}&#8221;]<!-- placeholder -->[\/et_pb_code][\/et_pb_column][\/et_pb_row][\/et_pb_section]<\/p>\n","protected":false},"excerpt":{"rendered":"<p>&nbsp; Dichiarazione sull&#8217;accessibilit\u00e0 L&#8217;Hotel Edelweiss si impegna a garantire che il sito web https:\/\/www.edelweiss.at sia conforme alla Legge federale sull&#8217;accesso senza barriere ai siti web e alle applicazioni mobili del governo federale(Legge sull&#8217;accessibilit\u00e0 del web - WZG) BGBl. I. N. 59\/2019 e successive modifiche, accessibilit\u00e0 senza barriere. Questa dichiarazione di accessibilit\u00e0 si applica al sito [&hellip;]<\/p>\n","protected":false},"author":2,"featured_media":0,"parent":4842,"menu_order":43,"comment_status":"closed","ping_status":"closed","template":"","meta":{"_et_pb_use_builder":"on","_et_pb_old_content":"","_et_gb_content_width":"","footnotes":""},"class_list":["post-6948","page","type-page","status-publish","hentry"],"_links":{"self":[{"href":"https:\/\/www.edelweiss.at\/it\/wp-json\/wp\/v2\/pages\/6948","targetHints":{"allow":["GET"]}}],"collection":[{"href":"https:\/\/www.edelweiss.at\/it\/wp-json\/wp\/v2\/pages"}],"about":[{"href":"https:\/\/www.edelweiss.at\/it\/wp-json\/wp\/v2\/types\/page"}],"author":[{"embeddable":true,"href":"https:\/\/www.edelweiss.at\/it\/wp-json\/wp\/v2\/users\/2"}],"replies":[{"embeddable":true,"href":"https:\/\/www.edelweiss.at\/it\/wp-json\/wp\/v2\/comments?post=6948"}],"version-history":[{"count":9,"href":"https:\/\/www.edelweiss.at\/it\/wp-json\/wp\/v2\/pages\/6948\/revisions"}],"predecessor-version":[{"id":7954,"href":"https:\/\/www.edelweiss.at\/it\/wp-json\/wp\/v2\/pages\/6948\/revisions\/7954"}],"up":[{"embeddable":true,"href":"https:\/\/www.edelweiss.at\/it\/wp-json\/wp\/v2\/pages\/4842"}],"wp:attachment":[{"href":"https:\/\/www.edelweiss.at\/it\/wp-json\/wp\/v2\/media?parent=6948"}],"curies":[{"name":"wp","href":"https:\/\/api.w.org\/{rel}","templated":true}]}}

Accessibilità

<p>[et_pb_section fb_built=&#8221;1&#8243; _builder_version=&#8221;4.27.4&#8243; _module_preset=&#8221;default&#8221; global_colors_info=&#8221;{}&#8221;][et_pb_row _builder_version=&#8221;4.27.4&#8243; _module_preset=&#8221;default&#8221; global_colors_info=&#8221;{}&#8221;][et_pb_column type=&#8221;4_4&#8243; _builder_version=&#8221;4.27.4&#8243; _module_preset=&#8221;default&#8221; global_colors_info=&#8221;{}&#8221;][et_pb_heading title=&#8221;Accessibilità&#8221; _builder_version=&#8221;4.27.4&#8243; _module_preset=&#8221;95272c12-0ccc-4fb9-8fe0-f39ccd945689&#8243; global_colors_info=&#8221;{}&#8221;][/et_pb_heading][et_pb_text _builder_version=&#8221;4.27.4&#8243; _module_preset=&#8221;default&#8221; global_colors_info=&#8221;{}&#8221;]</p>
<div id="c124" class="csc-default">
<p>&nbsp;</p>
<div class="csc-header csc-header-n1">
<h2>Dichiarazione sull&#8217;accessibilità</h2>
<p>L&#8217;Hotel Edelweiss si impegna a garantire che il sito web <a href="https://www.edelwiss.at" target="_blank" rel="noopener">https://www.edelweiss.at</a> sia conforme alla Legge federale sull&#8217;accesso senza barriere ai siti web e alle applicazioni mobili del governo federale<a data-glossary-id="129" title="Web Accessibility Act - Cerca il termine nel glossario" href="https://www.digitalbarrierefrei.at/de/glossar/web-zugaenglichkeits-gesetz" class="glossar-hover" glc="1" target="_blank" rel="noopener">(Legge sull&#8217;accessibilità del web</a> - <a data-glossary-id="129" title="WZG - Cerca un termine nel glossario" href="https://www.digitalbarrierefrei.at/de/glossar/web-zugaenglichkeits-gesetz" class="glossar-hover" glc="1" target="_blank" rel="noopener">WZG</a>) BGBl. I. N. 59/2019 e successive modifiche, accessibilità senza barriere.</p>
<p>Questa dichiarazione di accessibilità si applica al sito web <a href="https://www.edelweiss.at/it/">https://www.edelweiss.at.</a></p>
<h3>Stato di compatibilità con i requisiti</h3>
<p><span style="font-size: 17px;">Il sito web <a href="https://www.edelweiss.at/it/">https://www.edelweiss.at</a> è sostanzialmente conforme al livello di conformità AA delle &#8220;Linee guida per l&#8217;accessibilità dei contenuti web - WCAG&#8221;.</span><span style="font-size: 17px;"> </span><a data-glossary-id="128" title="WCAG - Cerca un termine nel glossario" href="https://www.digitalbarrierefrei.at/de/glossar/web-content-accessibility-guidelines" class="glossar-hover" glc="1" style="font-size: 17px;" target="_blank" rel="noopener">WCAG</a><span style="font-size: 17px;"> </span><span style="font-size: 17px;">2.1&#8243; o alla norma europea applicabile EN 301 549 V3.2.1 (2021-03) in conformità alla Direttiva (UE) 2016/2102 del Parlamento europeo e del Consiglio.</span></p>
<h3>Preparazione della dichiarazione sull&#8217;accessibilità</h3>
<p>Questa dichiarazione è stata creata il 04.12.2025.</p>
<p><span style="font-size: 17px;">La dichiarazione è stata redatta sulla base di una valutazione effettuata da Silberleithen GmbH.</span><span style="font-size: 17px;"> sulla base di una valutazione effettuata da Silberleithen GmbH.</span></p>
<p><span style="font-size: 17px;">L&#8217;ultima revisione di questa dichiarazione risale al 04/12/2025.</span></p>
<h3>Feedback e contatti</h3>
<p>Se noti delle barriere che ti impediscono di utilizzare il nostro sito web - problemi che non sono descritti in questa dichiarazione, carenze in termini di conformità ai requisiti di accessibilità - ti preghiamo di comunicarcelo via e-mail.<br /><span style="font-size: 17px;">Invia tutti i messaggi e i suggerimenti a </span><a href="mailto:info@edelweiss.at" style="font-size: 17px;">info@edelweiss.at</a><span style="font-size: 17px;">.</span></p>
<p>Descrivi il problema e fornisci l&#8217;URL del sito web o del documento interessato.</p>
<p>Verificheremo la tua richiesta e ti contatteremo al più presto.</p>
<h3>Procedimenti esecutivi</h3>
<p>In caso di risposte insoddisfacenti da parte delle opzioni di contatto sopra indicate, puoi contattare l&#8217;ufficio reclami dell&#8217;Istituto.<span> </span><a data-glossary-id="120" title="Agenzia austriaca per la promozione della ricerca - Cerca il termine nel glossario" href="https://www.digitalbarrierefrei.at/de/glossar/oesterreichische-forschungsfoerderungsgesellschaft-mbh-2" class="glossar-hover" glc="1" target="_blank" rel="noopener">Agenzia austriaca per la promozione della ricerca</a><span> </span>a responsabilità limitata<a data-glossary-id="120" title="FFG - Cerca il termine nel glossario" href="https://www.digitalbarrierefrei.at/de/glossar/oesterreichische-forschungsfoerderungsgesellschaft-mbh-2" class="glossar-hover" glc="1" target="_blank" rel="noopener">(FFG</a>). Il<span> </span><a data-glossary-id="120" title="FFG - Cerca il termine nel glossario" href="https://www.digitalbarrierefrei.at/de/glossar/oesterreichische-forschungsfoerderungsgesellschaft-mbh-2" class="glossar-hover" glc="1" target="_blank" rel="noopener">FFG</a><span> </span>assume il controllo del<span> </span><a href="https://www.digitalbarrierefrei.at/de/beschwerdestelle/kontaktformular-beschwerdestelle" target="_blank" rel="noopener">Modulo di contatto dell&#8217;ufficio reclami</a><span> </span>reclami per via elettronica.</p>
<p>I reclami vengono esaminati da<span> </span><a data-glossary-id="120" title="FFG - Cerca il termine nel glossario" href="https://www.digitalbarrierefrei.at/de/glossar/oesterreichische-forschungsfoerderungsgesellschaft-mbh-2" class="glossar-hover" glc="1" target="_blank" rel="noopener">FFG</a><span> </span>per determinare se si riferiscono a violazioni delle disposizioni della Legge sull&#8217;accessibilità del web, in particolare a carenze nel rispetto dei requisiti di accessibilità, da parte del governo federale o di un&#8217;organizzazione ad esso riconducibile.</p>
<p>Se il reclamo è giustificato, il<span> </span><a data-glossary-id="120" title="FFG - Cerca il termine nel glossario" href="https://www.digitalbarrierefrei.at/de/glossar/oesterreichische-forschungsfoerderungsgesellschaft-mbh-2" class="glossar-hover" glc="1" target="_blank" rel="noopener">FFG</a><span> </span>deve emettere raccomandazioni per l&#8217;azione al governo federale o alle entità legali interessate e proporre misure per rimediare alle carenze esistenti.</p>
<p><a href="https://www.digitalbarrierefrei.at/de/beschwerde-einreichen/informationen-zum-beschwerdeprozess" target="_blank" rel="noopener">Ulteriori informazioni sulla procedura di reclamo</a></p>
</div>
</div>
<p>[/et_pb_text][/et_pb_column][/et_pb_row][/et_pb_section][et_pb_section fb_built=&#8221;1&#8243; _builder_version=&#8221;4.27.4&#8243; _module_preset=&#8221;default&#8221; global_colors_info=&#8221;{}&#8221;][et_pb_row column_structure=&#8221;1_5,1_5,1_5,1_5,1_5&#8243; _builder_version=&#8221;4.27.4&#8243; _module_preset=&#8221;dc5c2f5f-8414-453d-b24b-2e466a5de151&#8243; min_height=&#8221;25vh&#8221; global_colors_info=&#8221;{}&#8221;][et_pb_column type=&#8221;1_5&#8243; _builder_version=&#8221;4.27.4&#8243; _module_preset=&#8221;default&#8221; background_image=&#8221;https://www.edelweiss.at/wp-content/uploads/2025/10/Ausblick-mit-Suedbalkon.jpg&#8221; global_colors_info=&#8221;{}&#8221;][et_pb_code admin_label=&#8221;Segnaposto&#8221; _builder_version=&#8221;4.27.4&#8243; _module_preset=&#8221;236727f5-1545-4c4f-8fb2-6b2a93023e65&#8243; global_colors_info=&#8221;{}&#8221;]<!-- placeholder -->[/et_pb_code][/et_pb_column][et_pb_column type=&#8221;1_5&#8243; _builder_version=&#8221;4.27.4&#8243; _module_preset=&#8221;default&#8221; background_image=&#8221;https://www.edelweiss.at/wp-content/uploads/2025/09/Blockhaussauna1.jpg&#8221; global_colors_info=&#8221;{}&#8221;][et_pb_code admin_label=&#8221;Segnaposto&#8221; _builder_version=&#8221;4.27.4&#8243; _module_preset=&#8221;236727f5-1545-4c4f-8fb2-6b2a93023e65&#8243; global_colors_info=&#8221;{}&#8221;]<!-- placeholder -->[/et_pb_code][/et_pb_column][et_pb_column type=&#8221;1_5&#8243; _builder_version=&#8221;4.27.4&#8243; _module_preset=&#8221;default&#8221; background_image=&#8221;https://www.edelweiss.at/wp-content/uploads/2025/09/Silvester2024.jpg&#8221; global_colors_info=&#8221;{}&#8221;][et_pb_code admin_label=&#8221;Segnaposto&#8221; _builder_version=&#8221;4.27.4&#8243; _module_preset=&#8221;236727f5-1545-4c4f-8fb2-6b2a93023e65&#8243; global_colors_info=&#8221;{}&#8221;]<!-- placeholder -->[/et_pb_code][/et_pb_column][et_pb_column type=&#8221;1_5&#8243; _builder_version=&#8221;4.27.4&#8243; _module_preset=&#8221;default&#8221; background_image=&#8221;https://www.edelweiss.at/wp-content/uploads/2025/09/RezeDA.jpg&#8221; global_colors_info=&#8221;{}&#8221;][et_pb_code admin_label=&#8221;Segnaposto&#8221; _builder_version=&#8221;4.27.4&#8243; _module_preset=&#8221;236727f5-1545-4c4f-8fb2-6b2a93023e65&#8243; global_colors_info=&#8221;{}&#8221;]<!-- placeholder -->[/et_pb_code][/et_pb_column][et_pb_column type=&#8221;1_5&#8243; _builder_version=&#8221;4.27.4&#8243; _module_preset=&#8221;default&#8221; background_image=&#8221;https://www.edelweiss.at/wp-content/uploads/2025/11/FH8A6335-e1762271559792.jpg&#8221; global_colors_info=&#8221;{}&#8221;][et_pb_code admin_label=&#8221;Segnaposto&#8221; _builder_version=&#8221;4.27.4&#8243; _module_preset=&#8221;236727f5-1545-4c4f-8fb2-6b2a93023e65&#8243; global_colors_info=&#8221;{}&#8221;]<!-- placeholder -->[/et_pb_code][/et_pb_column][/et_pb_row][/et_pb_section]</p>

<p>&nbsp; Dichiarazione sull&#8217;accessibilità L&#8217;Hotel Edelweiss si impegna a garantire che il sito web https://www.edelweiss.at sia conforme alla Legge federale sull&#8217;accesso senza barriere ai siti web e alle applicazioni mobili del governo federale(Legge sull&#8217;accessibilità del web - WZG) BGBl. I. N. 59/2019 e successive modifiche, accessibilità senza barriere. Questa dichiarazione di accessibilità si applica al sito [&hellip;]</p>
