{"id":6744,"date":"2025-12-02T14:21:40","date_gmt":"2025-12-02T13:21:40","guid":{"rendered":"https:\/\/www.edelweiss.at\/info\/aankomst\/"},"modified":"2026-03-26T11:35:23","modified_gmt":"2026-03-26T10:35:23","slug":"aankomst","status":"publish","type":"page","link":"https:\/\/www.edelweiss.at\/nl\/info\/aankomst\/","title":{"rendered":"Aankomst &amp; Parkeren"},"content":{"rendered":"<p>[et_pb_section fb_built=&#8221;1&#8243; _builder_version=&#8221;4.27.4&#8243; _module_preset=&#8221;default&#8221; global_colors_info=&#8221;{}&#8221;][et_pb_row _builder_version=&#8221;4.27.4&#8243; _module_preset=&#8221;default&#8221; global_colors_info=&#8221;{}&#8221;][et_pb_column type=&#8221;4_4&#8243; _builder_version=&#8221;4.27.4&#8243; _module_preset=&#8221;default&#8221; global_colors_info=&#8221;{}&#8221;][et_pb_heading title=&#8221;Aankomst &amp; Parkeren&#8221; _builder_version=&#8221;4.27.4&#8243; _module_preset=&#8221;default&#8221; title_font=&#8221;Oswald||||||||&#8221; global_colors_info=&#8221;{}&#8221;][\/et_pb_heading][\/et_pb_column][\/et_pb_row][et_pb_row _builder_version=&#8221;4.27.4&#8243; _module_preset=&#8221;default&#8221; global_colors_info=&#8221;{}&#8221;][et_pb_column type=&#8221;4_4&#8243; _builder_version=&#8221;4.27.4&#8243; _module_preset=&#8221;default&#8221; global_colors_info=&#8221;{}&#8221;][et_pb_text _builder_version=&#8221;4.27.4&#8243; _module_preset=&#8221;default&#8221; global_colors_info=&#8221;{}&#8221;]<\/p>\n<p>Je vindt er gratis parkeerplaatsen, betaalde parkeerplaatsen in de garage en een e-laadstation.<\/p>\n<p>[\/et_pb_text][\/et_pb_column][\/et_pb_row][et_pb_row column_structure=&#8221;1_4,1_4,1_4,1_4&#8243; _builder_version=&#8221;4.27.4&#8243; _module_preset=&#8221;default&#8221; global_colors_info=&#8221;{}&#8221;][et_pb_column type=&#8221;1_4&#8243; _builder_version=&#8221;4.27.4&#8243; _module_preset=&#8221;default&#8221; global_colors_info=&#8221;{}&#8221;][et_pb_text _builder_version=&#8221;4.27.4&#8243; _module_preset=&#8221;default&#8221; global_colors_info=&#8221;{}&#8221;]<\/p>\n<div id=\"c124\" class=\"csc-default\">\n<div class=\"csc-header csc-header-n1\">\n<p class=\"csc-firstHeader\"><strong>Hotel Edelweiss<\/strong><br \/>Familie Gerber GmbH &amp; Co KG<br \/>Danielstrasse 7<br \/>6631 Lermoos<br \/>OOSTENRIJK<\/p>\n<\/div>\n<\/div>\n<p id=\"c125\" class=\"csc-default\">[\/et_pb_text][\/et_pb_column][et_pb_column type=&#8221;1_4&#8243; _builder_version=&#8221;4.27.4&#8243; _module_preset=&#8221;default&#8221; global_colors_info=&#8221;{}&#8221;][et_pb_text _builder_version=&#8221;4.27.4&#8243; _module_preset=&#8221;default&#8221; global_colors_info=&#8221;{}&#8221;]<\/p>\n<div class=\"csc-header csc-header-n1\">\n<p class=\"csc-firstHeader\"><strong>Auto<\/strong><br \/>M\u00fcnchen 105 km<br \/>Innsbruck 75 km<br \/>Stuttgart 250 km<br \/>Z\u00fcrich 260 km<br \/>Bolzano 180 km<\/p>\n<\/p>\n<\/div>\n<p>[\/et_pb_text][\/et_pb_column][et_pb_column type=&#8221;1_4&#8243; _builder_version=&#8221;4.27.4&#8243; _module_preset=&#8221;default&#8221; global_colors_info=&#8221;{}&#8221;][et_pb_text _builder_version=&#8221;4.27.4&#8243; _module_preset=&#8221;default&#8221; global_colors_info=&#8221;{}&#8221;]<\/p>\n<div class=\"csc-header csc-header-n1\">\n<p class=\"csc-firstHeader\"><strong>Vliegtuig<\/strong><br \/>Luchthaven M\u00fcnchen<br \/>Luchthaven Innsbruck<br \/>Memmingen Luchthaven<\/p>\n<\/div>\n<p>[\/et_pb_text][\/et_pb_column][et_pb_column type=&#8221;1_4&#8243; _builder_version=&#8221;4.27.4&#8243; _module_preset=&#8221;default&#8221; global_colors_info=&#8221;{}&#8221;][et_pb_text _builder_version=&#8221;4.27.4&#8243; _module_preset=&#8221;default&#8221; global_colors_info=&#8221;{}&#8221;]<\/p>\n<p><strong>Spoorweg via Garmisch-Partenkirchen<\/strong><br \/>Treinstation in Lermoos 200m<\/p>\n<p>[\/et_pb_text][\/et_pb_column][\/et_pb_row][et_pb_row column_structure=&#8221;3_4,1_4&#8243; _builder_version=&#8221;4.27.4&#8243; _module_preset=&#8221;default&#8221; global_colors_info=&#8221;{}&#8221;][et_pb_column type=&#8221;3_4&#8243; _builder_version=&#8221;4.27.4&#8243; _module_preset=&#8221;default&#8221; global_colors_info=&#8221;{}&#8221;][et_pb_code _builder_version=&#8221;4.27.4&#8243; _module_preset=&#8221;default&#8221; global_colors_info=&#8221;{}&#8221;]<\/p>\n<style>.google-maps {<!-- [et_pb_line_break_holder] -->    position: relative;<!-- [et_pb_line_break_holder] -->    padding-bottom: 75%;<!-- [et_pb_line_break_holder] -->    overflow: hidden;<!-- [et_pb_line_break_holder] -->}<\/style>\n<div class=\"google-maps\"><iframe src=\"https:\/\/www.google.com\/maps\/embed?pb=!1m18!1m12!1m3!1d2700.4273522061094!2d10.88198798788706!3d47.403605002459486!2m3!1f0!2f0!3f0!3m2!1i1024!2i768!4f13.1!3m3!1m2!1s0x479ce332a93a6c2b%3A0xd3963fbb9953b0c7!2sHotel+Edelweiss!5e0!3m2!1sde!2sat!4v1444753703728\" width=\"600\" height=\"450\" frameborder=\"0\" style=\"border:0\"><\/iframe><\/div>\n<p>[\/et_pb_code][\/et_pb_column][et_pb_column type=&#8221;1_4&#8243; _builder_version=&#8221;4.27.4&#8243; _module_preset=&#8221;default&#8221; global_colors_info=&#8221;{}&#8221;][et_pb_text _builder_version=&#8221;4.27.4&#8243; _module_preset=&#8221;default&#8221; global_colors_info=&#8221;{}&#8221;]<\/p>\n<p><strong>Uw transfer naar ons hotel<\/strong><br \/><a href=\"http:\/\/www.shuttle-and-more.at\" target=\"_blank\" rel=\"noopener\">www.shuttle-and-more.at<\/a><\/p>\n<p><strong>Geen vignetplicht als je vanuit het noorden reist<\/strong><br \/>De reis via Ulm - Pfronten en M\u00fcnchen - Garmisch-Partenkirchen is tol- en vignetvrij!<\/p>\n<p><strong>Andere nuttige links:<\/strong><br \/>Dienstregeling \u00d6BB - <a href=\"http:\/\/www.oebb.at\/\" target=\"_blank\" rel=\"noopener\">http:\/\/www.oebb.at\/<\/a><br \/>DB treindienstregeling - <a href=\"http:\/\/www.bahn.de\/\" target=\"_blank\" rel=\"noopener\">http:\/\/www.bahn.de\/<\/a><br \/>Innsbruck Luchthaven - <a href=\"http:\/\/www.flughafen-innsbruck.at\/\" target=\"_blank\" rel=\"noopener\">http:\/\/www.flughafen-innsbruck.at\/<\/a><br \/>Luchthaven M\u00fcnchen - <a href=\"http:\/\/www.munich-airport.de\/\" target=\"_blank\" rel=\"noopener\">http:\/\/www.munich-airport.de\/<\/a><\/p>\n<p>[\/et_pb_text][\/et_pb_column][\/et_pb_row][\/et_pb_section]<\/p>\n","protected":false},"excerpt":{"rendered":"<p>Je vindt er gratis parkeerplaatsen, betaalde parkeerplaatsen in de garage en een e-laadstation. Hotel EdelweissFamilie Gerber GmbH &amp; Co KGDanielstrasse 76631 LermoosOOSTENRIJK AutoM\u00fcnchen 105 kmInnsbruck 75 kmStuttgart 250 kmZ\u00fcrich 260 kmBolzano 180 km VliegtuigLuchthaven M\u00fcnchenLuchthaven InnsbruckMemmingen Luchthaven Spoorweg via Garmisch-PartenkirchenTreinstation in Lermoos 200mUw transfer naar ons hotelwww.shuttle-and-more.at Geen vignetplicht als je vanuit het noorden reistDe [&hellip;]<\/p>\n","protected":false},"author":2,"featured_media":0,"parent":4826,"menu_order":38,"comment_status":"closed","ping_status":"closed","template":"","meta":{"_et_pb_use_builder":"on","_et_pb_old_content":"","_et_gb_content_width":"","footnotes":""},"class_list":["post-6744","page","type-page","status-publish","hentry"],"_links":{"self":[{"href":"https:\/\/www.edelweiss.at\/nl\/wp-json\/wp\/v2\/pages\/6744","targetHints":{"allow":["GET"]}}],"collection":[{"href":"https:\/\/www.edelweiss.at\/nl\/wp-json\/wp\/v2\/pages"}],"about":[{"href":"https:\/\/www.edelweiss.at\/nl\/wp-json\/wp\/v2\/types\/page"}],"author":[{"embeddable":true,"href":"https:\/\/www.edelweiss.at\/nl\/wp-json\/wp\/v2\/users\/2"}],"replies":[{"embeddable":true,"href":"https:\/\/www.edelweiss.at\/nl\/wp-json\/wp\/v2\/comments?post=6744"}],"version-history":[{"count":12,"href":"https:\/\/www.edelweiss.at\/nl\/wp-json\/wp\/v2\/pages\/6744\/revisions"}],"predecessor-version":[{"id":9385,"href":"https:\/\/www.edelweiss.at\/nl\/wp-json\/wp\/v2\/pages\/6744\/revisions\/9385"}],"up":[{"embeddable":true,"href":"https:\/\/www.edelweiss.at\/nl\/wp-json\/wp\/v2\/pages\/4826"}],"wp:attachment":[{"href":"https:\/\/www.edelweiss.at\/nl\/wp-json\/wp\/v2\/media?parent=6744"}],"curies":[{"name":"wp","href":"https:\/\/api.w.org\/{rel}","templated":true}]}}

<p>[et_pb_section fb_built=&#8221;1&#8243; _builder_version=&#8221;4.27.4&#8243; _module_preset=&#8221;default&#8221; global_colors_info=&#8221;{}&#8221;][et_pb_row _builder_version=&#8221;4.27.4&#8243; _module_preset=&#8221;default&#8221; global_colors_info=&#8221;{}&#8221;][et_pb_column type=&#8221;4_4&#8243; _builder_version=&#8221;4.27.4&#8243; _module_preset=&#8221;default&#8221; global_colors_info=&#8221;{}&#8221;][et_pb_heading title=&#8221;Aankomst &amp; Parkeren&#8221; _builder_version=&#8221;4.27.4&#8243; _module_preset=&#8221;default&#8221; title_font=&#8221;Oswald||||||||&#8221; global_colors_info=&#8221;{}&#8221;][/et_pb_heading][/et_pb_column][/et_pb_row][et_pb_row _builder_version=&#8221;4.27.4&#8243; _module_preset=&#8221;default&#8221; global_colors_info=&#8221;{}&#8221;][et_pb_column type=&#8221;4_4&#8243; _builder_version=&#8221;4.27.4&#8243; _module_preset=&#8221;default&#8221; global_colors_info=&#8221;{}&#8221;][et_pb_text _builder_version=&#8221;4.27.4&#8243; _module_preset=&#8221;default&#8221; global_colors_info=&#8221;{}&#8221;]</p>
<p>Je vindt er gratis parkeerplaatsen, betaalde parkeerplaatsen in de garage en een e-laadstation.</p>
<p>[/et_pb_text][/et_pb_column][/et_pb_row][et_pb_row column_structure=&#8221;1_4,1_4,1_4,1_4&#8243; _builder_version=&#8221;4.27.4&#8243; _module_preset=&#8221;default&#8221; global_colors_info=&#8221;{}&#8221;][et_pb_column type=&#8221;1_4&#8243; _builder_version=&#8221;4.27.4&#8243; _module_preset=&#8221;default&#8221; global_colors_info=&#8221;{}&#8221;][et_pb_text _builder_version=&#8221;4.27.4&#8243; _module_preset=&#8221;default&#8221; global_colors_info=&#8221;{}&#8221;]</p>
<div id="c124" class="csc-default">
<div class="csc-header csc-header-n1">
<p class="csc-firstHeader"><strong>Hotel Edelweiss</strong><br />Familie Gerber GmbH &amp; Co KG<br />Danielstrasse 7<br />6631 Lermoos<br />OOSTENRIJK</p>
</div>
</div>
<p id="c125" class="csc-default">[/et_pb_text][/et_pb_column][et_pb_column type=&#8221;1_4&#8243; _builder_version=&#8221;4.27.4&#8243; _module_preset=&#8221;default&#8221; global_colors_info=&#8221;{}&#8221;][et_pb_text _builder_version=&#8221;4.27.4&#8243; _module_preset=&#8221;default&#8221; global_colors_info=&#8221;{}&#8221;]</p>
<div class="csc-header csc-header-n1">
<p class="csc-firstHeader"><strong>Auto</strong><br />München 105 km<br />Innsbruck 75 km<br />Stuttgart 250 km<br />Zürich 260 km<br />Bolzano 180 km</p>
</p>
</div>
<p>[/et_pb_text][/et_pb_column][et_pb_column type=&#8221;1_4&#8243; _builder_version=&#8221;4.27.4&#8243; _module_preset=&#8221;default&#8221; global_colors_info=&#8221;{}&#8221;][et_pb_text _builder_version=&#8221;4.27.4&#8243; _module_preset=&#8221;default&#8221; global_colors_info=&#8221;{}&#8221;]</p>
<div class="csc-header csc-header-n1">
<p class="csc-firstHeader"><strong>Vliegtuig</strong><br />Luchthaven München<br />Luchthaven Innsbruck<br />Memmingen Luchthaven</p>
</div>
<p>[/et_pb_text][/et_pb_column][et_pb_column type=&#8221;1_4&#8243; _builder_version=&#8221;4.27.4&#8243; _module_preset=&#8221;default&#8221; global_colors_info=&#8221;{}&#8221;][et_pb_text _builder_version=&#8221;4.27.4&#8243; _module_preset=&#8221;default&#8221; global_colors_info=&#8221;{}&#8221;]</p>
<p><strong>Spoorweg via Garmisch-Partenkirchen</strong><br />Treinstation in Lermoos 200m</p>
<p>[/et_pb_text][/et_pb_column][/et_pb_row][et_pb_row column_structure=&#8221;3_4,1_4&#8243; _builder_version=&#8221;4.27.4&#8243; _module_preset=&#8221;default&#8221; global_colors_info=&#8221;{}&#8221;][et_pb_column type=&#8221;3_4&#8243; _builder_version=&#8221;4.27.4&#8243; _module_preset=&#8221;default&#8221; global_colors_info=&#8221;{}&#8221;][et_pb_code _builder_version=&#8221;4.27.4&#8243; _module_preset=&#8221;default&#8221; global_colors_info=&#8221;{}&#8221;]</p>
<style>.google-maps {<!-- [et_pb_line_break_holder] -->    position: relative;<!-- [et_pb_line_break_holder] -->    padding-bottom: 75%;<!-- [et_pb_line_break_holder] -->    overflow: hidden;<!-- [et_pb_line_break_holder] -->}</style>
<div class="google-maps"><iframe src="https://www.google.com/maps/embed?pb=!1m18!1m12!1m3!1d2700.4273522061094!2d10.88198798788706!3d47.403605002459486!2m3!1f0!2f0!3f0!3m2!1i1024!2i768!4f13.1!3m3!1m2!1s0x479ce332a93a6c2b%3A0xd3963fbb9953b0c7!2sHotel+Edelweiss!5e0!3m2!1sde!2sat!4v1444753703728" width="600" height="450" frameborder="0" style="border:0"></iframe></div>
<p>[/et_pb_code][/et_pb_column][et_pb_column type=&#8221;1_4&#8243; _builder_version=&#8221;4.27.4&#8243; _module_preset=&#8221;default&#8221; global_colors_info=&#8221;{}&#8221;][et_pb_text _builder_version=&#8221;4.27.4&#8243; _module_preset=&#8221;default&#8221; global_colors_info=&#8221;{}&#8221;]</p>
<p><strong>Uw transfer naar ons hotel</strong><br /><a href="http://www.shuttle-and-more.at" target="_blank" rel="noopener">www.shuttle-and-more.at</a></p>
<p><strong>Geen vignetplicht als je vanuit het noorden reist</strong><br />De reis via Ulm - Pfronten en München - Garmisch-Partenkirchen is tol- en vignetvrij!</p>
<p><strong>Andere nuttige links:</strong><br />Dienstregeling ÖBB - <a href="http://www.oebb.at/" target="_blank" rel="noopener">http://www.oebb.at/</a><br />DB treindienstregeling - <a href="http://www.bahn.de/" target="_blank" rel="noopener">http://www.bahn.de/</a><br />Innsbruck Luchthaven - <a href="http://www.flughafen-innsbruck.at/" target="_blank" rel="noopener">http://www.flughafen-innsbruck.at/</a><br />Luchthaven München - <a href="http://www.munich-airport.de/" target="_blank" rel="noopener">http://www.munich-airport.de/</a></p>
<p>[/et_pb_text][/et_pb_column][/et_pb_row][/et_pb_section]</p>

<p>Je vindt er gratis parkeerplaatsen, betaalde parkeerplaatsen in de garage en een e-laadstation. Hotel EdelweissFamilie Gerber GmbH &amp; Co KGDanielstrasse 76631 LermoosOOSTENRIJK AutoMünchen 105 kmInnsbruck 75 kmStuttgart 250 kmZürich 260 kmBolzano 180 km VliegtuigLuchthaven MünchenLuchthaven InnsbruckMemmingen Luchthaven Spoorweg via Garmisch-PartenkirchenTreinstation in Lermoos 200mUw transfer naar ons hotelwww.shuttle-and-more.at Geen vignetplicht als je vanuit het noorden reistDe [&hellip;]</p>
